Results for 4.2.0 20060216 (experimental) testsuite on sparc-sun-solaris2.8
Eric Botcazou
eric@linux.site
Sat Feb 18 10:56:00 GMT 2006
LAST_UPDATED: Thu Feb 16 09:27:19 UTC 2006 (revision 111133M)
=== acats tests ===
=== acats Summary ===
# of expected passes 2316
# of unexpected failures 0
Native configuration is sparc-sun-solaris2.8
=== g++ tests ===
Running target unix
FAIL: g++.dg/init/ctor4.C (test for excess errors)
WARNING: g++.dg/other/ucnid-1.C compilation failed to produce executable
FAIL: g++.dg/parse/register1.C (test for excess errors)
FAIL: g++.old-deja/g++.brendan/warnings4.C (test for excess errors)
FAIL: g++.old-deja/g++.jason/overload34.C (test for excess errors)
FAIL: g++.old-deja/g++.mike/p11110.C (test for excess errors)
=== g++ Summary ===
# of expected passes 11880
# of unexpected failures 5
# of expected failures 68
# of unsupported tests 142
/opt/build/eric/gcc/gcc/testsuite/g++/../../g++ version 4.2.0 20060216 (experimental)
=== gcc tests ===
Running target unix
XPASS: gcc.dg/cpp/cmdlne-dI-M.c scan-file (^|\\\\n)cmdlne-dI-M.*:[^\\\\n]*cmdlne-dI-M.c
XPASS: gcc.dg/cpp/cmdlne-dM-M.c scan-file (^|\\\\n)cmdlne-dM-M[^\\\\n]*:[^\\\\n]*cmdlne-dM-M.c
FAIL: gcc.dg/single-precision-constant.c (test for excess errors)
WARNING: gcc.dg/single-precision-constant.c compilation failed to produce executable
WARNING: gcc.dg/ucnid-2.c compilation failed to produce executable
WARNING: gcc.dg/ucnid-3.c compilation failed to produce executable
WARNING: gcc.dg/ucnid-4.c compilation failed to produce executable
XPASS: gcc.dg/vect/pr20122.c scan-tree-dump-times vectorized 1 loops 2
XPASS: gcc.dg/vect/vect-105.c scan-tree-dump-times vectorized 1 loops 1
FAIL: gcc.dg/vect/vect-62.c execution test
FAIL: gcc.dg/vect/vect-64.c execution test
XPASS: gcc.dg/vect/vect-75.c scan-tree-dump-times vectorized 1 loops 1
FAIL: gcc.dg/vect/vect-85.c execution test
FAIL: gcc.dg/vect/vect-86.c execution test
FAIL: gcc.dg/vect/vect-87.c execution test
FAIL: gcc.dg/vect/vect-88.c execution test
=== gcc Summary ===
# of expected passes 37953
# of unexpected failures 7
# of unexpected successes 5
# of expected failures 121
# of untested testcases 28
# of unsupported tests 453
/opt/build/eric/gcc/gcc/xgcc version 4.2.0 20060216 (experimental)
=== gfortran tests ===
Running target unix
=== gfortran Summary ===
# of expected passes 11514
# of expected failures 8
# of unsupported tests 93
/opt/build/eric/gcc/gcc/testsuite/gfortran/../../gfortran version 4.2.0 20060216 (experimental)
=== obj-c++ tests ===
Running target unix
FAIL: obj-c++.dg/cxx-ivars-2.mm execution test
FAIL: obj-c++.dg/encode-3.mm (test for excess errors)
FAIL: obj-c++.dg/encode-8.mm execution test
FAIL: obj-c++.dg/isa-field-1.mm (test for excess errors)
FAIL: obj-c++.dg/lookup-2.mm (test for excess errors)
WARNING: obj-c++.dg/lookup-2.mm compilation failed to produce executable
FAIL: obj-c++.dg/try-catch-2.mm (test for excess errors)
WARNING: obj-c++.dg/try-catch-2.mm compilation failed to produce executable
FAIL: obj-c++.dg/try-catch-9.mm (test for excess errors)
WARNING: obj-c++.dg/try-catch-9.mm compilation failed to produce executable
=== obj-c++ Summary ===
# of expected passes 422
# of unexpected failures 7
# of unsupported tests 13
/opt/build/eric/gcc/gcc/testsuite/obj-c++/../../g++ version 4.2.0 20060216 (experimental)
=== objc tests ===
Running target unix
=== objc Summary ===
# of expected passes 1747
# of expected failures 7
# of unsupported tests 23
/opt/build/eric/gcc/gcc/xgcc version 4.2.0 20060216 (experimental)
=== libffi tests ===
Running target unix
=== libffi Summary ===
# of expected passes 228
# of unsupported tests 2
=== libgomp tests ===
Running target unix
=== libgomp Summary ===
# of expected passes 950
# of unsupported tests 61
=== libjava tests ===
Running target unix
FAIL: Array_3 execution - gij test
FAIL: Array_3 execution - gij test
FAIL: Class_1 execution - source compiled test
FAIL: Class_1 execution - bytecode->native test
FAIL: Class_1 -O3 execution - source compiled test
FAIL: Class_1 -O3 execution - bytecode->native test
FAIL: ExtraClassLoader output - source compiled test
FAIL: ExtraClassLoader output - gij test
FAIL: ExtraClassLoader output - bytecode->native test
FAIL: ExtraClassLoader -O3 output - source compiled test
FAIL: ExtraClassLoader output - gij test
FAIL: ExtraClassLoader -O3 output - bytecode->native test
FAIL: FileHandleGcTest execution - source compiled test
FAIL: FileHandleGcTest execution - gij test
FAIL: FileHandleGcTest execution - bytecode->native test
FAIL: FileHandleGcTest -O3 execution - source compiled test
FAIL: FileHandleGcTest execution - gij test
FAIL: FileHandleGcTest -O3 execution - bytecode->native test
FAIL: InvokeInterface execution - bytecode->native test
FAIL: InvokeInterface -O3 execution - bytecode->native test
FAIL: PR12416 execution - bytecode->native test
FAIL: PR12416 -O3 execution - bytecode->native test
FAIL: PR260 execution - bytecode->native test
FAIL: PR260 -O3 execution - bytecode->native test
FAIL: SyncTest execution - bytecode->native test
FAIL: SyncTest -O3 execution - bytecode->native test
FAIL: invokethrow execution - bytecode->native test
FAIL: invokethrow -O3 execution - bytecode->native test
FAIL: pr179 execution - bytecode->native test
FAIL: pr179 -O3 execution - bytecode->native test
FAIL: pr8415 execution - bytecode->native test
FAIL: pr8415 -O3 execution - bytecode->native test
FAIL: stringconst2 output - source compiled test
FAIL: stringconst2 output - bytecode->native test
FAIL: stringconst2 -O3 output - source compiled test
FAIL: stringconst2 -O3 output - bytecode->native test
FAIL: pr21115 run
=== libjava Summary ===
# of expected passes 3984
# of unexpected failures 37
# of expected failures 10
# of untested testcases 35
=== libstdc++ tests ===
Running target unix
=== libstdc++ Summary ===
# of expected passes 2734
# of expected failures 11
# of unsupported tests 151
Compiler version: 4.2.0 20060216 (experimental)
Platform: sparc-sun-solaris2.8
configure flags: --prefix=/opt/build/eric/local/gcc --with-gmp=/opt/build/eric/local --with-mpfr=/opt/build/eric/local --with-local-prefix=/opt/build/eric/local --enable-checking=assert,misc,runtime --disable-multilib --disable-bootstrap --enable-languages=c,ada,c++,fortran,java,objc,obj-c++
BOOT_CFLAGS=-g -O2
More information about the Gcc-testresults
mailing list