Results for 4.1.0 20060214 (prerelease) testsuite on hppa-unknown-linux-gnu
John David Anglin
dave@gsyprf11.external.hp.com
Tue Feb 14 18:45:00 GMT 2006
LAST_UPDATED: Tue Feb 14 01:28:24 UTC 2006 (revision 110951M)
=== acats tests ===
=== acats Summary ===
# of expected passes 2316
# of unexpected failures 0
Native configuration is hppa-unknown-linux-gnu
=== g++ tests ===
Running target unix
XPASS: g++.dg/tree-ssa/pr14814.C scan-tree-dump-times &this 0
XPASS: g++.old-deja/g++.other/init5.C execution test
=== g++ Summary ===
# of expected passes 11886
# of unexpected successes 2
# of expected failures 66
# of unsupported tests 115
/home/dave/gcc-4.1/objdir/gcc/testsuite/../g++ version 4.1.0 20060214 (prerelease)
=== gcc tests ===
Running target unix
WARNING: program timed out.
FAIL: gcc.c-torture/compile/20001226-1.c -O3 -fomit-frame-pointer (test for excess errors)
XPASS: gcc.dg/tree-ssa/loop-1.c scan-assembler-times foo 5
=== gcc Summary ===
# of expected passes 36915
# of unexpected failures 1
# of unexpected successes 1
# of expected failures 76
# of untested testcases 28
# of unsupported tests 337
/home/dave/gcc-4.1/objdir/gcc/xgcc version 4.1.0 20060214 (prerelease)
=== gfortran tests ===
Running target unix
FAIL: gfortran.dg/bad_automatic_objects_1.f90 -O (test for errors, line 13)
FAIL: gfortran.dg/bad_automatic_objects_1.f90 -O (test for errors, line 14)
FAIL: gfortran.dg/bad_automatic_objects_1.f90 -O (test for errors, line 18)
FAIL: gfortran.dg/bad_automatic_objects_1.f90 -O (test for errors, line 19)
FAIL: gfortran.dg/bad_automatic_objects_1.f90 -O (test for excess errors)
XPASS: gfortran.dg/csqrt_2.f -O0 execution test
XPASS: gfortran.dg/csqrt_2.f -O1 execution test
XPASS: gfortran.dg/csqrt_2.f -O2 execution test
XPASS: gfortran.dg/csqrt_2.f -O3 -fomit-frame-pointer execution test
XPASS: gfortran.dg/csqrt_2.f -O3 -fomit-frame-pointer -funroll-loops execution test
XPASS: gfortran.dg/csqrt_2.f -O3 -fomit-frame-pointer -funroll-all-loops -finline-functions execution test
XPASS: gfortran.dg/csqrt_2.f -O3 -g execution test
XPASS: gfortran.dg/csqrt_2.f -Os execution test
FAIL: gfortran.dg/f2c_2.f90 -O0 execution test
FAIL: gfortran.dg/f2c_2.f90 -O1 execution test
FAIL: gfortran.dg/f2c_2.f90 -O2 execution test
FAIL: gfortran.dg/f2c_2.f90 -O3 -fomit-frame-pointer execution test
FAIL: gfortran.dg/f2c_2.f90 -O3 -fomit-frame-pointer -funroll-loops execution test
FAIL: gfortran.dg/f2c_2.f90 -O3 -fomit-frame-pointer -funroll-all-loops -finline-functions execution test
FAIL: gfortran.dg/f2c_2.f90 -O3 -g execution test
FAIL: gfortran.dg/f2c_2.f90 -Os execution test
FAIL: gfortran.dg/internal_dummy_1.f90 -O (test for errors, line 7)
FAIL: gfortran.dg/module_parameter_array_refs_1.f90 -O (test for excess errors)
FAIL: gfortran.dg/pure_non_intrinsic_dummy_1.f90 -O (test for errors, line 16)
FAIL: gfortran.dg/typed_subroutine_1.f90 -O (test for errors, line 7)
FAIL: gfortran.dg/typed_subroutine_1.f90 -O (test for errors, line 8)
FAIL: gfortran.dg/uncommon_block_data_1.f90 -O (test for errors, line 8)
FAIL: gfortran.dg/g77/cabs.f -O0 execution test
FAIL: gfortran.dg/g77/cabs.f -O1 execution test
FAIL: gfortran.dg/g77/cabs.f -O2 execution test
FAIL: gfortran.dg/g77/cabs.f -O3 -fomit-frame-pointer execution test
FAIL: gfortran.dg/g77/cabs.f -O3 -fomit-frame-pointer -funroll-loops execution test
FAIL: gfortran.dg/g77/cabs.f -O3 -fomit-frame-pointer -funroll-all-loops -finline-functions execution test
FAIL: gfortran.dg/g77/cabs.f -O3 -g execution test
FAIL: gfortran.dg/g77/cabs.f -Os execution test
FAIL: gfortran.dg/g77/f90-intrinsic-mathematical.f -O0 execution test
FAIL: gfortran.dg/g77/f90-intrinsic-mathematical.f -O1 execution test
FAIL: gfortran.dg/g77/f90-intrinsic-mathematical.f -O2 execution test
FAIL: gfortran.dg/g77/f90-intrinsic-mathematical.f -O3 -fomit-frame-pointer execution test
FAIL: gfortran.dg/g77/f90-intrinsic-mathematical.f -O3 -fomit-frame-pointer -funroll-loops execution test
FAIL: gfortran.dg/g77/f90-intrinsic-mathematical.f -O3 -fomit-frame-pointer -funroll-all-loops -finline-functions execution test
FAIL: gfortran.dg/g77/f90-intrinsic-mathematical.f -O3 -g execution test
FAIL: gfortran.dg/g77/f90-intrinsic-mathematical.f -Os execution test
FAIL: gfortran.dg/g77/f90-intrinsic-numeric.f -O3 -fomit-frame-pointer -funroll-loops execution test
FAIL: gfortran.dg/g77/f90-intrinsic-numeric.f -O3 -fomit-frame-pointer -funroll-all-loops -finline-functions execution test
FAIL: gfortran.fortran-torture/execute/csqrt_1.f90 execution, -O3 -fomit-frame-pointer -funroll-loops
FAIL: gfortran.fortran-torture/execute/csqrt_1.f90 execution, -O3 -fomit-frame-pointer -funroll-all-loops -finline-functions
FAIL: gfortran.fortran-torture/execute/intrinsic_abs.f90 execution, -O0
FAIL: gfortran.fortran-torture/execute/intrinsic_abs.f90 execution, -O1
FAIL: gfortran.fortran-torture/execute/intrinsic_abs.f90 execution, -O2
FAIL: gfortran.fortran-torture/execute/intrinsic_abs.f90 execution, -O3 -fomit-frame-pointer
FAIL: gfortran.fortran-torture/execute/intrinsic_abs.f90 execution, -O3 -fomit-frame-pointer -funroll-loops
FAIL: gfortran.fortran-torture/execute/intrinsic_abs.f90 execution, -O3 -fomit-frame-pointer -funroll-all-loops -finline-functions
FAIL: gfortran.fortran-torture/execute/intrinsic_abs.f90 execution, -O3 -g
FAIL: gfortran.fortran-torture/execute/intrinsic_abs.f90 execution, -Os
FAIL: gfortran.fortran-torture/execute/intrinsic_dotprod.f90 execution, -O0
FAIL: gfortran.fortran-torture/execute/intrinsic_dotprod.f90 execution, -O1
FAIL: gfortran.fortran-torture/execute/intrinsic_dotprod.f90 execution, -O2
FAIL: gfortran.fortran-torture/execute/intrinsic_dotprod.f90 execution, -O3 -fomit-frame-pointer
FAIL: gfortran.fortran-torture/execute/intrinsic_dotprod.f90 execution, -O3 -fomit-frame-pointer -funroll-loops
FAIL: gfortran.fortran-torture/execute/intrinsic_dotprod.f90 execution, -O3 -fomit-frame-pointer -funroll-all-loops -finline-functions
FAIL: gfortran.fortran-torture/execute/intrinsic_dotprod.f90 execution, -O3 -g
FAIL: gfortran.fortran-torture/execute/intrinsic_dotprod.f90 execution, -Os
FAIL: gfortran.fortran-torture/execute/math.f90 execution, -O0
FAIL: gfortran.fortran-torture/execute/math.f90 execution, -O1
FAIL: gfortran.fortran-torture/execute/math.f90 execution, -O2
FAIL: gfortran.fortran-torture/execute/math.f90 execution, -O3 -fomit-frame-pointer
FAIL: gfortran.fortran-torture/execute/math.f90 execution, -O3 -fomit-frame-pointer -funroll-loops
FAIL: gfortran.fortran-torture/execute/math.f90 execution, -O3 -fomit-frame-pointer -funroll-all-loops -finline-functions
FAIL: gfortran.fortran-torture/execute/math.f90 execution, -O3 -g
FAIL: gfortran.fortran-torture/execute/math.f90 execution, -Os
FAIL: gfortran.fortran-torture/execute/power.f90 execution, -O0
FAIL: gfortran.fortran-torture/execute/power.f90 execution, -O1
FAIL: gfortran.fortran-torture/execute/power.f90 execution, -O2
FAIL: gfortran.fortran-torture/execute/power.f90 execution, -O3 -fomit-frame-pointer
FAIL: gfortran.fortran-torture/execute/power.f90 execution, -O3 -fomit-frame-pointer -funroll-loops
FAIL: gfortran.fortran-torture/execute/power.f90 execution, -O3 -fomit-frame-pointer -funroll-all-loops -finline-functions
FAIL: gfortran.fortran-torture/execute/power.f90 execution, -O3 -g
FAIL: gfortran.fortran-torture/execute/power.f90 execution, -Os
=== gfortran Summary ===
# of expected passes 11405
# of unexpected failures 71
# of unexpected successes 8
# of expected failures 4
# of unsupported tests 66
/home/dave/gcc-4.1/objdir/gcc/testsuite/../gfortran version 4.1.0 20060214 (prerelease)
=== obj-c++ tests ===
Running target unix
FAIL: obj-c++.dg/cxx-ivars-2.mm execution test
FAIL: obj-c++.dg/encode-8.mm execution test
FAIL: obj-c++.dg/isa-field-1.mm (test for excess errors)
FAIL: obj-c++.dg/lookup-2.mm (test for excess errors)
WARNING: obj-c++.dg/lookup-2.mm compilation failed to produce executable
FAIL: obj-c++.dg/try-catch-2.mm (test for excess errors)
WARNING: obj-c++.dg/try-catch-2.mm compilation failed to produce executable
FAIL: obj-c++.dg/try-catch-9.mm (test for excess errors)
WARNING: obj-c++.dg/try-catch-9.mm compilation failed to produce executable
=== obj-c++ Summary ===
# of expected passes 423
# of unexpected failures 6
# of unsupported tests 13
/home/dave/gcc-4.1/objdir/gcc/testsuite/../g++ version 4.1.0 20060214 (prerelease)
=== objc tests ===
Running target unix
=== objc Summary ===
# of expected passes 1684
# of unsupported tests 22
/home/dave/gcc-4.1/objdir/gcc/xgcc version 4.1.0 20060214 (prerelease)
=== libffi tests ===
Running target unix
=== libffi Summary ===
# of expected passes 228
# of unsupported tests 2
=== libjava tests ===
Running target unix
WARNING: program timed out.
FAIL: Process_3 -O3 execution - bytecode->native test
=== libjava Summary ===
# of expected passes 4009
# of unexpected failures 1
# of expected failures 10
# of untested testcases 9
=== libmudflap tests ===
Running target unix
WARNING: program timed out.
FAIL: libmudflap.cth/pass40-frag.c execution test
FAIL: libmudflap.cth/pass40-frag.c output pattern test
WARNING: program timed out.
FAIL: libmudflap.cth/pass40-frag.c (-static -DSTATIC) execution test
FAIL: libmudflap.cth/pass40-frag.c (-static -DSTATIC) output pattern test
WARNING: program timed out.
FAIL: libmudflap.cth/pass40-frag.c (-O2) execution test
FAIL: libmudflap.cth/pass40-frag.c (-O2) output pattern test
WARNING: program timed out.
FAIL: libmudflap.cth/pass40-frag.c (-O3) execution test
FAIL: libmudflap.cth/pass40-frag.c (-O3) output pattern test
=== libmudflap Summary ===
# of expected passes 1781
# of unexpected failures 8
=== libstdc++ tests ===
Running target unix
FAIL: 22_locale/money_get/get/char/5.cc execution test
FAIL: 22_locale/money_get/get/wchar_t/5.cc execution test
FAIL: 22_locale/num_get/get/char/10.cc execution test
FAIL: 22_locale/num_get/get/char/4.cc execution test
FAIL: 22_locale/num_get/get/wchar_t/10.cc execution test
FAIL: 22_locale/num_get/get/wchar_t/4.cc execution test
XPASS: 26_numerics/cmath/c99_classification_macros_c.cc (test for excess errors)
FAIL: 26_numerics/complex/complex_inserters_extractors.cc execution test
FAIL: 27_io/basic_istream/extractors_arithmetic/char/01.cc execution test
FAIL: 27_io/basic_istream/extractors_arithmetic/wchar_t/01.cc execution test
=== libstdc++ Summary ===
# of expected passes 3390
# of unexpected failures 9
# of unexpected successes 1
# of expected failures 12
# of unsupported tests 315
Compiler version: 4.1.0 20060214 (prerelease)
Platform: hppa-unknown-linux-gnu
configure flags: --with-gnu-as --with-gnu-ld --enable-shared --enable-nls --prefix=/home/dave/opt/gnu/gcc/gcc-4.1.0 --with-local-prefix=/home/dave/opt/gnu --enable-threads=posix --enable-__cxa_atexit --host=hppa-linux --enable-clocale=gnu --enable-java-gc=boehm --enable-java-awt=xlib --enable-languages=c,ada,c++,fortran,java,objc,obj-c++
More information about the Gcc-testresults
mailing list