Results for 4.1.0 20060204 (prerelease) testsuite on ia64-hp-hpux11.23
CodeSourcery Automatic Testing System
gcc@codesourcery.com
Sun Feb 5 00:10:00 GMT 2006
LAST_UPDATED: Sat Feb 4 08:13:09 UTC 2006 (revision 110584)
Native configuration is ia64-hp-hpux11.23
=== g++ tests ===
Running target unix/-milp32
XPASS: g++.dg/other/packed1.C execution test
XPASS: g++.dg/tree-ssa/pr14814.C scan-tree-dump-times &this 0
FAIL: g++.dg/warn/weak1.C (test for excess errors)
WARNING: g++.dg/warn/weak1.C compilation failed to produce executable
FAIL: g++.dg/tls/static-1.C execution test
=== g++ Summary for unix/-milp32 ===
# of expected passes 11408
# of unexpected failures 2
# of unexpected successes 2
# of expected failures 72
# of unsupported tests 113
Running target unix/-mlp64
XPASS: g++.dg/other/packed1.C execution test
XPASS: g++.dg/tree-ssa/pr14814.C scan-tree-dump-times &this 0
FAIL: g++.dg/warn/weak1.C (test for excess errors)
WARNING: g++.dg/warn/weak1.C compilation failed to produce executable
FAIL: g++.dg/tls/static-1.C execution test
=== g++ Summary for unix/-mlp64 ===
# of expected passes 11376
# of unexpected failures 2
# of unexpected successes 2
# of expected failures 72
# of unsupported tests 115
=== g++ Summary ===
# of expected passes 22784
# of unexpected failures 4
# of unexpected successes 4
# of expected failures 144
# of unsupported tests 228
/scratch/gcc/nightly-2006-02-04-4.1/ia64-hp-hpux11.23/build_gcc/install/bin/c++ version 4.1.0 20060204 (prerelease)
=== gcc tests ===
Running target unix/-milp32
FAIL: gcc.dg/attr-weakref-1.c (test for excess errors)
WARNING: gcc.dg/attr-weakref-1.c compilation failed to produce executable
FAIL: gcc.dg/builtin-apply4.c execution test
FAIL: gcc.dg/tls/pr24428-2.c execution test
FAIL: gcc.dg/tls/pr24428.c execution test
XPASS: gcc.dg/vect/pr16105.c scan-tree-dump-times vectorized 1 loops 1
XPASS: gcc.dg/vect/pr20122.c scan-tree-dump-times vectorized 1 loops 2
XPASS: gcc.dg/vect/vect-105.c scan-tree-dump-times vectorized 1 loops 1
XPASS: gcc.dg/vect/vect-30.c scan-tree-dump-times vectorized 1 loops 2
XPASS: gcc.dg/vect/vect-42.c scan-tree-dump-times vectorized 1 loops 1
XPASS: gcc.dg/vect/vect-43.c scan-tree-dump-times vectorized 1 loops 1
XPASS: gcc.dg/vect/vect-74.c scan-tree-dump-times vectorized 1 loops 1
XPASS: gcc.dg/vect/vect-75.c scan-tree-dump-times vectorized 1 loops 1
XPASS: gcc.dg/vect/vect-8.c scan-tree-dump-times vectorized 1 loops 1
=== gcc Summary for unix/-milp32 ===
# of expected passes 36907
# of unexpected failures 4
# of unexpected successes 9
# of expected failures 133
# of untested testcases 28
# of unsupported tests 339
Running target unix/-mlp64
FAIL: gcc.dg/attr-weakref-1.c (test for excess errors)
WARNING: gcc.dg/attr-weakref-1.c compilation failed to produce executable
FAIL: gcc.dg/builtin-apply4.c execution test
XPASS: gcc.dg/vect/pr16105.c scan-tree-dump-times vectorized 1 loops 1
XPASS: gcc.dg/vect/pr20122.c scan-tree-dump-times vectorized 1 loops 2
XPASS: gcc.dg/vect/vect-105.c scan-tree-dump-times vectorized 1 loops 1
XPASS: gcc.dg/vect/vect-30.c scan-tree-dump-times vectorized 1 loops 2
XPASS: gcc.dg/vect/vect-42.c scan-tree-dump-times vectorized 1 loops 1
XPASS: gcc.dg/vect/vect-43.c scan-tree-dump-times vectorized 1 loops 1
XPASS: gcc.dg/vect/vect-74.c scan-tree-dump-times vectorized 1 loops 1
XPASS: gcc.dg/vect/vect-75.c scan-tree-dump-times vectorized 1 loops 1
XPASS: gcc.dg/vect/vect-8.c scan-tree-dump-times vectorized 1 loops 1
=== gcc Summary for unix/-mlp64 ===
# of expected passes 36909
# of unexpected failures 2
# of unexpected successes 9
# of expected failures 133
# of untested testcases 28
# of unsupported tests 340
=== gcc Summary ===
# of expected passes 73816
# of unexpected failures 6
# of unexpected successes 18
# of expected failures 266
# of untested testcases 56
# of unsupported tests 679
/scratch/gcc/nightly-2006-02-04-4.1/ia64-hp-hpux11.23/build_gcc/install/bin/gcc version 4.1.0 20060204 (prerelease)
=== libstdc++ tests ===
Running target unix/-milp32
=== libstdc++ Summary for unix/-milp32 ===
# of expected passes 2618
# of expected failures 10
# of unsupported tests 159
Running target unix/-mlp64
=== libstdc++ Summary for unix/-mlp64 ===
# of expected passes 2618
# of expected failures 10
# of unsupported tests 159
=== libstdc++ Summary ===
# of expected passes 5236
# of expected failures 20
# of unsupported tests 318
Compiler version: 4.1.0 20060204 (prerelease)
Platform: ia64-hp-hpux11.23
configure flags: --disable-nls --build=ia64-hp-hpux11.23 --host=ia64-hp-hpux11.23 --target=ia64-hp-hpux11.23 --enable-shared --enable-threads --disable-libmudflap --disable-libssp --disable-libstdcxx-pch --with-gnu-as --with-as=/scratch/gcc/nightly-2006-02-04-4.1/ia64-hp-hpux11.23/build_gcc/install/bin/as --without-gnu-ld --with-ld=/usr/ccs/bin/ld --prefix=/scratch/gcc/nightly-2006-02-04-4.1/ia64-hp-hpux11.23/build_gcc/install --enable-languages=c,c++
More information about the Gcc-testresults
mailing list