Results for 4.2.0 20060204 (experimental) testsuite on hppa2.0w-hp-hpux11.11
CodeSourcery Automatic Testing System
gcc@codesourcery.com
Sat Feb 4 18:23:00 GMT 2006
LAST_UPDATED: Sat Feb 4 08:14:46 UTC 2006 (revision 110584)
Native configuration is hppa2.0w-hp-hpux11.11
=== g++ tests ===
Running target unix
FAIL: g++.dg/ext/builtin1.C (test for excess errors)
FAIL: g++.dg/ext/builtin2.C (test for excess errors)
FAIL: g++.dg/init/ctor4.C (test for excess errors)
FAIL: g++.dg/init/new15.C (test for excess errors)
FAIL: g++.dg/opt/complex5.C (test for excess errors)
FAIL: g++.dg/opt/pr17697-1.C (test for excess errors)
FAIL: g++.dg/opt/pr17697-2.C (test for excess errors)
FAIL: g++.dg/opt/pr17697-3.C (test for excess errors)
FAIL: g++.dg/opt/strength-reduce.C (test for excess errors)
FAIL: g++.dg/parse/register1.C (test for excess errors)
FAIL: g++.dg/template/non-dependent4.C (test for excess errors)
FAIL: g++.old-deja/g++.brendan/crash66.C (test for excess errors)
FAIL: g++.old-deja/g++.brendan/ptolemy1.C (test for excess errors)
FAIL: g++.old-deja/g++.brendan/ptolemy2.C (test for excess errors)
FAIL: g++.old-deja/g++.brendan/warnings4.C (test for excess errors)
FAIL: g++.old-deja/g++.jason/default2.C (test for excess errors)
FAIL: g++.old-deja/g++.jason/opeq.C (test for excess errors)
FAIL: g++.old-deja/g++.jason/overload34.C (test for excess errors)
FAIL: g++.old-deja/g++.jason/ref12.C (test for excess errors)
FAIL: g++.old-deja/g++.jason/report.C (test for excess errors)
FAIL: g++.old-deja/g++.jason/rfg6.C (test for excess errors)
FAIL: g++.old-deja/g++.jason/rvalue1.C (test for excess errors)
FAIL: g++.old-deja/g++.jason/scoping4.C (test for excess errors)
FAIL: g++.old-deja/g++.law/ctors17.C (test for excess errors)
FAIL: g++.old-deja/g++.law/ctors7.C (test for excess errors)
FAIL: g++.old-deja/g++.law/dtors2.C (test for excess errors)
FAIL: g++.old-deja/g++.law/operators3.C (test for excess errors)
FAIL: g++.old-deja/g++.law/refs1.C (test for excess errors)
FAIL: g++.old-deja/g++.law/union1.C (test for excess errors)
FAIL: g++.old-deja/g++.law/visibility1.C (test for excess errors)
FAIL: g++.old-deja/g++.law/visibility2.C (test for excess errors)
FAIL: g++.old-deja/g++.mike/bool2.C (test for excess errors)
FAIL: g++.old-deja/g++.mike/net48.C (test for excess errors)
FAIL: g++.old-deja/g++.mike/p11110.C (test for excess errors)
FAIL: g++.old-deja/g++.mike/p646.C (test for excess errors)
FAIL: g++.old-deja/g++.mike/p6746.C (test for excess errors)
FAIL: g++.old-deja/g++.mike/p700.C (test for excess errors)
FAIL: g++.old-deja/g++.mike/p811.C (test for excess errors)
FAIL: g++.old-deja/g++.other/init15.C (test for excess errors)
FAIL: g++.old-deja/g++.other/inline12.C (test for excess errors)
FAIL: g++.old-deja/g++.other/sibcall1.C (test for excess errors)
FAIL: g++.old-deja/g++.pt/explicit8.C (test for excess errors)
FAIL: g++.old-deja/g++.pt/m6.C (test for excess errors)
FAIL: g++.old-deja/g++.pt/m7.C (test for excess errors)
FAIL: g++.old-deja/g++.pt/nontype3.C (test for excess errors)
FAIL: g++.old-deja/g++.pt/t39.C (test for excess errors)
FAIL: g++.old-deja/g++.robertl/eb106.C (test for excess errors)
FAIL: g++.old-deja/g++.robertl/ice990323-2.C (test for excess errors)
=== g++ Summary ===
# of expected passes 11551
# of unexpected failures 48
# of expected failures 67
# of unsupported tests 153
/scratch/gcc/nightly-2006-02-04-mainline/hppa2.0w-hp-hpux11.11/build_gcc/install/bin/c++ version 4.2.0 20060204 (experimental)
=== gcc tests ===
Running target unix
FAIL: gcc.dg/pr23372-1.c scan-assembler-times memcpy 1
=== gcc Summary ===
# of expected passes 36978
# of unexpected failures 1
# of expected failures 82
# of untested testcases 28
# of unsupported tests 469
/scratch/gcc/nightly-2006-02-04-mainline/hppa2.0w-hp-hpux11.11/build_gcc/install/bin/gcc version 4.2.0 20060204 (experimental)
=== libstdc++ tests ===
Running target unix
FAIL: 26_numerics/cmath/c99_classification_macros_c.cc (test for excess errors)
FAIL: 27_io/basic_stringbuf/in_avail/char/21955.cc (test for excess errors)
=== libstdc++ Summary ===
# of expected passes 2699
# of unexpected failures 2
# of expected failures 10
# of unsupported tests 159
Compiler version: 4.2.0 20060204 (experimental)
Platform: hppa2.0w-hp-hpux11.11
configure flags: --disable-nls --build=hppa2.0w-hp-hpux11.11 --host=hppa2.0w-hp-hpux11.11 --target=hppa2.0w-hp-hpux11.11 --enable-shared --enable-threads --disable-libmudflap --disable-libssp --disable-libstdcxx-pch --with-gnu-as --with-as=/scratch/gcc/nightly-2006-02-04-mainline/hppa2.0w-hp-hpux11.11/build_gcc/install/bin/as --without-gnu-ld --with-ld=/usr/ccs/bin/ld --prefix=/scratch/gcc/nightly-2006-02-04-mainline/hppa2.0w-hp-hpux11.11/build_gcc/install --enable-languages=c,c++
More information about the Gcc-testresults
mailing list