Results for 4.3.0 20061212 (experimental) testsuite on i686-pc-linux-gnu
fxcoudert@localhost.localdomain
fxcoudert@localhost.localdomain
Tue Dec 12 09:08:00 GMT 2006
LAST_UPDATED: Tue Dec 12 03:01:37 UTC 2006 (revision 119761)
Native configuration is i686-pc-linux-gnu
=== gcc tests ===
Running target unix
FAIL: gcc.c-torture/execute/20010403-1.c execution, -Os
FAIL: gcc.c-torture/execute/mayalias-2.c compilation, -O3 -g (internal compiler error)
UNRESOLVED: gcc.c-torture/execute/mayalias-2.c execution, -O3 -g
FAIL: gcc.c-torture/execute/mayalias-3.c compilation, -O3 -g (internal compiler error)
UNRESOLVED: gcc.c-torture/execute/mayalias-3.c execution, -O3 -g
FAIL: gcc.dg/pr19633-1.c (test for excess errors)
WARNING: gcc.dg/pr19633-1.c compilation failed to produce executable
FAIL: gcc.dg/tree-ssa/loadpre1.c scan-tree-dump-times Eliminated: 1 1
FAIL: gcc.dg/vect/vect-101.c scan-tree-dump-times vectorized 1 loops 0
FAIL: gcc.dg/vect/vect-101.c scan-tree-dump-times can't determine dependence 1
XPASS: gcc.dg/vect/vect-57.c scan-tree-dump-times vectorized 1 loops 1
XPASS: gcc.dg/vect/vect-61.c scan-tree-dump-times vectorized 1 loops 1
=== gcc Summary ===
# of expected passes 42429
# of unexpected failures 7
# of unexpected successes 2
# of expected failures 109
# of unresolved testcases 2
# of untested testcases 28
# of unsupported tests 296
/home/fxcoudert/gfortran_nightbuild/ibin-20061212/gcc/xgcc version 4.3.0 20061212 (experimental)
=== gfortran tests ===
Running target unix
FAIL: gfortran.dg/csqrt_2.f -O0 execution test
FAIL: gfortran.dg/csqrt_2.f -O1 execution test
FAIL: gfortran.dg/csqrt_2.f -O2 execution test
FAIL: gfortran.dg/csqrt_2.f -O3 -fomit-frame-pointer execution test
FAIL: gfortran.dg/csqrt_2.f -O3 -fomit-frame-pointer -funroll-loops execution test
FAIL: gfortran.dg/csqrt_2.f -O3 -fomit-frame-pointer -funroll-all-loops -finline-functions execution test
FAIL: gfortran.dg/csqrt_2.f -O3 -g execution test
FAIL: gfortran.dg/csqrt_2.f -Os execution test
=== gfortran Summary ===
# of expected passes 15617
# of unexpected failures 8
# of expected failures 7
# of unsupported tests 16
/home/fxcoudert/gfortran_nightbuild/ibin-20061212/gcc/testsuite/gfortran/../../gfortran version 4.3.0 20061212 (experimental)
Compiler version: 4.3.0 20061212 (experimental)
Platform: i686-pc-linux-gnu
configure flags: --prefix=/home/fxcoudert/gfortran_nightbuild/irun-20061212 --with-gmp=/home/fxcoudert/gfortran_nightbuild/software --enable-languages=c,fortran
More information about the Gcc-testresults
mailing list