Results for 4.3.0 20061210 (experimental) gfortran testsuite on x86_64-unknown-linux-gnu
François-Xavier Coudert
coudert@quatramaran.ens.fr
Sun Dec 10 13:49:00 GMT 2006
LAST_UPDATED:
Native configuration is x86_64-unknown-linux-gnu
=== gfortran tests ===
Running target unix
FAIL: gfortran.dg/csqrt_2.f -O0 execution test
FAIL: gfortran.dg/csqrt_2.f -O1 execution test
FAIL: gfortran.dg/csqrt_2.f -O2 execution test
FAIL: gfortran.dg/csqrt_2.f -O3 -fomit-frame-pointer execution test
FAIL: gfortran.dg/csqrt_2.f -O3 -fomit-frame-pointer -funroll-loops execution test
FAIL: gfortran.dg/csqrt_2.f -O3 -fomit-frame-pointer -funroll-all-loops -finline-functions execution test
FAIL: gfortran.dg/csqrt_2.f -O3 -g execution test
FAIL: gfortran.dg/csqrt_2.f -Os execution test
=== gfortran Summary ===
# of expected passes 15580
# of unexpected failures 8
# of expected failures 7
# of unsupported tests 17
/var/tmp/gfortran-20061210/ibin/gcc/testsuite/gfortran/../../gfortran version 4.3.0 20061210 (experimental)
Compiler version: 4.3.0 20061210 (experimental) gfortran
Platform: x86_64-unknown-linux-gnu
configure flags: --prefix=/var/tmp/gfortran-20061210/irun --enable-languages=c,fortran --with-gmp=/var/tmp/gfortran-20061210/gfortran_libs,;t t
More information about the Gcc-testresults
mailing list