Results for 4.2.0 20060825 (experimental) testsuite on i686-pc-linux-gnu

CodeSourcery Automatic Testing System gcc@codesourcery.com
Fri Aug 25 17:20:00 GMT 2006


LAST_UPDATED: Fri Aug 25 07:20:51 UTC 2006 (/trunk revision 116392)

Native configuration is i686-pc-linux-gnu

		=== g++ tests ===


Running target unix
XPASS: g++.dg/tree-ssa/ivopts-1.C scan-tree-dump-not &x\\[5\\]

		=== g++ Summary ===

# of expected passes		13038
# of unexpected successes	1
# of expected failures		67
# of unsupported tests		70
/scratch/gcc/nightly-2006-08-25-mainline/i686-pc-linux-gnu/build_gcc/install/bin/c++  version 4.2.0 20060825 (experimental)

		=== gcc tests ===


Running target unix
FAIL: gcc.dg/pr26570.c  (test for warnings, line 7)
FAIL: gcc.dg/pr26570.c  (test for warnings, line 14)
FAIL: gcc.dg/pr26570.c (test for excess errors)

		=== gcc Summary ===

# of expected passes		41073
# of unexpected failures	3
# of expected failures		112
# of untested testcases		28
# of unsupported tests		284
/scratch/gcc/nightly-2006-08-25-mainline/i686-pc-linux-gnu/build_gcc/install/bin/gcc  version 4.2.0 20060825 (experimental)

		=== libstdc++ tests ===


Running target unix

		=== libstdc++ Summary ===

# of expected passes		4350
# of expected failures		14
# of unsupported tests		6

Compiler version: 4.2.0 20060825 (experimental) 
Platform: i686-pc-linux-gnu
configure flags: --build=i686-pc-linux-gnu --host=i686-pc-linux-gnu --target=i686-pc-linux-gnu --enable-languages=c,c++ --enable-shared --enable-threads --disable-libmudflap --disable-libssp --disable-libgomp --disable-libstdcxx-pch --with-gnu-as --with-gnu-ld --prefix=/opt/codesourcery --disable-nls --with-build-time-tools=/scratch/gcc/nightly-2006-08-25-mainline/i686-pc-linux-gnu/build_gcc/install/i686-pc-linux-gnu/bin --with-build-time-tools=/scratch/gcc/nightly-2006-08-25-mainline/i686-pc-linux-gnu/build_gcc/install/i686-pc-linux-gnu/bin



More information about the Gcc-testresults mailing list