Results for 4.2.0 20060823 (experimental) testsuite on x86_64-pc-linux-gnu (Debian)
Martin Michlmayr
tbm@cyrius.com
Thu Aug 24 09:21:00 GMT 2006
LAST_UPDATED: Wed Aug 23 19:04:09 UTC 2006 (revision 116355)
=== acats tests ===
FAIL: c35507m
FAIL: cd2a23e
FAIL: cdd2a02
FAIL: cxa4018
FAIL: cxh1001
=== acats Summary ===
# of expected passes 2312
# of unexpected failures 5
Native configuration is x86_64-pc-linux-gnu
=== g++ tests ===
Running target unix
XPASS: g++.dg/tree-ssa/ivopts-1.C scan-tree-dump-not &x\\[5\\]
=== g++ Summary for unix ===
# of expected passes 12952
# of unexpected successes 1
# of expected failures 67
# of unsupported tests 99
Running target unix/-m32
XPASS: g++.dg/tree-ssa/ivopts-1.C scan-tree-dump-not offset: -4B
XPASS: g++.dg/tree-ssa/ivopts-1.C scan-tree-dump-not &x\\[5\\]
=== g++ Summary for unix/-m32 ===
# of expected passes 13037
# of unexpected successes 2
# of expected failures 66
# of unsupported tests 70
=== g++ Summary ===
# of expected passes 25989
# of unexpected successes 3
# of expected failures 133
# of unsupported tests 169
/home/tbm/build/gcc-snapshot-20060823/build/gcc/testsuite/g++/../../g++ version 4.2.0 20060823 (experimental)
=== gcc tests ===
Running target unix
FAIL: gcc.dg/pr26570.c (test for warnings, line 7)
FAIL: gcc.dg/pr26570.c (test for warnings, line 14)
FAIL: gcc.dg/pr26570.c (test for excess errors)
UNRESOLVED: gcc.dg/torture/fp-int-convert-float128-timode.c -O0 compilation failed to produce executable
UNRESOLVED: gcc.dg/torture/fp-int-convert-float128-timode.c -O1 compilation failed to produce executable
UNRESOLVED: gcc.dg/torture/fp-int-convert-float128-timode.c -O2 compilation failed to produce executable
UNRESOLVED: gcc.dg/torture/fp-int-convert-float128-timode.c -O3 -fomit-frame-pointer compilation failed to produce executable
UNRESOLVED: gcc.dg/torture/fp-int-convert-float128-timode.c -O3 -g compilation failed to produce executable
UNRESOLVED: gcc.dg/torture/fp-int-convert-float128-timode.c -Os compilation failed to produce executable
UNRESOLVED: gcc.dg/torture/fp-int-convert-float128.c -O0 compilation failed to produce executable
UNRESOLVED: gcc.dg/torture/fp-int-convert-float128.c -O1 compilation failed to produce executable
UNRESOLVED: gcc.dg/torture/fp-int-convert-float128.c -O2 compilation failed to produce executable
UNRESOLVED: gcc.dg/torture/fp-int-convert-float128.c -O3 -fomit-frame-pointer compilation failed to produce executable
UNRESOLVED: gcc.dg/torture/fp-int-convert-float128.c -O3 -g compilation failed to produce executable
UNRESOLVED: gcc.dg/torture/fp-int-convert-float128.c -Os compilation failed to produce executable
=== gcc Summary for unix ===
# of expected passes 40888
# of unexpected failures 3
# of expected failures 123
# of unresolved testcases 12
# of untested testcases 28
# of unsupported tests 390
Running target unix/-m32
FAIL: gcc.dg/pr26570.c (test for warnings, line 7)
FAIL: gcc.dg/pr26570.c (test for warnings, line 14)
FAIL: gcc.dg/pr26570.c (test for excess errors)
FAIL: gcc.dg/vect/pr20122.c scan-tree-dump-times vectorized 1 loops 2
=== gcc Summary for unix/-m32 ===
# of expected passes 40996
# of unexpected failures 4
# of expected failures 112
# of untested testcases 28
# of unsupported tests 299
=== gcc Summary ===
# of expected passes 81884
# of unexpected failures 7
# of expected failures 235
# of unresolved testcases 12
# of untested testcases 56
# of unsupported tests 689
/home/tbm/build/gcc-snapshot-20060823/build/gcc/xgcc version 4.2.0 20060823 (experimental)
=== gfortran tests ===
Running target unix
XPASS: gfortran.dg/vect/vect-5.f90 -O scan-tree-dump-times vectorized 2 loops 1
XPASS: gfortran.dg/vect/vect-5.f90 -O scan-tree-dump-times Alignment of access forced using peeling 1
XPASS: gfortran.dg/vect/vect-5.f90 -O scan-tree-dump-times Vectorizing an unaligned access 2
=== gfortran Summary for unix ===
# of expected passes 14127
# of unexpected successes 3
# of expected failures 15
# of unsupported tests 17
Running target unix/-m32
=== gfortran Summary for unix/-m32 ===
# of expected passes 14131
# of expected failures 15
# of unsupported tests 16
=== gfortran Summary ===
# of expected passes 28258
# of unexpected successes 3
# of expected failures 30
# of unsupported tests 33
/home/tbm/build/gcc-snapshot-20060823/build/gcc/testsuite/gfortran/../../gfortran version 4.2.0 20060823 (experimental)
=== gnat tests ===
Running target unix
FAIL: gnat.dg/frame_overflow.adb (test for errors, line 12)
FAIL: gnat.dg/frame_overflow.adb (test for errors, line 21)
=== gnat Summary for unix ===
# of expected passes 24
# of unexpected failures 2
Running target unix/-m32
FAIL: gnat.dg/address_conversion.adb (test for excess errors)
FAIL: gnat.dg/address_conversion.adb execution test
FAIL: gnat.dg/outer_agg_bitfield_constructor.adb (test for excess errors)
FAIL: gnat.dg/outer_agg_bitfield_constructor.adb execution test
FAIL: gnat.dg/pointer_conversion.adb (test for excess errors)
FAIL: gnat.dg/pointer_conversion.adb execution test
FAIL: gnat.dg/scalar_mode_agg_compare.adb (test for excess errors)
FAIL: gnat.dg/scalar_mode_agg_compare.adb execution test
FAIL: gnat.dg/self_aggregate_with_array.adb (test for excess errors)
FAIL: gnat.dg/self_aggregate_with_array.adb execution test
FAIL: gnat.dg/self_aggregate_with_zeros.adb (test for excess errors)
FAIL: gnat.dg/self_aggregate_with_zeros.adb execution test
FAIL: gnat.dg/string_slice.adb (test for excess errors)
FAIL: gnat.dg/string_slice.adb execution test
=== gnat Summary for unix/-m32 ===
# of expected passes 12
# of unexpected failures 14
=== gnat Summary ===
# of expected passes 36
# of unexpected failures 16
=== obj-c++ tests ===
Running target unix
FAIL: obj-c++.dg/bitfield-1.mm (test for excess errors)
FAIL: obj-c++.dg/bitfield-4.mm (test for excess errors)
FAIL: obj-c++.dg/comp-types-10.mm (internal compiler error)
FAIL: obj-c++.dg/comp-types-10.mm (test for excess errors)
FAIL: obj-c++.dg/cxx-ivars-2.mm execution test
FAIL: obj-c++.dg/encode-3.mm (test for excess errors)
FAIL: obj-c++.dg/encode-3.mm execution test
FAIL: obj-c++.dg/encode-8.mm execution test
FAIL: obj-c++.dg/isa-field-1.mm (test for excess errors)
FAIL: obj-c++.dg/layout-1.mm (test for excess errors)
FAIL: obj-c++.dg/lookup-2.mm (test for excess errors)
UNRESOLVED: obj-c++.dg/lookup-2.mm compilation failed to produce executable
FAIL: obj-c++.dg/try-catch-2.mm (test for excess errors)
UNRESOLVED: obj-c++.dg/try-catch-2.mm compilation failed to produce executable
FAIL: obj-c++.dg/try-catch-9.mm (internal compiler error)
FAIL: obj-c++.dg/try-catch-9.mm (test for excess errors)
UNRESOLVED: obj-c++.dg/try-catch-9.mm compilation failed to produce executable
=== obj-c++ Summary for unix ===
# of expected passes 423
# of unexpected failures 14
# of unresolved testcases 3
# of unsupported tests 13
Running target unix/-m32
FAIL: obj-c++.dg/comp-types-10.mm (internal compiler error)
FAIL: obj-c++.dg/comp-types-10.mm (test for excess errors)
FAIL: obj-c++.dg/cxx-ivars-2.mm execution test
FAIL: obj-c++.dg/encode-3.mm (test for excess errors)
FAIL: obj-c++.dg/encode-8.mm execution test
FAIL: obj-c++.dg/isa-field-1.mm (test for excess errors)
FAIL: obj-c++.dg/lookup-2.mm (test for excess errors)
UNRESOLVED: obj-c++.dg/lookup-2.mm compilation failed to produce executable
FAIL: obj-c++.dg/try-catch-2.mm (test for excess errors)
UNRESOLVED: obj-c++.dg/try-catch-2.mm compilation failed to produce executable
FAIL: obj-c++.dg/try-catch-9.mm (internal compiler error)
FAIL: obj-c++.dg/try-catch-9.mm (test for excess errors)
UNRESOLVED: obj-c++.dg/try-catch-9.mm compilation failed to produce executable
=== obj-c++ Summary for unix/-m32 ===
# of expected passes 427
# of unexpected failures 10
# of unresolved testcases 3
# of unsupported tests 13
=== obj-c++ Summary ===
# of expected passes 850
# of unexpected failures 24
# of unresolved testcases 6
# of unsupported tests 26
/home/tbm/build/gcc-snapshot-20060823/build/gcc/testsuite/obj-c++/../../g++ version 4.2.0 20060823 (experimental)
=== objc tests ===
Running target unix
=== objc Summary for unix ===
# of expected passes 1754
# of expected failures 7
# of unsupported tests 24
Running target unix/-m32
=== objc Summary for unix/-m32 ===
# of expected passes 1754
# of expected failures 7
# of unsupported tests 24
=== objc Summary ===
# of expected passes 3508
# of expected failures 14
# of unsupported tests 48
/home/tbm/build/gcc-snapshot-20060823/build/gcc/xgcc version 4.2.0 20060823 (experimental)
=== treelang tests ===
Running target unix
=== treelang Summary for unix ===
# of expected passes 50
Running target unix/-m32
=== treelang Summary for unix/-m32 ===
# of expected passes 50
=== treelang Summary ===
# of expected passes 100
=== libffi tests ===
Running target unix
=== libffi Summary for unix ===
# of expected passes 1084
# of unsupported tests 8
Running target unix/-m32
FAIL: libffi.call/return_fl2.c -O0 -W -Wall execution test
FAIL: libffi.call/return_fl2.c -O2 execution test
FAIL: libffi.call/return_fl2.c -O3 execution test
FAIL: libffi.call/return_fl2.c -Os execution test
=== libffi Summary for unix/-m32 ===
# of expected passes 1080
# of unexpected failures 4
# of unsupported tests 8
=== libffi Summary ===
# of expected passes 2164
# of unexpected failures 4
# of unsupported tests 16
=== libgomp tests ===
Running target unix
=== libgomp Summary for unix ===
# of expected passes 1500
Running target unix/-m32
FAIL: libgomp.c/appendix-a/a.15.1.c (test for excess errors)
UNRESOLVED: libgomp.c/appendix-a/a.15.1.c compilation failed to produce executable
FAIL: libgomp.c/appendix-a/a.16.1.c (test for excess errors)
UNRESOLVED: libgomp.c/appendix-a/a.16.1.c compilation failed to produce executable
FAIL: libgomp.c/appendix-a/a.18.1.c (test for excess errors)
UNRESOLVED: libgomp.c/appendix-a/a.18.1.c compilation failed to produce executable
FAIL: libgomp.c/appendix-a/a.19.1.c (test for excess errors)
UNRESOLVED: libgomp.c/appendix-a/a.19.1.c compilation failed to produce executable
FAIL: libgomp.c/appendix-a/a.2.1.c (test for excess errors)
UNRESOLVED: libgomp.c/appendix-a/a.2.1.c compilation failed to produce executable
FAIL: libgomp.c/appendix-a/a.21.1.c (test for excess errors)
UNRESOLVED: libgomp.c/appendix-a/a.21.1.c compilation failed to produce executable
FAIL: libgomp.c/appendix-a/a.26.1.c (test for excess errors)
UNRESOLVED: libgomp.c/appendix-a/a.26.1.c compilation failed to produce executable
FAIL: libgomp.c/appendix-a/a.29.1.c (test for excess errors)
UNRESOLVED: libgomp.c/appendix-a/a.29.1.c compilation failed to produce executable
FAIL: libgomp.c/appendix-a/a.3.1.c (test for excess errors)
UNRESOLVED: libgomp.c/appendix-a/a.3.1.c compilation failed to produce executable
FAIL: libgomp.c/appendix-a/a.36.1.c (test for excess errors)
UNRESOLVED: libgomp.c/appendix-a/a.36.1.c compilation failed to produce executable
FAIL: libgomp.c/appendix-a/a.39.1.c (test for excess errors)
UNRESOLVED: libgomp.c/appendix-a/a.39.1.c compilation failed to produce executable
FAIL: libgomp.c/appendix-a/a.4.1.c (test for excess errors)
UNRESOLVED: libgomp.c/appendix-a/a.4.1.c compilation failed to produce executable
FAIL: libgomp.c/appendix-a/a.5.1.c (test for excess errors)
UNRESOLVED: libgomp.c/appendix-a/a.5.1.c compilation failed to produce executable
FAIL: libgomp.c/atomic-1.c (test for excess errors)
UNRESOLVED: libgomp.c/atomic-1.c compilation failed to produce executable
FAIL: libgomp.c/atomic-10.c (test for excess errors)
UNRESOLVED: libgomp.c/atomic-10.c compilation failed to produce executable
FAIL: libgomp.c/atomic-2.c (test for excess errors)
UNRESOLVED: libgomp.c/atomic-2.c compilation failed to produce executable
FAIL: libgomp.c/barrier-1.c (test for excess errors)
UNRESOLVED: libgomp.c/barrier-1.c compilation failed to produce executable
FAIL: libgomp.c/copyin-1.c (test for excess errors)
UNRESOLVED: libgomp.c/copyin-1.c compilation failed to produce executable
FAIL: libgomp.c/copyin-2.c (test for excess errors)
UNRESOLVED: libgomp.c/copyin-2.c compilation failed to produce executable
FAIL: libgomp.c/copyin-3.c (test for excess errors)
UNRESOLVED: libgomp.c/copyin-3.c compilation failed to produce executable
FAIL: libgomp.c/critical-1.c (test for excess errors)
UNRESOLVED: libgomp.c/critical-1.c compilation failed to produce executable
FAIL: libgomp.c/critical-2.c (test for excess errors)
UNRESOLVED: libgomp.c/critical-2.c compilation failed to produce executable
FAIL: libgomp.c/lib-1.c (test for excess errors)
UNRESOLVED: libgomp.c/lib-1.c compilation failed to produce executable
FAIL: libgomp.c/loop-1.c (test for excess errors)
UNRESOLVED: libgomp.c/loop-1.c compilation failed to produce executable
FAIL: libgomp.c/loop-2.c (test for excess errors)
UNRESOLVED: libgomp.c/loop-2.c compilation failed to produce executable
FAIL: libgomp.c/loop-3.c (test for excess errors)
UNRESOLVED: libgomp.c/loop-3.c compilation failed to produce executable
FAIL: libgomp.c/nested-1.c (test for excess errors)
UNRESOLVED: libgomp.c/nested-1.c compilation failed to produce executable
FAIL: libgomp.c/nested-2.c (test for excess errors)
UNRESOLVED: libgomp.c/nested-2.c compilation failed to produce executable
FAIL: libgomp.c/nestedfn-1.c (test for excess errors)
UNRESOLVED: libgomp.c/nestedfn-1.c compilation failed to produce executable
FAIL: libgomp.c/nestedfn-2.c (test for excess errors)
UNRESOLVED: libgomp.c/nestedfn-2.c compilation failed to produce executable
FAIL: libgomp.c/nestedfn-3.c (test for excess errors)
UNRESOLVED: libgomp.c/nestedfn-3.c compilation failed to produce executable
FAIL: libgomp.c/omp-loop01.c (test for excess errors)
UNRESOLVED: libgomp.c/omp-loop01.c compilation failed to produce executable
FAIL: libgomp.c/omp-loop02.c (test for excess errors)
UNRESOLVED: libgomp.c/omp-loop02.c compilation failed to produce executable
FAIL: libgomp.c/omp-loop03.c (test for excess errors)
UNRESOLVED: libgomp.c/omp-loop03.c compilation failed to produce executable
FAIL: libgomp.c/omp-nested-1.c (test for excess errors)
UNRESOLVED: libgomp.c/omp-nested-1.c compilation failed to produce executable
FAIL: libgomp.c/omp-parallel-for.c (test for excess errors)
UNRESOLVED: libgomp.c/omp-parallel-for.c compilation failed to produce executable
FAIL: libgomp.c/omp-parallel-if.c (test for excess errors)
UNRESOLVED: libgomp.c/omp-parallel-if.c compilation failed to produce executable
FAIL: libgomp.c/omp-single-1.c (test for excess errors)
UNRESOLVED: libgomp.c/omp-single-1.c compilation failed to produce executable
FAIL: libgomp.c/omp-single-2.c (test for excess errors)
UNRESOLVED: libgomp.c/omp-single-2.c compilation failed to produce executable
FAIL: libgomp.c/omp-single-3.c (test for excess errors)
UNRESOLVED: libgomp.c/omp-single-3.c compilation failed to produce executable
FAIL: libgomp.c/omp_hello.c (test for excess errors)
UNRESOLVED: libgomp.c/omp_hello.c compilation failed to produce executable
FAIL: libgomp.c/omp_matvec.c (test for excess errors)
UNRESOLVED: libgomp.c/omp_matvec.c compilation failed to produce executable
FAIL: libgomp.c/omp_orphan.c (test for excess errors)
UNRESOLVED: libgomp.c/omp_orphan.c compilation failed to produce executable
FAIL: libgomp.c/omp_reduction.c (test for excess errors)
UNRESOLVED: libgomp.c/omp_reduction.c compilation failed to produce executable
FAIL: libgomp.c/omp_workshare1.c (test for excess errors)
UNRESOLVED: libgomp.c/omp_workshare1.c compilation failed to produce executable
FAIL: libgomp.c/omp_workshare2.c (test for excess errors)
UNRESOLVED: libgomp.c/omp_workshare2.c compilation failed to produce executable
FAIL: libgomp.c/omp_workshare4.c (test for excess errors)
UNRESOLVED: libgomp.c/omp_workshare4.c compilation failed to produce executable
FAIL: libgomp.c/ordered-1.c (test for excess errors)
UNRESOLVED: libgomp.c/ordered-1.c compilation failed to produce executable
FAIL: libgomp.c/ordered-2.c (test for excess errors)
UNRESOLVED: libgomp.c/ordered-2.c compilation failed to produce executable
FAIL: libgomp.c/ordered-3.c (test for excess errors)
UNRESOLVED: libgomp.c/ordered-3.c compilation failed to produce executable
FAIL: libgomp.c/parallel-1.c (test for excess errors)
UNRESOLVED: libgomp.c/parallel-1.c compilation failed to produce executable
FAIL: libgomp.c/pr24455.c (test for excess errors)
UNRESOLVED: libgomp.c/pr24455.c compilation failed to produce executable
FAIL: libgomp.c/pr26171.c (test for excess errors)
UNRESOLVED: libgomp.c/pr26171.c compilation failed to produce executable
FAIL: libgomp.c/pr26943-1.c (test for excess errors)
UNRESOLVED: libgomp.c/pr26943-1.c compilation failed to produce executable
FAIL: libgomp.c/pr26943-2.c (test for excess errors)
UNRESOLVED: libgomp.c/pr26943-2.c compilation failed to produce executable
FAIL: libgomp.c/pr26943-3.c (test for excess errors)
UNRESOLVED: libgomp.c/pr26943-3.c compilation failed to produce executable
FAIL: libgomp.c/pr26943-4.c (test for excess errors)
UNRESOLVED: libgomp.c/pr26943-4.c compilation failed to produce executable
FAIL: libgomp.c/reduction-1.c (test for excess errors)
UNRESOLVED: libgomp.c/reduction-1.c compilation failed to produce executable
FAIL: libgomp.c/reduction-2.c (test for excess errors)
UNRESOLVED: libgomp.c/reduction-2.c compilation failed to produce executable
FAIL: libgomp.c/reduction-3.c (test for excess errors)
UNRESOLVED: libgomp.c/reduction-3.c compilation failed to produce executable
FAIL: libgomp.c/reduction-4.c (test for excess errors)
UNRESOLVED: libgomp.c/reduction-4.c compilation failed to produce executable
FAIL: libgomp.c/sections-1.c (test for excess errors)
UNRESOLVED: libgomp.c/sections-1.c compilation failed to produce executable
FAIL: libgomp.c/shared-1.c (test for excess errors)
UNRESOLVED: libgomp.c/shared-1.c compilation failed to produce executable
FAIL: libgomp.c/shared-2.c (test for excess errors)
UNRESOLVED: libgomp.c/shared-2.c compilation failed to produce executable
FAIL: libgomp.c/shared-3.c (test for excess errors)
UNRESOLVED: libgomp.c/shared-3.c compilation failed to produce executable
FAIL: libgomp.c/single-1.c (test for excess errors)
UNRESOLVED: libgomp.c/single-1.c compilation failed to produce executable
FAIL: libgomp.c/single-2.c (test for excess errors)
UNRESOLVED: libgomp.c/single-2.c compilation failed to produce executable
FAIL: libgomp.c/vla-1.c (test for excess errors)
UNRESOLVED: libgomp.c/vla-1.c compilation failed to produce executable
FAIL: libgomp.c++/copyin-1.C -O0 (test for excess errors)
UNRESOLVED: libgomp.c++/copyin-1.C -O0 compilation failed to produce executable
FAIL: libgomp.c++/copyin-1.C -O1 (test for excess errors)
UNRESOLVED: libgomp.c++/copyin-1.C -O1 compilation failed to produce executable
FAIL: libgomp.c++/copyin-1.C -O2 (test for excess errors)
UNRESOLVED: libgomp.c++/copyin-1.C -O2 compilation failed to produce executable
FAIL: libgomp.c++/copyin-1.C -O3 -fomit-frame-pointer (test for excess errors)
UNRESOLVED: libgomp.c++/copyin-1.C -O3 -fomit-frame-pointer compilation failed to produce executable
FAIL: libgomp.c++/copyin-1.C -O3 -fomit-frame-pointer -funroll-loops (test for excess errors)
UNRESOLVED: libgomp.c++/copyin-1.C -O3 -fomit-frame-pointer -funroll-loops compilation failed to produce executable
FAIL: libgomp.c++/copyin-1.C -O3 -fomit-frame-pointer -funroll-all-loops -finline-functions (test for excess errors)
UNRESOLVED: libgomp.c++/copyin-1.C -O3 -fomit-frame-pointer -funroll-all-loops -finline-functions compilation failed to produce executable
FAIL: libgomp.c++/copyin-1.C -O3 -g (test for excess errors)
UNRESOLVED: libgomp.c++/copyin-1.C -O3 -g compilation failed to produce executable
FAIL: libgomp.c++/copyin-1.C -Os (test for excess errors)
UNRESOLVED: libgomp.c++/copyin-1.C -Os compilation failed to produce executable
FAIL: libgomp.c++/copyin-2.C -O0 (test for excess errors)
UNRESOLVED: libgomp.c++/copyin-2.C -O0 compilation failed to produce executable
FAIL: libgomp.c++/copyin-2.C -O1 (test for excess errors)
UNRESOLVED: libgomp.c++/copyin-2.C -O1 compilation failed to produce executable
FAIL: libgomp.c++/copyin-2.C -O2 (test for excess errors)
UNRESOLVED: libgomp.c++/copyin-2.C -O2 compilation failed to produce executable
FAIL: libgomp.c++/copyin-2.C -O3 -fomit-frame-pointer (test for excess errors)
UNRESOLVED: libgomp.c++/copyin-2.C -O3 -fomit-frame-pointer compilation failed to produce executable
FAIL: libgomp.c++/copyin-2.C -O3 -fomit-frame-pointer -funroll-loops (test for excess errors)
UNRESOLVED: libgomp.c++/copyin-2.C -O3 -fomit-frame-pointer -funroll-loops compilation failed to produce executable
FAIL: libgomp.c++/copyin-2.C -O3 -fomit-frame-pointer -funroll-all-loops -finline-functions (test for excess errors)
UNRESOLVED: libgomp.c++/copyin-2.C -O3 -fomit-frame-pointer -funroll-all-loops -finline-functions compilation failed to produce executable
FAIL: libgomp.c++/copyin-2.C -O3 -g (test for excess errors)
UNRESOLVED: libgomp.c++/copyin-2.C -O3 -g compilation failed to produce executable
FAIL: libgomp.c++/copyin-2.C -Os (test for excess errors)
UNRESOLVED: libgomp.c++/copyin-2.C -Os compilation failed to produce executable
FAIL: libgomp.c++/ctor-1.C -O0 (test for excess errors)
UNRESOLVED: libgomp.c++/ctor-1.C -O0 compilation failed to produce executable
FAIL: libgomp.c++/ctor-1.C -O1 (test for excess errors)
UNRESOLVED: libgomp.c++/ctor-1.C -O1 compilation failed to produce executable
FAIL: libgomp.c++/ctor-1.C -O2 (test for excess errors)
UNRESOLVED: libgomp.c++/ctor-1.C -O2 compilation failed to produce executable
FAIL: libgomp.c++/ctor-1.C -O3 -fomit-frame-pointer (test for excess errors)
UNRESOLVED: libgomp.c++/ctor-1.C -O3 -fomit-frame-pointer compilation failed to produce executable
FAIL: libgomp.c++/ctor-1.C -O3 -fomit-frame-pointer -funroll-loops (test for excess errors)
UNRESOLVED: libgomp.c++/ctor-1.C -O3 -fomit-frame-pointer -funroll-loops compilation failed to produce executable
FAIL: libgomp.c++/ctor-1.C -O3 -fomit-frame-pointer -funroll-all-loops -finline-functions (test for excess errors)
UNRESOLVED: libgomp.c++/ctor-1.C -O3 -fomit-frame-pointer -funroll-all-loops -finline-functions compilation failed to produce executable
FAIL: libgomp.c++/ctor-1.C -O3 -g (test for excess errors)
UNRESOLVED: libgomp.c++/ctor-1.C -O3 -g compilation failed to produce executable
FAIL: libgomp.c++/ctor-1.C -Os (test for excess errors)
UNRESOLVED: libgomp.c++/ctor-1.C -Os compilation failed to produce executable
FAIL: libgomp.c++/ctor-2.C -O0 (test for excess errors)
UNRESOLVED: libgomp.c++/ctor-2.C -O0 compilation failed to produce executable
FAIL: libgomp.c++/ctor-2.C -O1 (test for excess errors)
UNRESOLVED: libgomp.c++/ctor-2.C -O1 compilation failed to produce executable
FAIL: libgomp.c++/ctor-2.C -O2 (test for excess errors)
UNRESOLVED: libgomp.c++/ctor-2.C -O2 compilation failed to produce executable
FAIL: libgomp.c++/ctor-2.C -O3 -fomit-frame-pointer (test for excess errors)
UNRESOLVED: libgomp.c++/ctor-2.C -O3 -fomit-frame-pointer compilation failed to produce executable
FAIL: libgomp.c++/ctor-2.C -O3 -fomit-frame-pointer -funroll-loops (test for excess errors)
UNRESOLVED: libgomp.c++/ctor-2.C -O3 -fomit-frame-pointer -funroll-loops compilation failed to produce executable
FAIL: libgomp.c++/ctor-2.C -O3 -fomit-frame-pointer -funroll-all-loops -finline-functions (test for excess errors)
UNRESOLVED: libgomp.c++/ctor-2.C -O3 -fomit-frame-pointer -funroll-all-loops -finline-functions compilation failed to produce executable
FAIL: libgomp.c++/ctor-2.C -O3 -g (test for excess errors)
UNRESOLVED: libgomp.c++/ctor-2.C -O3 -g compilation failed to produce executable
FAIL: libgomp.c++/ctor-2.C -Os (test for excess errors)
UNRESOLVED: libgomp.c++/ctor-2.C -Os compilation failed to produce executable
FAIL: libgomp.c++/ctor-3.C -O0 (test for excess errors)
UNRESOLVED: libgomp.c++/ctor-3.C -O0 compilation failed to produce executable
FAIL: libgomp.c++/ctor-3.C -O1 (test for excess errors)
UNRESOLVED: libgomp.c++/ctor-3.C -O1 compilation failed to produce executable
FAIL: libgomp.c++/ctor-3.C -O2 (test for excess errors)
UNRESOLVED: libgomp.c++/ctor-3.C -O2 compilation failed to produce executable
FAIL: libgomp.c++/ctor-3.C -O3 -fomit-frame-pointer (test for excess errors)
UNRESOLVED: libgomp.c++/ctor-3.C -O3 -fomit-frame-pointer compilation failed to produce executable
FAIL: libgomp.c++/ctor-3.C -O3 -fomit-frame-pointer -funroll-loops (test for excess errors)
UNRESOLVED: libgomp.c++/ctor-3.C -O3 -fomit-frame-pointer -funroll-loops compilation failed to produce executable
FAIL: libgomp.c++/ctor-3.C -O3 -fomit-frame-pointer -funroll-all-loops -finline-functions (test for excess errors)
UNRESOLVED: libgomp.c++/ctor-3.C -O3 -fomit-frame-pointer -funroll-all-loops -finline-functions compilation failed to produce executable
FAIL: libgomp.c++/ctor-3.C -O3 -g (test for excess errors)
UNRESOLVED: libgomp.c++/ctor-3.C -O3 -g compilation failed to produce executable
FAIL: libgomp.c++/ctor-3.C -Os (test for excess errors)
UNRESOLVED: libgomp.c++/ctor-3.C -Os compilation failed to produce executable
FAIL: libgomp.c++/ctor-4.C -O0 (test for excess errors)
UNRESOLVED: libgomp.c++/ctor-4.C -O0 compilation failed to produce executable
FAIL: libgomp.c++/ctor-4.C -O1 (test for excess errors)
UNRESOLVED: libgomp.c++/ctor-4.C -O1 compilation failed to produce executable
FAIL: libgomp.c++/ctor-4.C -O2 (test for excess errors)
UNRESOLVED: libgomp.c++/ctor-4.C -O2 compilation failed to produce executable
FAIL: libgomp.c++/ctor-4.C -O3 -fomit-frame-pointer (test for excess errors)
UNRESOLVED: libgomp.c++/ctor-4.C -O3 -fomit-frame-pointer compilation failed to produce executable
FAIL: libgomp.c++/ctor-4.C -O3 -fomit-frame-pointer -funroll-loops (test for excess errors)
UNRESOLVED: libgomp.c++/ctor-4.C -O3 -fomit-frame-pointer -funroll-loops compilation failed to produce executable
FAIL: libgomp.c++/ctor-4.C -O3 -fomit-frame-pointer -funroll-all-loops -finline-functions (test for excess errors)
UNRESOLVED: libgomp.c++/ctor-4.C -O3 -fomit-frame-pointer -funroll-all-loops -finline-functions compilation failed to produce executable
FAIL: libgomp.c++/ctor-4.C -O3 -g (test for excess errors)
UNRESOLVED: libgomp.c++/ctor-4.C -O3 -g compilation failed to produce executable
FAIL: libgomp.c++/ctor-4.C -Os (test for excess errors)
UNRESOLVED: libgomp.c++/ctor-4.C -Os compilation failed to produce executable
FAIL: libgomp.c++/ctor-5.C -O0 (test for excess errors)
UNRESOLVED: libgomp.c++/ctor-5.C -O0 compilation failed to produce executable
FAIL: libgomp.c++/ctor-5.C -O1 (test for excess errors)
UNRESOLVED: libgomp.c++/ctor-5.C -O1 compilation failed to produce executable
FAIL: libgomp.c++/ctor-5.C -O2 (test for excess errors)
UNRESOLVED: libgomp.c++/ctor-5.C -O2 compilation failed to produce executable
FAIL: libgomp.c++/ctor-5.C -O3 -fomit-frame-pointer (test for excess errors)
UNRESOLVED: libgomp.c++/ctor-5.C -O3 -fomit-frame-pointer compilation failed to produce executable
FAIL: libgomp.c++/ctor-5.C -O3 -fomit-frame-pointer -funroll-loops (test for excess errors)
UNRESOLVED: libgomp.c++/ctor-5.C -O3 -fomit-frame-pointer -funroll-loops compilation failed to produce executable
FAIL: libgomp.c++/ctor-5.C -O3 -fomit-frame-pointer -funroll-all-loops -finline-functions (test for excess errors)
UNRESOLVED: libgomp.c++/ctor-5.C -O3 -fomit-frame-pointer -funroll-all-loops -finline-functions compilation failed to produce executable
FAIL: libgomp.c++/ctor-5.C -O3 -g (test for excess errors)
UNRESOLVED: libgomp.c++/ctor-5.C -O3 -g compilation failed to produce executable
FAIL: libgomp.c++/ctor-5.C -Os (test for excess errors)
UNRESOLVED: libgomp.c++/ctor-5.C -Os compilation failed to produce executable
FAIL: libgomp.c++/ctor-6.C -O0 (test for excess errors)
UNRESOLVED: libgomp.c++/ctor-6.C -O0 compilation failed to produce executable
FAIL: libgomp.c++/ctor-6.C -O1 (test for excess errors)
UNRESOLVED: libgomp.c++/ctor-6.C -O1 compilation failed to produce executable
FAIL: libgomp.c++/ctor-6.C -O2 (test for excess errors)
UNRESOLVED: libgomp.c++/ctor-6.C -O2 compilation failed to produce executable
FAIL: libgomp.c++/ctor-6.C -O3 -fomit-frame-pointer (test for excess errors)
UNRESOLVED: libgomp.c++/ctor-6.C -O3 -fomit-frame-pointer compilation failed to produce executable
FAIL: libgomp.c++/ctor-6.C -O3 -fomit-frame-pointer -funroll-loops (test for excess errors)
UNRESOLVED: libgomp.c++/ctor-6.C -O3 -fomit-frame-pointer -funroll-loops compilation failed to produce executable
FAIL: libgomp.c++/ctor-6.C -O3 -fomit-frame-pointer -funroll-all-loops -finline-functions (test for excess errors)
UNRESOLVED: libgomp.c++/ctor-6.C -O3 -fomit-frame-pointer -funroll-all-loops -finline-functions compilation failed to produce executable
FAIL: libgomp.c++/ctor-6.C -O3 -g (test for excess errors)
UNRESOLVED: libgomp.c++/ctor-6.C -O3 -g compilation failed to produce executable
FAIL: libgomp.c++/ctor-6.C -Os (test for excess errors)
UNRESOLVED: libgomp.c++/ctor-6.C -Os compilation failed to produce executable
FAIL: libgomp.c++/ctor-7.C -O0 (test for excess errors)
UNRESOLVED: libgomp.c++/ctor-7.C -O0 compilation failed to produce executable
FAIL: libgomp.c++/ctor-7.C -O1 (test for excess errors)
UNRESOLVED: libgomp.c++/ctor-7.C -O1 compilation failed to produce executable
FAIL: libgomp.c++/ctor-7.C -O2 (test for excess errors)
UNRESOLVED: libgomp.c++/ctor-7.C -O2 compilation failed to produce executable
FAIL: libgomp.c++/ctor-7.C -O3 -fomit-frame-pointer (test for excess errors)
UNRESOLVED: libgomp.c++/ctor-7.C -O3 -fomit-frame-pointer compilation failed to produce executable
FAIL: libgomp.c++/ctor-7.C -O3 -fomit-frame-pointer -funroll-loops (test for excess errors)
UNRESOLVED: libgomp.c++/ctor-7.C -O3 -fomit-frame-pointer -funroll-loops compilation failed to produce executable
FAIL: libgomp.c++/ctor-7.C -O3 -fomit-frame-pointer -funroll-all-loops -finline-functions (test for excess errors)
UNRESOLVED: libgomp.c++/ctor-7.C -O3 -fomit-frame-pointer -funroll-all-loops -finline-functions compilation failed to produce executable
FAIL: libgomp.c++/ctor-7.C -O3 -g (test for excess errors)
UNRESOLVED: libgomp.c++/ctor-7.C -O3 -g compilation failed to produce executable
FAIL: libgomp.c++/ctor-7.C -Os (test for excess errors)
UNRESOLVED: libgomp.c++/ctor-7.C -Os compilation failed to produce executable
FAIL: libgomp.c++/ctor-8.C -O0 (test for excess errors)
UNRESOLVED: libgomp.c++/ctor-8.C -O0 compilation failed to produce executable
FAIL: libgomp.c++/ctor-8.C -O1 (test for excess errors)
UNRESOLVED: libgomp.c++/ctor-8.C -O1 compilation failed to produce executable
FAIL: libgomp.c++/ctor-8.C -O2 (test for excess errors)
UNRESOLVED: libgomp.c++/ctor-8.C -O2 compilation failed to produce executable
FAIL: libgomp.c++/ctor-8.C -O3 -fomit-frame-pointer (test for excess errors)
UNRESOLVED: libgomp.c++/ctor-8.C -O3 -fomit-frame-pointer compilation failed to produce executable
FAIL: libgomp.c++/ctor-8.C -O3 -fomit-frame-pointer -funroll-loops (test for excess errors)
UNRESOLVED: libgomp.c++/ctor-8.C -O3 -fomit-frame-pointer -funroll-loops compilation failed to produce executable
FAIL: libgomp.c++/ctor-8.C -O3 -fomit-frame-pointer -funroll-all-loops -finline-functions (test for excess errors)
UNRESOLVED: libgomp.c++/ctor-8.C -O3 -fomit-frame-pointer -funroll-all-loops -finline-functions compilation failed to produce executable
FAIL: libgomp.c++/ctor-8.C -O3 -g (test for excess errors)
UNRESOLVED: libgomp.c++/ctor-8.C -O3 -g compilation failed to produce executable
FAIL: libgomp.c++/ctor-8.C -Os (test for excess errors)
UNRESOLVED: libgomp.c++/ctor-8.C -Os compilation failed to produce executable
FAIL: libgomp.c++/ctor-9.C -O0 (test for excess errors)
UNRESOLVED: libgomp.c++/ctor-9.C -O0 compilation failed to produce executable
FAIL: libgomp.c++/ctor-9.C -O1 (test for excess errors)
UNRESOLVED: libgomp.c++/ctor-9.C -O1 compilation failed to produce executable
FAIL: libgomp.c++/ctor-9.C -O2 (test for excess errors)
UNRESOLVED: libgomp.c++/ctor-9.C -O2 compilation failed to produce executable
FAIL: libgomp.c++/ctor-9.C -O3 -fomit-frame-pointer (test for excess errors)
UNRESOLVED: libgomp.c++/ctor-9.C -O3 -fomit-frame-pointer compilation failed to produce executable
FAIL: libgomp.c++/ctor-9.C -O3 -fomit-frame-pointer -funroll-loops (test for excess errors)
UNRESOLVED: libgomp.c++/ctor-9.C -O3 -fomit-frame-pointer -funroll-loops compilation failed to produce executable
FAIL: libgomp.c++/ctor-9.C -O3 -fomit-frame-pointer -funroll-all-loops -finline-functions (test for excess errors)
UNRESOLVED: libgomp.c++/ctor-9.C -O3 -fomit-frame-pointer -funroll-all-loops -finline-functions compilation failed to produce executable
FAIL: libgomp.c++/ctor-9.C -O3 -g (test for excess errors)
UNRESOLVED: libgomp.c++/ctor-9.C -O3 -g compilation failed to produce executable
FAIL: libgomp.c++/ctor-9.C -Os (test for excess errors)
UNRESOLVED: libgomp.c++/ctor-9.C -Os compilation failed to produce executable
FAIL: libgomp.c++/loop-1.C -O (test for excess errors)
UNRESOLVED: libgomp.c++/loop-1.C -O compilation failed to produce executable
FAIL: libgomp.c++/loop-2.C -O (test for excess errors)
UNRESOLVED: libgomp.c++/loop-2.C -O compilation failed to produce executable
FAIL: libgomp.c++/loop-3.C -O (test for excess errors)
UNRESOLVED: libgomp.c++/loop-3.C -O compilation failed to produce executable
FAIL: libgomp.c++/loop-4.C -O (test for excess errors)
UNRESOLVED: libgomp.c++/loop-4.C -O compilation failed to produce executable
FAIL: libgomp.c++/loop-5.C -O (test for excess errors)
UNRESOLVED: libgomp.c++/loop-5.C -O compilation failed to produce executable
FAIL: libgomp.c++/loop-6.C -O0 (test for excess errors)
UNRESOLVED: libgomp.c++/loop-6.C -O0 compilation failed to produce executable
FAIL: libgomp.c++/loop-6.C -O1 (test for excess errors)
UNRESOLVED: libgomp.c++/loop-6.C -O1 compilation failed to produce executable
FAIL: libgomp.c++/loop-6.C -O2 (test for excess errors)
UNRESOLVED: libgomp.c++/loop-6.C -O2 compilation failed to produce executable
FAIL: libgomp.c++/loop-6.C -O3 -fomit-frame-pointer (test for excess errors)
UNRESOLVED: libgomp.c++/loop-6.C -O3 -fomit-frame-pointer compilation failed to produce executable
FAIL: libgomp.c++/loop-6.C -O3 -fomit-frame-pointer -funroll-loops (test for excess errors)
UNRESOLVED: libgomp.c++/loop-6.C -O3 -fomit-frame-pointer -funroll-loops compilation failed to produce executable
FAIL: libgomp.c++/loop-6.C -O3 -fomit-frame-pointer -funroll-all-loops -finline-functions (test for excess errors)
UNRESOLVED: libgomp.c++/loop-6.C -O3 -fomit-frame-pointer -funroll-all-loops -finline-functions compilation failed to produce executable
FAIL: libgomp.c++/loop-6.C -O3 -g (test for excess errors)
UNRESOLVED: libgomp.c++/loop-6.C -O3 -g compilation failed to produce executable
FAIL: libgomp.c++/loop-6.C -Os (test for excess errors)
UNRESOLVED: libgomp.c++/loop-6.C -Os compilation failed to produce executable
FAIL: libgomp.c++/loop-7.C -O0 (test for excess errors)
UNRESOLVED: libgomp.c++/loop-7.C -O0 compilation failed to produce executable
FAIL: libgomp.c++/loop-7.C -O1 (test for excess errors)
UNRESOLVED: libgomp.c++/loop-7.C -O1 compilation failed to produce executable
FAIL: libgomp.c++/loop-7.C -O2 (test for excess errors)
UNRESOLVED: libgomp.c++/loop-7.C -O2 compilation failed to produce executable
FAIL: libgomp.c++/loop-7.C -O3 -fomit-frame-pointer (test for excess errors)
UNRESOLVED: libgomp.c++/loop-7.C -O3 -fomit-frame-pointer compilation failed to produce executable
FAIL: libgomp.c++/loop-7.C -O3 -fomit-frame-pointer -funroll-loops (test for excess errors)
UNRESOLVED: libgomp.c++/loop-7.C -O3 -fomit-frame-pointer -funroll-loops compilation failed to produce executable
FAIL: libgomp.c++/loop-7.C -O3 -fomit-frame-pointer -funroll-all-loops -finline-functions (test for excess errors)
UNRESOLVED: libgomp.c++/loop-7.C -O3 -fomit-frame-pointer -funroll-all-loops -finline-functions compilation failed to produce executable
FAIL: libgomp.c++/loop-7.C -O3 -g (test for excess errors)
UNRESOLVED: libgomp.c++/loop-7.C -O3 -g compilation failed to produce executable
FAIL: libgomp.c++/loop-7.C -Os (test for excess errors)
UNRESOLVED: libgomp.c++/loop-7.C -Os compilation failed to produce executable
FAIL: libgomp.c++/master-1.C -O0 (test for excess errors)
UNRESOLVED: libgomp.c++/master-1.C -O0 compilation failed to produce executable
FAIL: libgomp.c++/master-1.C -O1 (test for excess errors)
UNRESOLVED: libgomp.c++/master-1.C -O1 compilation failed to produce executable
FAIL: libgomp.c++/master-1.C -O2 (test for excess errors)
UNRESOLVED: libgomp.c++/master-1.C -O2 compilation failed to produce executable
FAIL: libgomp.c++/master-1.C -O3 -fomit-frame-pointer (test for excess errors)
UNRESOLVED: libgomp.c++/master-1.C -O3 -fomit-frame-pointer compilation failed to produce executable
FAIL: libgomp.c++/master-1.C -O3 -fomit-frame-pointer -funroll-loops (test for excess errors)
UNRESOLVED: libgomp.c++/master-1.C -O3 -fomit-frame-pointer -funroll-loops compilation failed to produce executable
FAIL: libgomp.c++/master-1.C -O3 -fomit-frame-pointer -funroll-all-loops -finline-functions (test for excess errors)
UNRESOLVED: libgomp.c++/master-1.C -O3 -fomit-frame-pointer -funroll-all-loops -finline-functions compilation failed to produce executable
FAIL: libgomp.c++/master-1.C -O3 -g (test for excess errors)
UNRESOLVED: libgomp.c++/master-1.C -O3 -g compilation failed to produce executable
FAIL: libgomp.c++/master-1.C -Os (test for excess errors)
UNRESOLVED: libgomp.c++/master-1.C -Os compilation failed to produce executable
FAIL: libgomp.c++/nested-1.C -O0 (test for excess errors)
UNRESOLVED: libgomp.c++/nested-1.C -O0 compilation failed to produce executable
FAIL: libgomp.c++/nested-1.C -O1 (test for excess errors)
UNRESOLVED: libgomp.c++/nested-1.C -O1 compilation failed to produce executable
FAIL: libgomp.c++/nested-1.C -O2 (test for excess errors)
UNRESOLVED: libgomp.c++/nested-1.C -O2 compilation failed to produce executable
FAIL: libgomp.c++/nested-1.C -O3 -fomit-frame-pointer (test for excess errors)
UNRESOLVED: libgomp.c++/nested-1.C -O3 -fomit-frame-pointer compilation failed to produce executable
FAIL: libgomp.c++/nested-1.C -O3 -fomit-frame-pointer -funroll-loops (test for excess errors)
UNRESOLVED: libgomp.c++/nested-1.C -O3 -fomit-frame-pointer -funroll-loops compilation failed to produce executable
FAIL: libgomp.c++/nested-1.C -O3 -fomit-frame-pointer -funroll-all-loops -finline-functions (test for excess errors)
UNRESOLVED: libgomp.c++/nested-1.C -O3 -fomit-frame-pointer -funroll-all-loops -finline-functions compilation failed to produce executable
FAIL: libgomp.c++/nested-1.C -O3 -g (test for excess errors)
UNRESOLVED: libgomp.c++/nested-1.C -O3 -g compilation failed to produce executable
FAIL: libgomp.c++/nested-1.C -Os (test for excess errors)
UNRESOLVED: libgomp.c++/nested-1.C -Os compilation failed to produce executable
FAIL: libgomp.c++/parallel-1.C -O (test for excess errors)
UNRESOLVED: libgomp.c++/parallel-1.C -O compilation failed to produce executable
FAIL: libgomp.c++/pr24455.C -O0 (test for excess errors)
UNRESOLVED: libgomp.c++/pr24455.C -O0 compilation failed to produce executable
FAIL: libgomp.c++/pr24455.C -O1 (test for excess errors)
UNRESOLVED: libgomp.c++/pr24455.C -O1 compilation failed to produce executable
FAIL: libgomp.c++/pr24455.C -O2 (test for excess errors)
UNRESOLVED: libgomp.c++/pr24455.C -O2 compilation failed to produce executable
FAIL: libgomp.c++/pr24455.C -O3 -fomit-frame-pointer (test for excess errors)
UNRESOLVED: libgomp.c++/pr24455.C -O3 -fomit-frame-pointer compilation failed to produce executable
FAIL: libgomp.c++/pr24455.C -O3 -fomit-frame-pointer -funroll-loops (test for excess errors)
UNRESOLVED: libgomp.c++/pr24455.C -O3 -fomit-frame-pointer -funroll-loops compilation failed to produce executable
FAIL: libgomp.c++/pr24455.C -O3 -fomit-frame-pointer -funroll-all-loops -finline-functions (test for excess errors)
UNRESOLVED: libgomp.c++/pr24455.C -O3 -fomit-frame-pointer -funroll-all-loops -finline-functions compilation failed to produce executable
FAIL: libgomp.c++/pr24455.C -O3 -g (test for excess errors)
UNRESOLVED: libgomp.c++/pr24455.C -O3 -g compilation failed to produce executable
FAIL: libgomp.c++/pr24455.C -Os (test for excess errors)
UNRESOLVED: libgomp.c++/pr24455.C -Os compilation failed to produce executable
FAIL: libgomp.c++/pr26691.C -O (test for excess errors)
UNRESOLVED: libgomp.c++/pr26691.C -O compilation failed to produce executable
FAIL: libgomp.c++/pr26943.C -O0 (test for excess errors)
UNRESOLVED: libgomp.c++/pr26943.C -O0 compilation failed to produce executable
FAIL: libgomp.c++/pr26943.C -O1 (test for excess errors)
UNRESOLVED: libgomp.c++/pr26943.C -O1 compilation failed to produce executable
FAIL: libgomp.c++/pr26943.C -O2 (test for excess errors)
UNRESOLVED: libgomp.c++/pr26943.C -O2 compilation failed to produce executable
FAIL: libgomp.c++/pr26943.C -O3 -fomit-frame-pointer (test for excess errors)
UNRESOLVED: libgomp.c++/pr26943.C -O3 -fomit-frame-pointer compilation failed to produce executable
FAIL: libgomp.c++/pr26943.C -O3 -fomit-frame-pointer -funroll-loops (test for excess errors)
UNRESOLVED: libgomp.c++/pr26943.C -O3 -fomit-frame-pointer -funroll-loops compilation failed to produce executable
FAIL: libgomp.c++/pr26943.C -O3 -fomit-frame-pointer -funroll-all-loops -finline-functions (test for excess errors)
UNRESOLVED: libgomp.c++/pr26943.C -O3 -fomit-frame-pointer -funroll-all-loops -finline-functions compilation failed to produce executable
FAIL: libgomp.c++/pr26943.C -O3 -g (test for excess errors)
UNRESOLVED: libgomp.c++/pr26943.C -O3 -g compilation failed to produce executable
FAIL: libgomp.c++/pr26943.C -Os (test for excess errors)
UNRESOLVED: libgomp.c++/pr26943.C -Os compilation failed to produce executable
FAIL: libgomp.c++/pr27337.C -O0 (test for excess errors)
UNRESOLVED: libgomp.c++/pr27337.C -O0 compilation failed to produce executable
FAIL: libgomp.c++/pr27337.C -O1 (test for excess errors)
UNRESOLVED: libgomp.c++/pr27337.C -O1 compilation failed to produce executable
FAIL: libgomp.c++/pr27337.C -O2 (test for excess errors)
UNRESOLVED: libgomp.c++/pr27337.C -O2 compilation failed to produce executable
FAIL: libgomp.c++/pr27337.C -O3 -fomit-frame-pointer (test for excess errors)
UNRESOLVED: libgomp.c++/pr27337.C -O3 -fomit-frame-pointer compilation failed to produce executable
FAIL: libgomp.c++/pr27337.C -O3 -fomit-frame-pointer -funroll-loops (test for excess errors)
UNRESOLVED: libgomp.c++/pr27337.C -O3 -fomit-frame-pointer -funroll-loops compilation failed to produce executable
FAIL: libgomp.c++/pr27337.C -O3 -fomit-frame-pointer -funroll-all-loops -finline-functions (test for excess errors)
UNRESOLVED: libgomp.c++/pr27337.C -O3 -fomit-frame-pointer -funroll-all-loops -finline-functions compilation failed to produce executable
FAIL: libgomp.c++/pr27337.C -O3 -g (test for excess errors)
UNRESOLVED: libgomp.c++/pr27337.C -O3 -g compilation failed to produce executable
FAIL: libgomp.c++/pr27337.C -Os (test for excess errors)
UNRESOLVED: libgomp.c++/pr27337.C -Os compilation failed to produce executable
FAIL: libgomp.c++/reduction-1.C -O (test for excess errors)
UNRESOLVED: libgomp.c++/reduction-1.C -O compilation failed to produce executable
FAIL: libgomp.c++/reduction-2.C -O (test for excess errors)
UNRESOLVED: libgomp.c++/reduction-2.C -O compilation failed to produce executable
FAIL: libgomp.c++/reduction-3.C -O (test for excess errors)
UNRESOLVED: libgomp.c++/reduction-3.C -O compilation failed to produce executable
FAIL: libgomp.c++/sections-1.C -O (test for excess errors)
UNRESOLVED: libgomp.c++/sections-1.C -O compilation failed to produce executable
FAIL: libgomp.c++/shared-1.C -O (test for excess errors)
UNRESOLVED: libgomp.c++/shared-1.C -O compilation failed to produce executable
FAIL: libgomp.c++/shared-2.C -O (test for excess errors)
UNRESOLVED: libgomp.c++/shared-2.C -O compilation failed to produce executable
FAIL: libgomp.c++/single-1.C -O (test for excess errors)
UNRESOLVED: libgomp.c++/single-1.C -O compilation failed to produce executable
FAIL: libgomp.c++/single-2.C -O (test for excess errors)
UNRESOLVED: libgomp.c++/single-2.C -O compilation failed to produce executable
FAIL: libgomp.c++/single-3.C -O (test for excess errors)
UNRESOLVED: libgomp.c++/single-3.C -O compilation failed to produce executable
FAIL: libgomp.fortran/appendix-a/a.16.1.f90 -O0 (test for excess errors)
UNRESOLVED: libgomp.fortran/appendix-a/a.16.1.f90 -O0 compilation failed to produce executable
FAIL: libgomp.fortran/appendix-a/a.16.1.f90 -O1 (test for excess errors)
UNRESOLVED: libgomp.fortran/appendix-a/a.16.1.f90 -O1 compilation failed to produce executable
FAIL: libgomp.fortran/appendix-a/a.16.1.f90 -O2 (test for excess errors)
UNRESOLVED: libgomp.fortran/appendix-a/a.16.1.f90 -O2 compilation failed to produce executable
FAIL: libgomp.fortran/appendix-a/a.16.1.f90 -O3 -fomit-frame-pointer (test for excess errors)
UNRESOLVED: libgomp.fortran/appendix-a/a.16.1.f90 -O3 -fomit-frame-pointer compilation failed to produce executable
FAIL: libgomp.fortran/appendix-a/a.16.1.f90 -O3 -fomit-frame-pointer -funroll-loops (test for excess errors)
UNRESOLVED: libgomp.fortran/appendix-a/a.16.1.f90 -O3 -fomit-frame-pointer -funroll-loops compilation failed to produce executable
FAIL: libgomp.fortran/appendix-a/a.16.1.f90 -O3 -fomit-frame-pointer -funroll-all-loops -finline-functions (test for excess errors)
UNRESOLVED: libgomp.fortran/appendix-a/a.16.1.f90 -O3 -fomit-frame-pointer -funroll-all-loops -finline-functions compilation failed to produce executable
FAIL: libgomp.fortran/appendix-a/a.16.1.f90 -O3 -g (test for excess errors)
UNRESOLVED: libgomp.fortran/appendix-a/a.16.1.f90 -O3 -g compilation failed to produce executable
FAIL: libgomp.fortran/appendix-a/a.16.1.f90 -Os (test for excess errors)
UNRESOLVED: libgomp.fortran/appendix-a/a.16.1.f90 -Os compilation failed to produce executable
FAIL: libgomp.fortran/appendix-a/a.18.1.f90 -O0 (test for excess errors)
UNRESOLVED: libgomp.fortran/appendix-a/a.18.1.f90 -O0 compilation failed to produce executable
FAIL: libgomp.fortran/appendix-a/a.18.1.f90 -O1 (test for excess errors)
UNRESOLVED: libgomp.fortran/appendix-a/a.18.1.f90 -O1 compilation failed to produce executable
FAIL: libgomp.fortran/appendix-a/a.18.1.f90 -O2 (test for excess errors)
UNRESOLVED: libgomp.fortran/appendix-a/a.18.1.f90 -O2 compilation failed to produce executable
FAIL: libgomp.fortran/appendix-a/a.18.1.f90 -O3 -fomit-frame-pointer (test for excess errors)
UNRESOLVED: libgomp.fortran/appendix-a/a.18.1.f90 -O3 -fomit-frame-pointer compilation failed to produce executable
FAIL: libgomp.fortran/appendix-a/a.18.1.f90 -O3 -fomit-frame-pointer -funroll-loops (test for excess errors)
UNRESOLVED: libgomp.fortran/appendix-a/a.18.1.f90 -O3 -fomit-frame-pointer -funroll-loops compilation failed to produce executable
FAIL: libgomp.fortran/appendix-a/a.18.1.f90 -O3 -fomit-frame-pointer -funroll-all-loops -finline-functions (test for excess errors)
UNRESOLVED: libgomp.fortran/appendix-a/a.18.1.f90 -O3 -fomit-frame-pointer -funroll-all-loops -finline-functions compilation failed to produce executable
FAIL: libgomp.fortran/appendix-a/a.18.1.f90 -O3 -g (test for excess errors)
UNRESOLVED: libgomp.fortran/appendix-a/a.18.1.f90 -O3 -g compilation failed to produce executable
FAIL: libgomp.fortran/appendix-a/a.18.1.f90 -Os (test for excess errors)
UNRESOLVED: libgomp.fortran/appendix-a/a.18.1.f90 -Os compilation failed to produce executable
FAIL: libgomp.fortran/appendix-a/a.19.1.f90 -O0 (test for excess errors)
UNRESOLVED: libgomp.fortran/appendix-a/a.19.1.f90 -O0 compilation failed to produce executable
FAIL: libgomp.fortran/appendix-a/a.19.1.f90 -O1 (test for excess errors)
UNRESOLVED: libgomp.fortran/appendix-a/a.19.1.f90 -O1 compilation failed to produce executable
FAIL: libgomp.fortran/appendix-a/a.19.1.f90 -O2 (test for excess errors)
UNRESOLVED: libgomp.fortran/appendix-a/a.19.1.f90 -O2 compilation failed to produce executable
FAIL: libgomp.fortran/appendix-a/a.19.1.f90 -O3 -fomit-frame-pointer (test for excess errors)
UNRESOLVED: libgomp.fortran/appendix-a/a.19.1.f90 -O3 -fomit-frame-pointer compilation failed to produce executable
FAIL: libgomp.fortran/appendix-a/a.19.1.f90 -O3 -fomit-frame-pointer -funroll-loops (test for excess errors)
UNRESOLVED: libgomp.fortran/appendix-a/a.19.1.f90 -O3 -fomit-frame-pointer -funroll-loops compilation failed to produce executable
FAIL: libgomp.fortran/appendix-a/a.19.1.f90 -O3 -fomit-frame-pointer -funroll-all-loops -finline-functions (test for excess errors)
UNRESOLVED: libgomp.fortran/appendix-a/a.19.1.f90 -O3 -fomit-frame-pointer -funroll-all-loops -finline-functions compilation failed to produce executable
FAIL: libgomp.fortran/appendix-a/a.19.1.f90 -O3 -g (test for excess errors)
UNRESOLVED: libgomp.fortran/appendix-a/a.19.1.f90 -O3 -g compilation failed to produce executable
FAIL: libgomp.fortran/appendix-a/a.19.1.f90 -Os (test for excess errors)
UNRESOLVED: libgomp.fortran/appendix-a/a.19.1.f90 -Os compilation failed to produce executable
FAIL: libgomp.fortran/appendix-a/a.2.1.f90 -O0 (test for excess errors)
UNRESOLVED: libgomp.fortran/appendix-a/a.2.1.f90 -O0 compilation failed to produce executable
FAIL: libgomp.fortran/appendix-a/a.2.1.f90 -O1 (test for excess errors)
UNRESOLVED: libgomp.fortran/appendix-a/a.2.1.f90 -O1 compilation failed to produce executable
FAIL: libgomp.fortran/appendix-a/a.2.1.f90 -O2 (test for excess errors)
UNRESOLVED: libgomp.fortran/appendix-a/a.2.1.f90 -O2 compilation failed to produce executable
FAIL: libgomp.fortran/appendix-a/a.2.1.f90 -O3 -fomit-frame-pointer (test for excess errors)
UNRESOLVED: libgomp.fortran/appendix-a/a.2.1.f90 -O3 -fomit-frame-pointer compilation failed to produce executable
FAIL: libgomp.fortran/appendix-a/a.2.1.f90 -O3 -fomit-frame-pointer -funroll-loops (test for excess errors)
UNRESOLVED: libgomp.fortran/appendix-a/a.2.1.f90 -O3 -fomit-frame-pointer -funroll-loops compilation failed to produce executable
FAIL: libgomp.fortran/appendix-a/a.2.1.f90 -O3 -fomit-frame-pointer -funroll-all-loops -finline-functions (test for excess errors)
UNRESOLVED: libgomp.fortran/appendix-a/a.2.1.f90 -O3 -fomit-frame-pointer -funroll-all-loops -finline-functions compilation failed to produce executable
FAIL: libgomp.fortran/appendix-a/a.2.1.f90 -O3 -g (test for excess errors)
UNRESOLVED: libgomp.fortran/appendix-a/a.2.1.f90 -O3 -g compilation failed to produce executable
FAIL: libgomp.fortran/appendix-a/a.2.1.f90 -Os (test for excess errors)
UNRESOLVED: libgomp.fortran/appendix-a/a.2.1.f90 -Os compilation failed to produce executable
FAIL: libgomp.fortran/appendix-a/a.22.7.f90 -O0 (test for excess errors)
UNRESOLVED: libgomp.fortran/appendix-a/a.22.7.f90 -O0 compilation failed to produce executable
FAIL: libgomp.fortran/appendix-a/a.22.7.f90 -O1 (test for excess errors)
UNRESOLVED: libgomp.fortran/appendix-a/a.22.7.f90 -O1 compilation failed to produce executable
FAIL: libgomp.fortran/appendix-a/a.22.7.f90 -O2 (test for excess errors)
UNRESOLVED: libgomp.fortran/appendix-a/a.22.7.f90 -O2 compilation failed to produce executable
FAIL: libgomp.fortran/appendix-a/a.22.7.f90 -O3 -fomit-frame-pointer (test for excess errors)
UNRESOLVED: libgomp.fortran/appendix-a/a.22.7.f90 -O3 -fomit-frame-pointer compilation failed to produce executable
FAIL: libgomp.fortran/appendix-a/a.22.7.f90 -O3 -fomit-frame-pointer -funroll-loops (test for excess errors)
UNRESOLVED: libgomp.fortran/appendix-a/a.22.7.f90 -O3 -fomit-frame-pointer -funroll-loops compilation failed to produce executable
FAIL: libgomp.fortran/appendix-a/a.22.7.f90 -O3 -fomit-frame-pointer -funroll-all-loops -finline-functions (test for excess errors)
UNRESOLVED: libgomp.fortran/appendix-a/a.22.7.f90 -O3 -fomit-frame-pointer -funroll-all-loops -finline-functions compilation failed to produce executable
FAIL: libgomp.fortran/appendix-a/a.22.7.f90 -O3 -g (test for excess errors)
UNRESOLVED: libgomp.fortran/appendix-a/a.22.7.f90 -O3 -g compilation failed to produce executable
FAIL: libgomp.fortran/appendix-a/a.22.7.f90 -Os (test for excess errors)
UNRESOLVED: libgomp.fortran/appendix-a/a.22.7.f90 -Os compilation failed to produce executable
FAIL: libgomp.fortran/appendix-a/a.22.8.f90 -O0 (test for excess errors)
UNRESOLVED: libgomp.fortran/appendix-a/a.22.8.f90 -O0 compilation failed to produce executable
FAIL: libgomp.fortran/appendix-a/a.22.8.f90 -O1 (test for excess errors)
UNRESOLVED: libgomp.fortran/appendix-a/a.22.8.f90 -O1 compilation failed to produce executable
FAIL: libgomp.fortran/appendix-a/a.22.8.f90 -O2 (test for excess errors)
UNRESOLVED: libgomp.fortran/appendix-a/a.22.8.f90 -O2 compilation failed to produce executable
FAIL: libgomp.fortran/appendix-a/a.22.8.f90 -O3 -fomit-frame-pointer (test for excess errors)
UNRESOLVED: libgomp.fortran/appendix-a/a.22.8.f90 -O3 -fomit-frame-pointer compilation failed to produce executable
FAIL: libgomp.fortran/appendix-a/a.22.8.f90 -O3 -fomit-frame-pointer -funroll-loops (test for excess errors)
UNRESOLVED: libgomp.fortran/appendix-a/a.22.8.f90 -O3 -fomit-frame-pointer -funroll-loops compilation failed to produce executable
FAIL: libgomp.fortran/appendix-a/a.22.8.f90 -O3 -fomit-frame-pointer -funroll-all-loops -finline-functions (test for excess errors)
UNRESOLVED: libgomp.fortran/appendix-a/a.22.8.f90 -O3 -fomit-frame-pointer -funroll-all-loops -finline-functions compilation failed to produce executable
FAIL: libgomp.fortran/appendix-a/a.22.8.f90 -O3 -g (test for excess errors)
UNRESOLVED: libgomp.fortran/appendix-a/a.22.8.f90 -O3 -g compilation failed to produce executable
FAIL: libgomp.fortran/appendix-a/a.22.8.f90 -Os (test for excess errors)
UNRESOLVED: libgomp.fortran/appendix-a/a.22.8.f90 -Os compilation failed to produce executable
FAIL: libgomp.fortran/appendix-a/a.26.1.f90 -O0 (test for excess errors)
UNRESOLVED: libgomp.fortran/appendix-a/a.26.1.f90 -O0 compilation failed to produce executable
FAIL: libgomp.fortran/appendix-a/a.26.1.f90 -O1 (test for excess errors)
UNRESOLVED: libgomp.fortran/appendix-a/a.26.1.f90 -O1 compilation failed to produce executable
FAIL: libgomp.fortran/appendix-a/a.26.1.f90 -O2 (test for excess errors)
UNRESOLVED: libgomp.fortran/appendix-a/a.26.1.f90 -O2 compilation failed to produce executable
FAIL: libgomp.fortran/appendix-a/a.26.1.f90 -O3 -fomit-frame-pointer (test for excess errors)
UNRESOLVED: libgomp.fortran/appendix-a/a.26.1.f90 -O3 -fomit-frame-pointer compilation failed to produce executable
FAIL: libgomp.fortran/appendix-a/a.26.1.f90 -O3 -fomit-frame-pointer -funroll-loops (test for excess errors)
UNRESOLVED: libgomp.fortran/appendix-a/a.26.1.f90 -O3 -fomit-frame-pointer -funroll-loops compilation failed to produce executable
FAIL: libgomp.fortran/appendix-a/a.26.1.f90 -O3 -fomit-frame-pointer -funroll-all-loops -finline-functions (test for excess errors)
UNRESOLVED: libgomp.fortran/appendix-a/a.26.1.f90 -O3 -fomit-frame-pointer -funroll-all-loops -finline-functions compilation failed to produce executable
FAIL: libgomp.fortran/appendix-a/a.26.1.f90 -O3 -g (test for excess errors)
UNRESOLVED: libgomp.fortran/appendix-a/a.26.1.f90 -O3 -g compilation failed to produce executable
FAIL: libgomp.fortran/appendix-a/a.26.1.f90 -Os (test for excess errors)
UNRESOLVED: libgomp.fortran/appendix-a/a.26.1.f90 -Os compilation failed to produce executable
FAIL: libgomp.fortran/appendix-a/a.28.1.f90 -O0 (test for excess errors)
UNRESOLVED: libgomp.fortran/appendix-a/a.28.1.f90 -O0 compilation failed to produce executable
FAIL: libgomp.fortran/appendix-a/a.28.1.f90 -O1 (test for excess errors)
UNRESOLVED: libgomp.fortran/appendix-a/a.28.1.f90 -O1 compilation failed to produce executable
FAIL: libgomp.fortran/appendix-a/a.28.1.f90 -O2 (test for excess errors)
UNRESOLVED: libgomp.fortran/appendix-a/a.28.1.f90 -O2 compilation failed to produce executable
FAIL: libgomp.fortran/appendix-a/a.28.1.f90 -O3 -fomit-frame-pointer (test for excess errors)
UNRESOLVED: libgomp.fortran/appendix-a/a.28.1.f90 -O3 -fomit-frame-pointer compilation failed to produce executable
FAIL: libgomp.fortran/appendix-a/a.28.1.f90 -O3 -fomit-frame-pointer -funroll-loops (test for excess errors)
UNRESOLVED: libgomp.fortran/appendix-a/a.28.1.f90 -O3 -fomit-frame-pointer -funroll-loops compilation failed to produce executable
FAIL: libgomp.fortran/appendix-a/a.28.1.f90 -O3 -fomit-frame-pointer -funroll-all-loops -finline-functions (test for excess errors)
UNRESOLVED: libgomp.fortran/appendix-a/a.28.1.f90 -O3 -fomit-frame-pointer -funroll-all-loops -finline-functions compilation failed to produce executable
FAIL: libgomp.fortran/appendix-a/a.28.1.f90 -O3 -g (test for excess errors)
UNRESOLVED: libgomp.fortran/appendix-a/a.28.1.f90 -O3 -g compilation failed to produce executable
FAIL: libgomp.fortran/appendix-a/a.28.1.f90 -Os (test for excess errors)
UNRESOLVED: libgomp.fortran/appendix-a/a.28.1.f90 -Os compilation failed to produce executable
FAIL: libgomp.fortran/appendix-a/a.28.2.f90 -O0 (test for excess errors)
UNRESOLVED: libgomp.fortran/appendix-a/a.28.2.f90 -O0 compilation failed to produce executable
FAIL: libgomp.fortran/appendix-a/a.28.2.f90 -O1 (test for excess errors)
UNRESOLVED: libgomp.fortran/appendix-a/a.28.2.f90 -O1 compilation failed to produce executable
FAIL: libgomp.fortran/appendix-a/a.28.2.f90 -O2 (test for excess errors)
UNRESOLVED: libgomp.fortran/appendix-a/a.28.2.f90 -O2 compilation failed to produce executable
FAIL: libgomp.fortran/appendix-a/a.28.2.f90 -O3 -fomit-frame-pointer (test for excess errors)
UNRESOLVED: libgomp.fortran/appendix-a/a.28.2.f90 -O3 -fomit-frame-pointer compilation failed to produce executable
FAIL: libgomp.fortran/appendix-a/a.28.2.f90 -O3 -fomit-frame-pointer -funroll-loops (test for excess errors)
UNRESOLVED: libgomp.fortran/appendix-a/a.28.2.f90 -O3 -fomit-frame-pointer -funroll-loops compilation failed to produce executable
FAIL: libgomp.fortran/appendix-a/a.28.2.f90 -O3 -fomit-frame-pointer -funroll-all-loops -finline-functions (test for excess errors)
UNRESOLVED: libgomp.fortran/appendix-a/a.28.2.f90 -O3 -fomit-frame-pointer -funroll-all-loops -finline-functions compilation failed to produce executable
FAIL: libgomp.fortran/appendix-a/a.28.2.f90 -O3 -g (test for excess errors)
UNRESOLVED: libgomp.fortran/appendix-a/a.28.2.f90 -O3 -g compilation failed to produce executable
FAIL: libgomp.fortran/appendix-a/a.28.2.f90 -Os (test for excess errors)
UNRESOLVED: libgomp.fortran/appendix-a/a.28.2.f90 -Os compilation failed to produce executable
FAIL: libgomp.fortran/appendix-a/a.28.3.f90 -O0 (test for excess errors)
UNRESOLVED: libgomp.fortran/appendix-a/a.28.3.f90 -O0 compilation failed to produce executable
FAIL: libgomp.fortran/appendix-a/a.28.3.f90 -O1 (test for excess errors)
UNRESOLVED: libgomp.fortran/appendix-a/a.28.3.f90 -O1 compilation failed to produce executable
FAIL: libgomp.fortran/appendix-a/a.28.3.f90 -O2 (test for excess errors)
UNRESOLVED: libgomp.fortran/appendix-a/a.28.3.f90 -O2 compilation failed to produce executable
FAIL: libgomp.fortran/appendix-a/a.28.3.f90 -O3 -fomit-frame-pointer (test for excess errors)
UNRESOLVED: libgomp.fortran/appendix-a/a.28.3.f90 -O3 -fomit-frame-pointer compilation failed to produce executable
FAIL: libgomp.fortran/appendix-a/a.28.3.f90 -O3 -fomit-frame-pointer -funroll-loops (test for excess errors)
UNRESOLVED: libgomp.fortran/appendix-a/a.28.3.f90 -O3 -fomit-frame-pointer -funroll-loops compilation failed to produce executable
FAIL: libgomp.fortran/appendix-a/a.28.3.f90 -O3 -fomit-frame-pointer -funroll-all-loops -finline-functions (test for excess errors)
UNRESOLVED: libgomp.fortran/appendix-a/a.28.3.f90 -O3 -fomit-frame-pointer -funroll-all-loops -finline-functions compilation failed to produce executable
FAIL: libgomp.fortran/appendix-a/a.28.3.f90 -O3 -g (test for excess errors)
UNRESOLVED: libgomp.fortran/appendix-a/a.28.3.f90 -O3 -g compilation failed to produce executable
FAIL: libgomp.fortran/appendix-a/a.28.3.f90 -Os (test for excess errors)
UNRESOLVED: libgomp.fortran/appendix-a/a.28.3.f90 -Os compilation failed to produce executable
FAIL: libgomp.fortran/appendix-a/a.28.4.f90 -O0 (test for excess errors)
UNRESOLVED: libgomp.fortran/appendix-a/a.28.4.f90 -O0 compilation failed to produce executable
FAIL: libgomp.fortran/appendix-a/a.28.4.f90 -O1 (test for excess errors)
UNRESOLVED: libgomp.fortran/appendix-a/a.28.4.f90 -O1 compilation failed to produce executable
FAIL: libgomp.fortran/appendix-a/a.28.4.f90 -O2 (test for excess errors)
UNRESOLVED: libgomp.fortran/appendix-a/a.28.4.f90 -O2 compilation failed to produce executable
FAIL: libgomp.fortran/appendix-a/a.28.4.f90 -O3 -fomit-frame-pointer (test for excess errors)
UNRESOLVED: libgomp.fortran/appendix-a/a.28.4.f90 -O3 -fomit-frame-pointer compilation failed to produce executable
FAIL: libgomp.fortran/appendix-a/a.28.4.f90 -O3 -fomit-frame-pointer -funroll-loops (test for excess errors)
UNRESOLVED: libgomp.fortran/appendix-a/a.28.4.f90 -O3 -fomit-frame-pointer -funroll-loops compilation failed to produce executable
FAIL: libgomp.fortran/appendix-a/a.28.4.f90 -O3 -fomit-frame-pointer -funroll-all-loops -finline-functions (test for excess errors)
UNRESOLVED: libgomp.fortran/appendix-a/a.28.4.f90 -O3 -fomit-frame-pointer -funroll-all-loops -finline-functions compilation failed to produce executable
FAIL: libgomp.fortran/appendix-a/a.28.4.f90 -O3 -g (test for excess errors)
UNRESOLVED: libgomp.fortran/appendix-a/a.28.4.f90 -O3 -g compilation failed to produce executable
FAIL: libgomp.fortran/appendix-a/a.28.4.f90 -Os (test for excess errors)
UNRESOLVED: libgomp.fortran/appendix-a/a.28.4.f90 -Os compilation failed to produce executable
FAIL: libgomp.fortran/appendix-a/a.3.1.f90 -O0 (test for excess errors)
UNRESOLVED: libgomp.fortran/appendix-a/a.3.1.f90 -O0 compilation failed to produce executable
FAIL: libgomp.fortran/appendix-a/a.3.1.f90 -O1 (test for excess errors)
UNRESOLVED: libgomp.fortran/appendix-a/a.3.1.f90 -O1 compilation failed to produce executable
FAIL: libgomp.fortran/appendix-a/a.3.1.f90 -O2 (test for excess errors)
UNRESOLVED: libgomp.fortran/appendix-a/a.3.1.f90 -O2 compilation failed to produce executable
FAIL: libgomp.fortran/appendix-a/a.3.1.f90 -O3 -fomit-frame-pointer (test for excess errors)
UNRESOLVED: libgomp.fortran/appendix-a/a.3.1.f90 -O3 -fomit-frame-pointer compilation failed to produce executable
FAIL: libgomp.fortran/appendix-a/a.3.1.f90 -O3 -fomit-frame-pointer -funroll-loops (test for excess errors)
UNRESOLVED: libgomp.fortran/appendix-a/a.3.1.f90 -O3 -fomit-frame-pointer -funroll-loops compilation failed to produce executable
FAIL: libgomp.fortran/appendix-a/a.3.1.f90 -O3 -fomit-frame-pointer -funroll-all-loops -finline-functions (test for excess errors)
UNRESOLVED: libgomp.fortran/appendix-a/a.3.1.f90 -O3 -fomit-frame-pointer -funroll-all-loops -finline-functions compilation failed to produce executable
FAIL: libgomp.fortran/appendix-a/a.3.1.f90 -O3 -g (test for excess errors)
UNRESOLVED: libgomp.fortran/appendix-a/a.3.1.f90 -O3 -g compilation failed to produce executable
FAIL: libgomp.fortran/appendix-a/a.3.1.f90 -Os (test for excess errors)
UNRESOLVED: libgomp.fortran/appendix-a/a.3.1.f90 -Os compilation failed to produce executable
FAIL: libgomp.fortran/appendix-a/a.31.4.f90 -O0 (test for excess errors)
UNRESOLVED: libgomp.fortran/appendix-a/a.31.4.f90 -O0 compilation failed to produce executable
FAIL: libgomp.fortran/appendix-a/a.31.4.f90 -O1 (test for excess errors)
UNRESOLVED: libgomp.fortran/appendix-a/a.31.4.f90 -O1 compilation failed to produce executable
FAIL: libgomp.fortran/appendix-a/a.31.4.f90 -O2 (test for excess errors)
UNRESOLVED: libgomp.fortran/appendix-a/a.31.4.f90 -O2 compilation failed to produce executable
FAIL: libgomp.fortran/appendix-a/a.31.4.f90 -O3 -fomit-frame-pointer (test for excess errors)
UNRESOLVED: libgomp.fortran/appendix-a/a.31.4.f90 -O3 -fomit-frame-pointer compilation failed to produce executable
FAIL: libgomp.fortran/appendix-a/a.31.4.f90 -O3 -fomit-frame-pointer -funroll-loops (test for excess errors)
UNRESOLVED: libgomp.fortran/appendix-a/a.31.4.f90 -O3 -fomit-frame-pointer -funroll-loops compilation failed to produce executable
FAIL: libgomp.fortran/appendix-a/a.31.4.f90 -O3 -fomit-frame-pointer -funroll-all-loops -finline-functions (test for excess errors)
UNRESOLVED: libgomp.fortran/appendix-a/a.31.4.f90 -O3 -fomit-frame-pointer -funroll-all-loops -finline-functions compilation failed to produce executable
FAIL: libgomp.fortran/appendix-a/a.31.4.f90 -O3 -g (test for excess errors)
UNRESOLVED: libgomp.fortran/appendix-a/a.31.4.f90 -O3 -g compilation failed to produce executable
FAIL: libgomp.fortran/appendix-a/a.31.4.f90 -Os (test for excess errors)
UNRESOLVED: libgomp.fortran/appendix-a/a.31.4.f90 -Os compilation failed to produce executable
FAIL: libgomp.fortran/appendix-a/a.31.5.f90 -O0 (test for excess errors)
UNRESOLVED: libgomp.fortran/appendix-a/a.31.5.f90 -O0 compilation failed to produce executable
FAIL: libgomp.fortran/appendix-a/a.31.5.f90 -O1 (test for excess errors)
UNRESOLVED: libgomp.fortran/appendix-a/a.31.5.f90 -O1 compilation failed to produce executable
FAIL: libgomp.fortran/appendix-a/a.31.5.f90 -O2 (test for excess errors)
UNRESOLVED: libgomp.fortran/appendix-a/a.31.5.f90 -O2 compilation failed to produce executable
FAIL: libgomp.fortran/appendix-a/a.31.5.f90 -O3 -fomit-frame-pointer (test for excess errors)
UNRESOLVED: libgomp.fortran/appendix-a/a.31.5.f90 -O3 -fomit-frame-pointer compilation failed to produce executable
FAIL: libgomp.fortran/appendix-a/a.31.5.f90 -O3 -fomit-frame-pointer -funroll-loops (test for excess errors)
UNRESOLVED: libgomp.fortran/appendix-a/a.31.5.f90 -O3 -fomit-frame-pointer -funroll-loops compilation failed to produce executable
FAIL: libgomp.fortran/appendix-a/a.31.5.f90 -O3 -fomit-frame-pointer -funroll-all-loops -finline-functions (test for excess errors)
UNRESOLVED: libgomp.fortran/appendix-a/a.31.5.f90 -O3 -fomit-frame-pointer -funroll-all-loops -finline-functions compilation failed to produce executable
FAIL: libgomp.fortran/appendix-a/a.31.5.f90 -O3 -g (test for excess errors)
UNRESOLVED: libgomp.fortran/appendix-a/a.31.5.f90 -O3 -g compilation failed to produce executable
FAIL: libgomp.fortran/appendix-a/a.31.5.f90 -Os (test for excess errors)
UNRESOLVED: libgomp.fortran/appendix-a/a.31.5.f90 -Os compilation failed to produce executable
FAIL: libgomp.fortran/appendix-a/a.39.1.f90 -O0 (test for excess errors)
UNRESOLVED: libgomp.fortran/appendix-a/a.39.1.f90 -O0 compilation failed to produce executable
FAIL: libgomp.fortran/appendix-a/a.39.1.f90 -O1 (test for excess errors)
UNRESOLVED: libgomp.fortran/appendix-a/a.39.1.f90 -O1 compilation failed to produce executable
FAIL: libgomp.fortran/appendix-a/a.39.1.f90 -O2 (test for excess errors)
UNRESOLVED: libgomp.fortran/appendix-a/a.39.1.f90 -O2 compilation failed to produce executable
FAIL: libgomp.fortran/appendix-a/a.39.1.f90 -O3 -fomit-frame-pointer (test for excess errors)
UNRESOLVED: libgomp.fortran/appendix-a/a.39.1.f90 -O3 -fomit-frame-pointer compilation failed to produce executable
FAIL: libgomp.fortran/appendix-a/a.39.1.f90 -O3 -fomit-frame-pointer -funroll-loops (test for excess errors)
UNRESOLVED: libgomp.fortran/appendix-a/a.39.1.f90 -O3 -fomit-frame-pointer -funroll-loops compilation failed to produce executable
FAIL: libgomp.fortran/appendix-a/a.39.1.f90 -O3 -fomit-frame-pointer -funroll-all-loops -finline-functions (test for excess errors)
UNRESOLVED: libgomp.fortran/appendix-a/a.39.1.f90 -O3 -fomit-frame-pointer -funroll-all-loops -finline-functions compilation failed to produce executable
FAIL: libgomp.fortran/appendix-a/a.39.1.f90 -O3 -g (test for excess errors)
UNRESOLVED: libgomp.fortran/appendix-a/a.39.1.f90 -O3 -g compilation failed to produce executable
FAIL: libgomp.fortran/appendix-a/a.39.1.f90 -Os (test for excess errors)
UNRESOLVED: libgomp.fortran/appendix-a/a.39.1.f90 -Os compilation failed to produce executable
FAIL: libgomp.fortran/appendix-a/a.4.1.f90 -O0 (test for excess errors)
UNRESOLVED: libgomp.fortran/appendix-a/a.4.1.f90 -O0 compilation failed to produce executable
FAIL: libgomp.fortran/appendix-a/a.4.1.f90 -O1 (test for excess errors)
UNRESOLVED: libgomp.fortran/appendix-a/a.4.1.f90 -O1 compilation failed to produce executable
FAIL: libgomp.fortran/appendix-a/a.4.1.f90 -O2 (test for excess errors)
UNRESOLVED: libgomp.fortran/appendix-a/a.4.1.f90 -O2 compilation failed to produce executable
FAIL: libgomp.fortran/appendix-a/a.4.1.f90 -O3 -fomit-frame-pointer (test for excess errors)
UNRESOLVED: libgomp.fortran/appendix-a/a.4.1.f90 -O3 -fomit-frame-pointer compilation failed to produce executable
FAIL: libgomp.fortran/appendix-a/a.4.1.f90 -O3 -fomit-frame-pointer -funroll-loops (test for excess errors)
UNRESOLVED: libgomp.fortran/appendix-a/a.4.1.f90 -O3 -fomit-frame-pointer -funroll-loops compilation failed to produce executable
FAIL: libgomp.fortran/appendix-a/a.4.1.f90 -O3 -fomit-frame-pointer -funroll-all-loops -finline-functions (test for excess errors)
UNRESOLVED: libgomp.fortran/appendix-a/a.4.1.f90 -O3 -fomit-frame-pointer -funroll-all-loops -finline-functions compilation failed to produce executable
FAIL: libgomp.fortran/appendix-a/a.4.1.f90 -O3 -g (test for excess errors)
UNRESOLVED: libgomp.fortran/appendix-a/a.4.1.f90 -O3 -g compilation failed to produce executable
FAIL: libgomp.fortran/appendix-a/a.4.1.f90 -Os (test for excess errors)
UNRESOLVED: libgomp.fortran/appendix-a/a.4.1.f90 -Os compilation failed to produce executable
FAIL: libgomp.fortran/appendix-a/a.5.1.f90 -O0 (test for excess errors)
UNRESOLVED: libgomp.fortran/appendix-a/a.5.1.f90 -O0 compilation failed to produce executable
FAIL: libgomp.fortran/appendix-a/a.5.1.f90 -O1 (test for excess errors)
UNRESOLVED: libgomp.fortran/appendix-a/a.5.1.f90 -O1 compilation failed to produce executable
FAIL: libgomp.fortran/appendix-a/a.5.1.f90 -O2 (test for excess errors)
UNRESOLVED: libgomp.fortran/appendix-a/a.5.1.f90 -O2 compilation failed to produce executable
FAIL: libgomp.fortran/appendix-a/a.5.1.f90 -O3 -fomit-frame-pointer (test for excess errors)
UNRESOLVED: libgomp.fortran/appendix-a/a.5.1.f90 -O3 -fomit-frame-pointer compilation failed to produce executable
FAIL: libgomp.fortran/appendix-a/a.5.1.f90 -O3 -fomit-frame-pointer -funroll-loops (test for excess errors)
UNRESOLVED: libgomp.fortran/appendix-a/a.5.1.f90 -O3 -fomit-frame-pointer -funroll-loops compilation failed to produce executable
FAIL: libgomp.fortran/appendix-a/a.5.1.f90 -O3 -fomit-frame-pointer -funroll-all-loops -finline-functions (test for excess errors)
UNRESOLVED: libgomp.fortran/appendix-a/a.5.1.f90 -O3 -fomit-frame-pointer -funroll-all-loops -finline-functions compilation failed to produce executable
FAIL: libgomp.fortran/appendix-a/a.5.1.f90 -O3 -g (test for excess errors)
UNRESOLVED: libgomp.fortran/appendix-a/a.5.1.f90 -O3 -g compilation failed to produce executable
FAIL: libgomp.fortran/appendix-a/a.5.1.f90 -Os (test for excess errors)
UNRESOLVED: libgomp.fortran/appendix-a/a.5.1.f90 -Os compilation failed to produce executable
FAIL: libgomp.fortran/appendix-a/a10.1.f90 -O0 (test for excess errors)
UNRESOLVED: libgomp.fortran/appendix-a/a10.1.f90 -O0 compilation failed to produce executable
FAIL: libgomp.fortran/appendix-a/a10.1.f90 -O1 (test for excess errors)
UNRESOLVED: libgomp.fortran/appendix-a/a10.1.f90 -O1 compilation failed to produce executable
FAIL: libgomp.fortran/appendix-a/a10.1.f90 -O2 (test for excess errors)
UNRESOLVED: libgomp.fortran/appendix-a/a10.1.f90 -O2 compilation failed to produce executable
FAIL: libgomp.fortran/appendix-a/a10.1.f90 -O3 -fomit-frame-pointer (test for excess errors)
UNRESOLVED: libgomp.fortran/appendix-a/a10.1.f90 -O3 -fomit-frame-pointer compilation failed to produce executable
FAIL: libgomp.fortran/appendix-a/a10.1.f90 -O3 -fomit-frame-pointer -funroll-loops (test for excess errors)
UNRESOLVED: libgomp.fortran/appendix-a/a10.1.f90 -O3 -fomit-frame-pointer -funroll-loops compilation failed to produce executable
FAIL: libgomp.fortran/appendix-a/a10.1.f90 -O3 -fomit-frame-pointer -funroll-all-loops -finline-functions (test for excess errors)
UNRESOLVED: libgomp.fortran/appendix-a/a10.1.f90 -O3 -fomit-frame-pointer -funroll-all-loops -finline-functions compilation failed to produce executable
FAIL: libgomp.fortran/appendix-a/a10.1.f90 -O3 -g (test for excess errors)
UNRESOLVED: libgomp.fortran/appendix-a/a10.1.f90 -O3 -g compilation failed to produce executable
FAIL: libgomp.fortran/appendix-a/a10.1.f90 -Os (test for excess errors)
UNRESOLVED: libgomp.fortran/appendix-a/a10.1.f90 -Os compilation failed to produce executable
FAIL: libgomp.fortran/character1.f90 -O0 (test for excess errors)
UNRESOLVED: libgomp.fortran/character1.f90 -O0 compilation failed to produce executable
FAIL: libgomp.fortran/character1.f90 -O1 (test for excess errors)
UNRESOLVED: libgomp.fortran/character1.f90 -O1 compilation failed to produce executable
FAIL: libgomp.fortran/character1.f90 -O2 (test for excess errors)
UNRESOLVED: libgomp.fortran/character1.f90 -O2 compilation failed to produce executable
FAIL: libgomp.fortran/character1.f90 -O3 -fomit-frame-pointer (test for excess errors)
UNRESOLVED: libgomp.fortran/character1.f90 -O3 -fomit-frame-pointer compilation failed to produce executable
FAIL: libgomp.fortran/character1.f90 -O3 -fomit-frame-pointer -funroll-loops (test for excess errors)
UNRESOLVED: libgomp.fortran/character1.f90 -O3 -fomit-frame-pointer -funroll-loops compilation failed to produce executable
FAIL: libgomp.fortran/character1.f90 -O3 -fomit-frame-pointer -funroll-all-loops -finline-functions (test for excess errors)
UNRESOLVED: libgomp.fortran/character1.f90 -O3 -fomit-frame-pointer -funroll-all-loops -finline-functions compilation failed to produce executable
FAIL: libgomp.fortran/character1.f90 -O3 -g (test for excess errors)
UNRESOLVED: libgomp.fortran/character1.f90 -O3 -g compilation failed to produce executable
FAIL: libgomp.fortran/character1.f90 -Os (test for excess errors)
UNRESOLVED: libgomp.fortran/character1.f90 -Os compilation failed to produce executable
FAIL: libgomp.fortran/character2.f90 -O0 (test for excess errors)
UNRESOLVED: libgomp.fortran/character2.f90 -O0 compilation failed to produce executable
FAIL: libgomp.fortran/character2.f90 -O1 (test for excess errors)
UNRESOLVED: libgomp.fortran/character2.f90 -O1 compilation failed to produce executable
FAIL: libgomp.fortran/character2.f90 -O2 (test for excess errors)
UNRESOLVED: libgomp.fortran/character2.f90 -O2 compilation failed to produce executable
FAIL: libgomp.fortran/character2.f90 -O3 -fomit-frame-pointer (test for excess errors)
UNRESOLVED: libgomp.fortran/character2.f90 -O3 -fomit-frame-pointer compilation failed to produce executable
FAIL: libgomp.fortran/character2.f90 -O3 -fomit-frame-pointer -funroll-loops (test for excess errors)
UNRESOLVED: libgomp.fortran/character2.f90 -O3 -fomit-frame-pointer -funroll-loops compilation failed to produce executable
FAIL: libgomp.fortran/character2.f90 -O3 -fomit-frame-pointer -funroll-all-loops -finline-functions (test for excess errors)
UNRESOLVED: libgomp.fortran/character2.f90 -O3 -fomit-frame-pointer -funroll-all-loops -finline-functions compilation failed to produce executable
FAIL: libgomp.fortran/character2.f90 -O3 -g (test for excess errors)
UNRESOLVED: libgomp.fortran/character2.f90 -O3 -g compilation failed to produce executable
FAIL: libgomp.fortran/character2.f90 -Os (test for excess errors)
UNRESOLVED: libgomp.fortran/character2.f90 -Os compilation failed to produce executable
FAIL: libgomp.fortran/crayptr1.f90 -O0 (test for excess errors)
UNRESOLVED: libgomp.fortran/crayptr1.f90 -O0 compilation failed to produce executable
FAIL: libgomp.fortran/crayptr1.f90 -O1 (test for excess errors)
UNRESOLVED: libgomp.fortran/crayptr1.f90 -O1 compilation failed to produce executable
FAIL: libgomp.fortran/crayptr1.f90 -O2 (test for excess errors)
UNRESOLVED: libgomp.fortran/crayptr1.f90 -O2 compilation failed to produce executable
FAIL: libgomp.fortran/crayptr1.f90 -O3 -fomit-frame-pointer (test for excess errors)
UNRESOLVED: libgomp.fortran/crayptr1.f90 -O3 -fomit-frame-pointer compilation failed to produce executable
FAIL: libgomp.fortran/crayptr1.f90 -O3 -fomit-frame-pointer -funroll-loops (test for excess errors)
UNRESOLVED: libgomp.fortran/crayptr1.f90 -O3 -fomit-frame-pointer -funroll-loops compilation failed to produce executable
FAIL: libgomp.fortran/crayptr1.f90 -O3 -fomit-frame-pointer -funroll-all-loops -finline-functions (test for excess errors)
UNRESOLVED: libgomp.fortran/crayptr1.f90 -O3 -fomit-frame-pointer -funroll-all-loops -finline-functions compilation failed to produce executable
FAIL: libgomp.fortran/crayptr1.f90 -O3 -g (test for excess errors)
UNRESOLVED: libgomp.fortran/crayptr1.f90 -O3 -g compilation failed to produce executable
FAIL: libgomp.fortran/crayptr1.f90 -Os (test for excess errors)
UNRESOLVED: libgomp.fortran/crayptr1.f90 -Os compilation failed to produce executable
FAIL: libgomp.fortran/do1.f90 -O0 (test for excess errors)
UNRESOLVED: libgomp.fortran/do1.f90 -O0 compilation failed to produce executable
FAIL: libgomp.fortran/do1.f90 -O1 (test for excess errors)
UNRESOLVED: libgomp.fortran/do1.f90 -O1 compilation failed to produce executable
FAIL: libgomp.fortran/do1.f90 -O2 (test for excess errors)
UNRESOLVED: libgomp.fortran/do1.f90 -O2 compilation failed to produce executable
FAIL: libgomp.fortran/do1.f90 -O3 -fomit-frame-pointer (test for excess errors)
UNRESOLVED: libgomp.fortran/do1.f90 -O3 -fomit-frame-pointer compilation failed to produce executable
FAIL: libgomp.fortran/do1.f90 -O3 -fomit-frame-pointer -funroll-loops (test for excess errors)
UNRESOLVED: libgomp.fortran/do1.f90 -O3 -fomit-frame-pointer -funroll-loops compilation failed to produce executable
FAIL: libgomp.fortran/do1.f90 -O3 -fomit-frame-pointer -funroll-all-loops -finline-functions (test for excess errors)
UNRESOLVED: libgomp.fortran/do1.f90 -O3 -fomit-frame-pointer -funroll-all-loops -finline-functions compilation failed to produce executable
FAIL: libgomp.fortran/do1.f90 -O3 -g (test for excess errors)
UNRESOLVED: libgomp.fortran/do1.f90 -O3 -g compilation failed to produce executable
FAIL: libgomp.fortran/do1.f90 -Os (test for excess errors)
UNRESOLVED: libgomp.fortran/do1.f90 -Os compilation failed to produce executable
FAIL: libgomp.fortran/do2.f90 -O0 (test for excess errors)
UNRESOLVED: libgomp.fortran/do2.f90 -O0 compilation failed to produce executable
FAIL: libgomp.fortran/do2.f90 -O1 (test for excess errors)
UNRESOLVED: libgomp.fortran/do2.f90 -O1 compilation failed to produce executable
FAIL: libgomp.fortran/do2.f90 -O2 (test for excess errors)
UNRESOLVED: libgomp.fortran/do2.f90 -O2 compilation failed to produce executable
FAIL: libgomp.fortran/do2.f90 -O3 -fomit-frame-pointer (test for excess errors)
UNRESOLVED: libgomp.fortran/do2.f90 -O3 -fomit-frame-pointer compilation failed to produce executable
FAIL: libgomp.fortran/do2.f90 -O3 -fomit-frame-pointer -funroll-loops (test for excess errors)
UNRESOLVED: libgomp.fortran/do2.f90 -O3 -fomit-frame-pointer -funroll-loops compilation failed to produce executable
FAIL: libgomp.fortran/do2.f90 -O3 -fomit-frame-pointer -funroll-all-loops -finline-functions (test for excess errors)
UNRESOLVED: libgomp.fortran/do2.f90 -O3 -fomit-frame-pointer -funroll-all-loops -finline-functions compilation failed to produce executable
FAIL: libgomp.fortran/do2.f90 -O3 -g (test for excess errors)
UNRESOLVED: libgomp.fortran/do2.f90 -O3 -g compilation failed to produce executable
FAIL: libgomp.fortran/do2.f90 -Os (test for excess errors)
UNRESOLVED: libgomp.fortran/do2.f90 -Os compilation failed to produce executable
FAIL: libgomp.fortran/jacobi.f -O0 (test for excess errors)
UNRESOLVED: libgomp.fortran/jacobi.f -O0 compilation failed to produce executable
FAIL: libgomp.fortran/jacobi.f -O1 (test for excess errors)
UNRESOLVED: libgomp.fortran/jacobi.f -O1 compilation failed to produce executable
FAIL: libgomp.fortran/jacobi.f -O2 (test for excess errors)
UNRESOLVED: libgomp.fortran/jacobi.f -O2 compilation failed to produce executable
FAIL: libgomp.fortran/jacobi.f -O3 -fomit-frame-pointer (test for excess errors)
UNRESOLVED: libgomp.fortran/jacobi.f -O3 -fomit-frame-pointer compilation failed to produce executable
FAIL: libgomp.fortran/jacobi.f -O3 -fomit-frame-pointer -funroll-loops (test for excess errors)
UNRESOLVED: libgomp.fortran/jacobi.f -O3 -fomit-frame-pointer -funroll-loops compilation failed to produce executable
FAIL: libgomp.fortran/jacobi.f -O3 -fomit-frame-pointer -funroll-all-loops -finline-functions (test for excess errors)
UNRESOLVED: libgomp.fortran/jacobi.f -O3 -fomit-frame-pointer -funroll-all-loops -finline-functions compilation failed to produce executable
FAIL: libgomp.fortran/jacobi.f -O3 -g (test for excess errors)
UNRESOLVED: libgomp.fortran/jacobi.f -O3 -g compilation failed to produce executable
FAIL: libgomp.fortran/jacobi.f -Os (test for excess errors)
UNRESOLVED: libgomp.fortran/jacobi.f -Os compilation failed to produce executable
FAIL: libgomp.fortran/lib1.f90 -O0 (test for excess errors)
UNRESOLVED: libgomp.fortran/lib1.f90 -O0 compilation failed to produce executable
FAIL: libgomp.fortran/lib1.f90 -O1 (test for excess errors)
UNRESOLVED: libgomp.fortran/lib1.f90 -O1 compilation failed to produce executable
FAIL: libgomp.fortran/lib1.f90 -O2 (test for excess errors)
UNRESOLVED: libgomp.fortran/lib1.f90 -O2 compilation failed to produce executable
FAIL: libgomp.fortran/lib1.f90 -O3 -fomit-frame-pointer (test for excess errors)
UNRESOLVED: libgomp.fortran/lib1.f90 -O3 -fomit-frame-pointer compilation failed to produce executable
FAIL: libgomp.fortran/lib1.f90 -O3 -fomit-frame-pointer -funroll-loops (test for excess errors)
UNRESOLVED: libgomp.fortran/lib1.f90 -O3 -fomit-frame-pointer -funroll-loops compilation failed to produce executable
FAIL: libgomp.fortran/lib1.f90 -O3 -fomit-frame-pointer -funroll-all-loops -finline-functions (test for excess errors)
UNRESOLVED: libgomp.fortran/lib1.f90 -O3 -fomit-frame-pointer -funroll-all-loops -finline-functions compilation failed to produce executable
FAIL: libgomp.fortran/lib1.f90 -O3 -g (test for excess errors)
UNRESOLVED: libgomp.fortran/lib1.f90 -O3 -g compilation failed to produce executable
FAIL: libgomp.fortran/lib1.f90 -Os (test for excess errors)
UNRESOLVED: libgomp.fortran/lib1.f90 -Os compilation failed to produce executable
FAIL: libgomp.fortran/lib2.f -O0 (test for excess errors)
UNRESOLVED: libgomp.fortran/lib2.f -O0 compilation failed to produce executable
FAIL: libgomp.fortran/lib2.f -O1 (test for excess errors)
UNRESOLVED: libgomp.fortran/lib2.f -O1 compilation failed to produce executable
FAIL: libgomp.fortran/lib2.f -O2 (test for excess errors)
UNRESOLVED: libgomp.fortran/lib2.f -O2 compilation failed to produce executable
FAIL: libgomp.fortran/lib2.f -O3 -fomit-frame-pointer (test for excess errors)
UNRESOLVED: libgomp.fortran/lib2.f -O3 -fomit-frame-pointer compilation failed to produce executable
FAIL: libgomp.fortran/lib2.f -O3 -fomit-frame-pointer -funroll-loops (test for excess errors)
UNRESOLVED: libgomp.fortran/lib2.f -O3 -fomit-frame-pointer -funroll-loops compilation failed to produce executable
FAIL: libgomp.fortran/lib2.f -O3 -fomit-frame-pointer -funroll-all-loops -finline-functions (test for excess errors)
UNRESOLVED: libgomp.fortran/lib2.f -O3 -fomit-frame-pointer -funroll-all-loops -finline-functions compilation failed to produce executable
FAIL: libgomp.fortran/lib2.f -O3 -g (test for excess errors)
UNRESOLVED: libgomp.fortran/lib2.f -O3 -g compilation failed to produce executable
FAIL: libgomp.fortran/lib2.f -Os (test for excess errors)
UNRESOLVED: libgomp.fortran/lib2.f -Os compilation failed to produce executable
FAIL: libgomp.fortran/lib3.f -O0 (test for excess errors)
UNRESOLVED: libgomp.fortran/lib3.f -O0 compilation failed to produce executable
FAIL: libgomp.fortran/lib3.f -O1 (test for excess errors)
UNRESOLVED: libgomp.fortran/lib3.f -O1 compilation failed to produce executable
FAIL: libgomp.fortran/lib3.f -O2 (test for excess errors)
UNRESOLVED: libgomp.fortran/lib3.f -O2 compilation failed to produce executable
FAIL: libgomp.fortran/lib3.f -O3 -fomit-frame-pointer (test for excess errors)
UNRESOLVED: libgomp.fortran/lib3.f -O3 -fomit-frame-pointer compilation failed to produce executable
FAIL: libgomp.fortran/lib3.f -O3 -fomit-frame-pointer -funroll-loops (test for excess errors)
UNRESOLVED: libgomp.fortran/lib3.f -O3 -fomit-frame-pointer -funroll-loops compilation failed to produce executable
FAIL: libgomp.fortran/lib3.f -O3 -fomit-frame-pointer -funroll-all-loops -finline-functions (test for excess errors)
UNRESOLVED: libgomp.fortran/lib3.f -O3 -fomit-frame-pointer -funroll-all-loops -finline-functions compilation failed to produce executable
FAIL: libgomp.fortran/lib3.f -O3 -g (test for excess errors)
UNRESOLVED: libgomp.fortran/lib3.f -O3 -g compilation failed to produce executable
FAIL: libgomp.fortran/lib3.f -Os (test for excess errors)
UNRESOLVED: libgomp.fortran/lib3.f -Os compilation failed to produce executable
FAIL: libgomp.fortran/nestedfn1.f90 -O0 (test for excess errors)
UNRESOLVED: libgomp.fortran/nestedfn1.f90 -O0 compilation failed to produce executable
FAIL: libgomp.fortran/nestedfn1.f90 -O1 (test for excess errors)
UNRESOLVED: libgomp.fortran/nestedfn1.f90 -O1 compilation failed to produce executable
FAIL: libgomp.fortran/nestedfn1.f90 -O2 (test for excess errors)
UNRESOLVED: libgomp.fortran/nestedfn1.f90 -O2 compilation failed to produce executable
FAIL: libgomp.fortran/nestedfn1.f90 -O3 -fomit-frame-pointer (test for excess errors)
UNRESOLVED: libgomp.fortran/nestedfn1.f90 -O3 -fomit-frame-pointer compilation failed to produce executable
FAIL: libgomp.fortran/nestedfn1.f90 -O3 -fomit-frame-pointer -funroll-loops (test for excess errors)
UNRESOLVED: libgomp.fortran/nestedfn1.f90 -O3 -fomit-frame-pointer -funroll-loops compilation failed to produce executable
FAIL: libgomp.fortran/nestedfn1.f90 -O3 -fomit-frame-pointer -funroll-all-loops -finline-functions (test for excess errors)
UNRESOLVED: libgomp.fortran/nestedfn1.f90 -O3 -fomit-frame-pointer -funroll-all-loops -finline-functions compilation failed to produce executable
FAIL: libgomp.fortran/nestedfn1.f90 -O3 -g (test for excess errors)
UNRESOLVED: libgomp.fortran/nestedfn1.f90 -O3 -g compilation failed to produce executable
FAIL: libgomp.fortran/nestedfn1.f90 -Os (test for excess errors)
UNRESOLVED: libgomp.fortran/nestedfn1.f90 -Os compilation failed to produce executable
FAIL: libgomp.fortran/nestedfn2.f90 -O0 (test for excess errors)
UNRESOLVED: libgomp.fortran/nestedfn2.f90 -O0 compilation failed to produce executable
FAIL: libgomp.fortran/nestedfn2.f90 -O1 (test for excess errors)
UNRESOLVED: libgomp.fortran/nestedfn2.f90 -O1 compilation failed to produce executable
FAIL: libgomp.fortran/nestedfn2.f90 -O2 (test for excess errors)
UNRESOLVED: libgomp.fortran/nestedfn2.f90 -O2 compilation failed to produce executable
FAIL: libgomp.fortran/nestedfn2.f90 -O3 -fomit-frame-pointer (test for excess errors)
UNRESOLVED: libgomp.fortran/nestedfn2.f90 -O3 -fomit-frame-pointer compilation failed to produce executable
FAIL: libgomp.fortran/nestedfn2.f90 -O3 -fomit-frame-pointer -funroll-loops (test for excess errors)
UNRESOLVED: libgomp.fortran/nestedfn2.f90 -O3 -fomit-frame-pointer -funroll-loops compilation failed to produce executable
FAIL: libgomp.fortran/nestedfn2.f90 -O3 -fomit-frame-pointer -funroll-all-loops -finline-functions (test for excess errors)
UNRESOLVED: libgomp.fortran/nestedfn2.f90 -O3 -fomit-frame-pointer -funroll-all-loops -finline-functions compilation failed to produce executable
FAIL: libgomp.fortran/nestedfn2.f90 -O3 -g (test for excess errors)
UNRESOLVED: libgomp.fortran/nestedfn2.f90 -O3 -g compilation failed to produce executable
FAIL: libgomp.fortran/nestedfn2.f90 -Os (test for excess errors)
UNRESOLVED: libgomp.fortran/nestedfn2.f90 -Os compilation failed to produce executable
FAIL: libgomp.fortran/omp_atomic1.f90 -O0 (test for excess errors)
UNRESOLVED: libgomp.fortran/omp_atomic1.f90 -O0 compilation failed to produce executable
FAIL: libgomp.fortran/omp_atomic1.f90 -O1 (test for excess errors)
UNRESOLVED: libgomp.fortran/omp_atomic1.f90 -O1 compilation failed to produce executable
FAIL: libgomp.fortran/omp_atomic1.f90 -O2 (test for excess errors)
UNRESOLVED: libgomp.fortran/omp_atomic1.f90 -O2 compilation failed to produce executable
FAIL: libgomp.fortran/omp_atomic1.f90 -O3 -fomit-frame-pointer (test for excess errors)
UNRESOLVED: libgomp.fortran/omp_atomic1.f90 -O3 -fomit-frame-pointer compilation failed to produce executable
FAIL: libgomp.fortran/omp_atomic1.f90 -O3 -fomit-frame-pointer -funroll-loops (test for excess errors)
UNRESOLVED: libgomp.fortran/omp_atomic1.f90 -O3 -fomit-frame-pointer -funroll-loops compilation failed to produce executable
FAIL: libgomp.fortran/omp_atomic1.f90 -O3 -fomit-frame-pointer -funroll-all-loops -finline-functions (test for excess errors)
UNRESOLVED: libgomp.fortran/omp_atomic1.f90 -O3 -fomit-frame-pointer -funroll-all-loops -finline-functions compilation failed to produce executable
FAIL: libgomp.fortran/omp_atomic1.f90 -O3 -g (test for excess errors)
UNRESOLVED: libgomp.fortran/omp_atomic1.f90 -O3 -g compilation failed to produce executable
FAIL: libgomp.fortran/omp_atomic1.f90 -Os (test for excess errors)
UNRESOLVED: libgomp.fortran/omp_atomic1.f90 -Os compilation failed to produce executable
FAIL: libgomp.fortran/omp_atomic2.f90 -O0 (test for excess errors)
UNRESOLVED: libgomp.fortran/omp_atomic2.f90 -O0 compilation failed to produce executable
FAIL: libgomp.fortran/omp_atomic2.f90 -O1 (test for excess errors)
UNRESOLVED: libgomp.fortran/omp_atomic2.f90 -O1 compilation failed to produce executable
FAIL: libgomp.fortran/omp_atomic2.f90 -O2 (test for excess errors)
UNRESOLVED: libgomp.fortran/omp_atomic2.f90 -O2 compilation failed to produce executable
FAIL: libgomp.fortran/omp_atomic2.f90 -O3 -fomit-frame-pointer (test for excess errors)
UNRESOLVED: libgomp.fortran/omp_atomic2.f90 -O3 -fomit-frame-pointer compilation failed to produce executable
FAIL: libgomp.fortran/omp_atomic2.f90 -O3 -fomit-frame-pointer -funroll-loops (test for excess errors)
UNRESOLVED: libgomp.fortran/omp_atomic2.f90 -O3 -fomit-frame-pointer -funroll-loops compilation failed to produce executable
FAIL: libgomp.fortran/omp_atomic2.f90 -O3 -fomit-frame-pointer -funroll-all-loops -finline-functions (test for excess errors)
UNRESOLVED: libgomp.fortran/omp_atomic2.f90 -O3 -fomit-frame-pointer -funroll-all-loops -finline-functions compilation failed to produce executable
FAIL: libgomp.fortran/omp_atomic2.f90 -O3 -g (test for excess errors)
UNRESOLVED: libgomp.fortran/omp_atomic2.f90 -O3 -g compilation failed to produce executable
FAIL: libgomp.fortran/omp_atomic2.f90 -Os (test for excess errors)
UNRESOLVED: libgomp.fortran/omp_atomic2.f90 -Os compilation failed to produce executable
FAIL: libgomp.fortran/omp_cond1.f -O (test for excess errors)
UNRESOLVED: libgomp.fortran/omp_cond1.f -O compilation failed to produce executable
FAIL: libgomp.fortran/omp_cond2.f -O (test for excess errors)
UNRESOLVED: libgomp.fortran/omp_cond2.f -O compilation failed to produce executable
FAIL: libgomp.fortran/omp_cond3.F90 -O (test for excess errors)
UNRESOLVED: libgomp.fortran/omp_cond3.F90 -O compilation failed to produce executable
FAIL: libgomp.fortran/omp_cond4.F90 -O (test for excess errors)
UNRESOLVED: libgomp.fortran/omp_cond4.F90 -O compilation failed to produce executable
FAIL: libgomp.fortran/omp_hello.f -O (test for excess errors)
UNRESOLVED: libgomp.fortran/omp_hello.f -O compilation failed to produce executable
FAIL: libgomp.fortran/omp_orphan.f -O (test for excess errors)
UNRESOLVED: libgomp.fortran/omp_orphan.f -O compilation failed to produce executable
FAIL: libgomp.fortran/omp_parse1.f90 -O0 (test for excess errors)
UNRESOLVED: libgomp.fortran/omp_parse1.f90 -O0 compilation failed to produce executable
FAIL: libgomp.fortran/omp_parse1.f90 -O1 (test for excess errors)
UNRESOLVED: libgomp.fortran/omp_parse1.f90 -O1 compilation failed to produce executable
FAIL: libgomp.fortran/omp_parse1.f90 -O2 (test for excess errors)
UNRESOLVED: libgomp.fortran/omp_parse1.f90 -O2 compilation failed to produce executable
FAIL: libgomp.fortran/omp_parse1.f90 -O3 -fomit-frame-pointer (test for excess errors)
UNRESOLVED: libgomp.fortran/omp_parse1.f90 -O3 -fomit-frame-pointer compilation failed to produce executable
FAIL: libgomp.fortran/omp_parse1.f90 -O3 -fomit-frame-pointer -funroll-loops (test for excess errors)
UNRESOLVED: libgomp.fortran/omp_parse1.f90 -O3 -fomit-frame-pointer -funroll-loops compilation failed to produce executable
FAIL: libgomp.fortran/omp_parse1.f90 -O3 -fomit-frame-pointer -funroll-all-loops -finline-functions (test for excess errors)
UNRESOLVED: libgomp.fortran/omp_parse1.f90 -O3 -fomit-frame-pointer -funroll-all-loops -finline-functions compilation failed to produce executable
FAIL: libgomp.fortran/omp_parse1.f90 -O3 -g (test for excess errors)
UNRESOLVED: libgomp.fortran/omp_parse1.f90 -O3 -g compilation failed to produce executable
FAIL: libgomp.fortran/omp_parse1.f90 -Os (test for excess errors)
UNRESOLVED: libgomp.fortran/omp_parse1.f90 -Os compilation failed to produce executable
FAIL: libgomp.fortran/omp_parse2.f90 -O0 (test for excess errors)
UNRESOLVED: libgomp.fortran/omp_parse2.f90 -O0 compilation failed to produce executable
FAIL: libgomp.fortran/omp_parse2.f90 -O1 (test for excess errors)
UNRESOLVED: libgomp.fortran/omp_parse2.f90 -O1 compilation failed to produce executable
FAIL: libgomp.fortran/omp_parse2.f90 -O2 (test for excess errors)
UNRESOLVED: libgomp.fortran/omp_parse2.f90 -O2 compilation failed to produce executable
FAIL: libgomp.fortran/omp_parse2.f90 -O3 -fomit-frame-pointer (test for excess errors)
UNRESOLVED: libgomp.fortran/omp_parse2.f90 -O3 -fomit-frame-pointer compilation failed to produce executable
FAIL: libgomp.fortran/omp_parse2.f90 -O3 -fomit-frame-pointer -funroll-loops (test for excess errors)
UNRESOLVED: libgomp.fortran/omp_parse2.f90 -O3 -fomit-frame-pointer -funroll-loops compilation failed to produce executable
FAIL: libgomp.fortran/omp_parse2.f90 -O3 -fomit-frame-pointer -funroll-all-loops -finline-functions (test for excess errors)
UNRESOLVED: libgomp.fortran/omp_parse2.f90 -O3 -fomit-frame-pointer -funroll-all-loops -finline-functions compilation failed to produce executable
FAIL: libgomp.fortran/omp_parse2.f90 -O3 -g (test for excess errors)
UNRESOLVED: libgomp.fortran/omp_parse2.f90 -O3 -g compilation failed to produce executable
FAIL: libgomp.fortran/omp_parse2.f90 -Os (test for excess errors)
UNRESOLVED: libgomp.fortran/omp_parse2.f90 -Os compilation failed to produce executable
FAIL: libgomp.fortran/omp_parse3.f90 -O0 (test for excess errors)
UNRESOLVED: libgomp.fortran/omp_parse3.f90 -O0 compilation failed to produce executable
FAIL: libgomp.fortran/omp_parse3.f90 -O1 (test for excess errors)
UNRESOLVED: libgomp.fortran/omp_parse3.f90 -O1 compilation failed to produce executable
FAIL: libgomp.fortran/omp_parse3.f90 -O2 (test for excess errors)
UNRESOLVED: libgomp.fortran/omp_parse3.f90 -O2 compilation failed to produce executable
FAIL: libgomp.fortran/omp_parse3.f90 -O3 -fomit-frame-pointer (test for excess errors)
UNRESOLVED: libgomp.fortran/omp_parse3.f90 -O3 -fomit-frame-pointer compilation failed to produce executable
FAIL: libgomp.fortran/omp_parse3.f90 -O3 -fomit-frame-pointer -funroll-loops (test for excess errors)
UNRESOLVED: libgomp.fortran/omp_parse3.f90 -O3 -fomit-frame-pointer -funroll-loops compilation failed to produce executable
FAIL: libgomp.fortran/omp_parse3.f90 -O3 -fomit-frame-pointer -funroll-all-loops -finline-functions (test for excess errors)
UNRESOLVED: libgomp.fortran/omp_parse3.f90 -O3 -fomit-frame-pointer -funroll-all-loops -finline-functions compilation failed to produce executable
FAIL: libgomp.fortran/omp_parse3.f90 -O3 -g (test for excess errors)
UNRESOLVED: libgomp.fortran/omp_parse3.f90 -O3 -g compilation failed to produce executable
FAIL: libgomp.fortran/omp_parse3.f90 -Os (test for excess errors)
UNRESOLVED: libgomp.fortran/omp_parse3.f90 -Os compilation failed to produce executable
FAIL: libgomp.fortran/omp_parse4.f90 -O0 (test for excess errors)
UNRESOLVED: libgomp.fortran/omp_parse4.f90 -O0 compilation failed to produce executable
FAIL: libgomp.fortran/omp_parse4.f90 -O1 (test for excess errors)
UNRESOLVED: libgomp.fortran/omp_parse4.f90 -O1 compilation failed to produce executable
FAIL: libgomp.fortran/omp_parse4.f90 -O2 (test for excess errors)
UNRESOLVED: libgomp.fortran/omp_parse4.f90 -O2 compilation failed to produce executable
FAIL: libgomp.fortran/omp_parse4.f90 -O3 -fomit-frame-pointer (test for excess errors)
UNRESOLVED: libgomp.fortran/omp_parse4.f90 -O3 -fomit-frame-pointer compilation failed to produce executable
FAIL: libgomp.fortran/omp_parse4.f90 -O3 -fomit-frame-pointer -funroll-loops (test for excess errors)
UNRESOLVED: libgomp.fortran/omp_parse4.f90 -O3 -fomit-frame-pointer -funroll-loops compilation failed to produce executable
FAIL: libgomp.fortran/omp_parse4.f90 -O3 -fomit-frame-pointer -funroll-all-loops -finline-functions (test for excess errors)
UNRESOLVED: libgomp.fortran/omp_parse4.f90 -O3 -fomit-frame-pointer -funroll-all-loops -finline-functions compilation failed to produce executable
FAIL: libgomp.fortran/omp_parse4.f90 -O3 -g (test for excess errors)
UNRESOLVED: libgomp.fortran/omp_parse4.f90 -O3 -g compilation failed to produce executable
FAIL: libgomp.fortran/omp_parse4.f90 -Os (test for excess errors)
UNRESOLVED: libgomp.fortran/omp_parse4.f90 -Os compilation failed to produce executable
FAIL: libgomp.fortran/omp_reduction.f -O (test for excess errors)
UNRESOLVED: libgomp.fortran/omp_reduction.f -O compilation failed to produce executable
FAIL: libgomp.fortran/omp_workshare1.f -O (test for excess errors)
UNRESOLVED: libgomp.fortran/omp_workshare1.f -O compilation failed to produce executable
FAIL: libgomp.fortran/omp_workshare2.f -O (test for excess errors)
UNRESOLVED: libgomp.fortran/omp_workshare2.f -O compilation failed to produce executable
FAIL: libgomp.fortran/pr25162.f -O0 (test for excess errors)
UNRESOLVED: libgomp.fortran/pr25162.f -O0 compilation failed to produce executable
FAIL: libgomp.fortran/pr25162.f -O1 (test for excess errors)
UNRESOLVED: libgomp.fortran/pr25162.f -O1 compilation failed to produce executable
FAIL: libgomp.fortran/pr25162.f -O2 (test for excess errors)
UNRESOLVED: libgomp.fortran/pr25162.f -O2 compilation failed to produce executable
FAIL: libgomp.fortran/pr25162.f -O3 -fomit-frame-pointer (test for excess errors)
UNRESOLVED: libgomp.fortran/pr25162.f -O3 -fomit-frame-pointer compilation failed to produce executable
FAIL: libgomp.fortran/pr25162.f -O3 -fomit-frame-pointer -funroll-loops (test for excess errors)
UNRESOLVED: libgomp.fortran/pr25162.f -O3 -fomit-frame-pointer -funroll-loops compilation failed to produce executable
FAIL: libgomp.fortran/pr25162.f -O3 -fomit-frame-pointer -funroll-all-loops -finline-functions (test for excess errors)
UNRESOLVED: libgomp.fortran/pr25162.f -O3 -fomit-frame-pointer -funroll-all-loops -finline-functions compilation failed to produce executable
FAIL: libgomp.fortran/pr25162.f -O3 -g (test for excess errors)
UNRESOLVED: libgomp.fortran/pr25162.f -O3 -g compilation failed to produce executable
FAIL: libgomp.fortran/pr25162.f -Os (test for excess errors)
UNRESOLVED: libgomp.fortran/pr25162.f -Os compilation failed to produce executable
FAIL: libgomp.fortran/pr25219.f90 -O (test for excess errors)
UNRESOLVED: libgomp.fortran/pr25219.f90 -O compilation failed to produce executable
FAIL: libgomp.fortran/pr27395-1.f90 -O0 (test for excess errors)
UNRESOLVED: libgomp.fortran/pr27395-1.f90 -O0 compilation failed to produce executable
FAIL: libgomp.fortran/pr27395-1.f90 -O1 (test for excess errors)
UNRESOLVED: libgomp.fortran/pr27395-1.f90 -O1 compilation failed to produce executable
FAIL: libgomp.fortran/pr27395-1.f90 -O2 (test for excess errors)
UNRESOLVED: libgomp.fortran/pr27395-1.f90 -O2 compilation failed to produce executable
FAIL: libgomp.fortran/pr27395-1.f90 -O3 -fomit-frame-pointer (test for excess errors)
UNRESOLVED: libgomp.fortran/pr27395-1.f90 -O3 -fomit-frame-pointer compilation failed to produce executable
FAIL: libgomp.fortran/pr27395-1.f90 -O3 -fomit-frame-pointer -funroll-loops (test for excess errors)
UNRESOLVED: libgomp.fortran/pr27395-1.f90 -O3 -fomit-frame-pointer -funroll-loops compilation failed to produce executable
FAIL: libgomp.fortran/pr27395-1.f90 -O3 -fomit-frame-pointer -funroll-all-loops -finline-functions (test for excess errors)
UNRESOLVED: libgomp.fortran/pr27395-1.f90 -O3 -fomit-frame-pointer -funroll-all-loops -finline-functions compilation failed to produce executable
FAIL: libgomp.fortran/pr27395-1.f90 -O3 -g (test for excess errors)
UNRESOLVED: libgomp.fortran/pr27395-1.f90 -O3 -g compilation failed to produce executable
FAIL: libgomp.fortran/pr27395-1.f90 -Os (test for excess errors)
UNRESOLVED: libgomp.fortran/pr27395-1.f90 -Os compilation failed to produce executable
FAIL: libgomp.fortran/pr27395-2.f90 -O0 (test for excess errors)
UNRESOLVED: libgomp.fortran/pr27395-2.f90 -O0 compilation failed to produce executable
FAIL: libgomp.fortran/pr27395-2.f90 -O1 (test for excess errors)
UNRESOLVED: libgomp.fortran/pr27395-2.f90 -O1 compilation failed to produce executable
FAIL: libgomp.fortran/pr27395-2.f90 -O2 (test for excess errors)
UNRESOLVED: libgomp.fortran/pr27395-2.f90 -O2 compilation failed to produce executable
FAIL: libgomp.fortran/pr27395-2.f90 -O3 -fomit-frame-pointer (test for excess errors)
UNRESOLVED: libgomp.fortran/pr27395-2.f90 -O3 -fomit-frame-pointer compilation failed to produce executable
FAIL: libgomp.fortran/pr27395-2.f90 -O3 -fomit-frame-pointer -funroll-loops (test for excess errors)
UNRESOLVED: libgomp.fortran/pr27395-2.f90 -O3 -fomit-frame-pointer -funroll-loops compilation failed to produce executable
FAIL: libgomp.fortran/pr27395-2.f90 -O3 -fomit-frame-pointer -funroll-all-loops -finline-functions (test for excess errors)
UNRESOLVED: libgomp.fortran/pr27395-2.f90 -O3 -fomit-frame-pointer -funroll-all-loops -finline-functions compilation failed to produce executable
FAIL: libgomp.fortran/pr27395-2.f90 -O3 -g (test for excess errors)
UNRESOLVED: libgomp.fortran/pr27395-2.f90 -O3 -g compilation failed to produce executable
FAIL: libgomp.fortran/pr27395-2.f90 -Os (test for excess errors)
UNRESOLVED: libgomp.fortran/pr27395-2.f90 -Os compilation failed to produce executable
FAIL: libgomp.fortran/pr27416-1.f90 -O0 (test for excess errors)
UNRESOLVED: libgomp.fortran/pr27416-1.f90 -O0 compilation failed to produce executable
FAIL: libgomp.fortran/pr27416-1.f90 -O1 (test for excess errors)
UNRESOLVED: libgomp.fortran/pr27416-1.f90 -O1 compilation failed to produce executable
FAIL: libgomp.fortran/pr27416-1.f90 -O2 (test for excess errors)
UNRESOLVED: libgomp.fortran/pr27416-1.f90 -O2 compilation failed to produce executable
FAIL: libgomp.fortran/pr27416-1.f90 -O3 -fomit-frame-pointer (test for excess errors)
UNRESOLVED: libgomp.fortran/pr27416-1.f90 -O3 -fomit-frame-pointer compilation failed to produce executable
FAIL: libgomp.fortran/pr27416-1.f90 -O3 -fomit-frame-pointer -funroll-loops (test for excess errors)
UNRESOLVED: libgomp.fortran/pr27416-1.f90 -O3 -fomit-frame-pointer -funroll-loops compilation failed to produce executable
FAIL: libgomp.fortran/pr27416-1.f90 -O3 -fomit-frame-pointer -funroll-all-loops -finline-functions (test for excess errors)
UNRESOLVED: libgomp.fortran/pr27416-1.f90 -O3 -fomit-frame-pointer -funroll-all-loops -finline-functions compilation failed to produce executable
FAIL: libgomp.fortran/pr27416-1.f90 -O3 -g (test for excess errors)
UNRESOLVED: libgomp.fortran/pr27416-1.f90 -O3 -g compilation failed to produce executable
FAIL: libgomp.fortran/pr27416-1.f90 -Os (test for excess errors)
UNRESOLVED: libgomp.fortran/pr27416-1.f90 -Os compilation failed to produce executable
FAIL: libgomp.fortran/pr27916-1.f90 -O0 (test for excess errors)
UNRESOLVED: libgomp.fortran/pr27916-1.f90 -O0 compilation failed to produce executable
FAIL: libgomp.fortran/pr27916-1.f90 -O1 (test for excess errors)
UNRESOLVED: libgomp.fortran/pr27916-1.f90 -O1 compilation failed to produce executable
FAIL: libgomp.fortran/pr27916-1.f90 -O2 (test for excess errors)
UNRESOLVED: libgomp.fortran/pr27916-1.f90 -O2 compilation failed to produce executable
FAIL: libgomp.fortran/pr27916-1.f90 -O3 -fomit-frame-pointer (test for excess errors)
UNRESOLVED: libgomp.fortran/pr27916-1.f90 -O3 -fomit-frame-pointer compilation failed to produce executable
FAIL: libgomp.fortran/pr27916-1.f90 -O3 -fomit-frame-pointer -funroll-loops (test for excess errors)
UNRESOLVED: libgomp.fortran/pr27916-1.f90 -O3 -fomit-frame-pointer -funroll-loops compilation failed to produce executable
FAIL: libgomp.fortran/pr27916-1.f90 -O3 -fomit-frame-pointer -funroll-all-loops -finline-functions (test for excess errors)
UNRESOLVED: libgomp.fortran/pr27916-1.f90 -O3 -fomit-frame-pointer -funroll-all-loops -finline-functions compilation failed to produce executable
FAIL: libgomp.fortran/pr27916-1.f90 -O3 -g (test for excess errors)
UNRESOLVED: libgomp.fortran/pr27916-1.f90 -O3 -g compilation failed to produce executable
FAIL: libgomp.fortran/pr27916-1.f90 -Os (test for excess errors)
UNRESOLVED: libgomp.fortran/pr27916-1.f90 -Os compilation failed to produce executable
FAIL: libgomp.fortran/pr27916-2.f90 -O0 (test for excess errors)
UNRESOLVED: libgomp.fortran/pr27916-2.f90 -O0 compilation failed to produce executable
FAIL: libgomp.fortran/pr27916-2.f90 -O1 (test for excess errors)
UNRESOLVED: libgomp.fortran/pr27916-2.f90 -O1 compilation failed to produce executable
FAIL: libgomp.fortran/pr27916-2.f90 -O2 (test for excess errors)
UNRESOLVED: libgomp.fortran/pr27916-2.f90 -O2 compilation failed to produce executable
FAIL: libgomp.fortran/pr27916-2.f90 -O3 -fomit-frame-pointer (test for excess errors)
UNRESOLVED: libgomp.fortran/pr27916-2.f90 -O3 -fomit-frame-pointer compilation failed to produce executable
FAIL: libgomp.fortran/pr27916-2.f90 -O3 -fomit-frame-pointer -funroll-loops (test for excess errors)
UNRESOLVED: libgomp.fortran/pr27916-2.f90 -O3 -fomit-frame-pointer -funroll-loops compilation failed to produce executable
FAIL: libgomp.fortran/pr27916-2.f90 -O3 -fomit-frame-pointer -funroll-all-loops -finline-functions (test for excess errors)
UNRESOLVED: libgomp.fortran/pr27916-2.f90 -O3 -fomit-frame-pointer -funroll-all-loops -finline-functions compilation failed to produce executable
FAIL: libgomp.fortran/pr27916-2.f90 -O3 -g (test for excess errors)
UNRESOLVED: libgomp.fortran/pr27916-2.f90 -O3 -g compilation failed to produce executable
FAIL: libgomp.fortran/pr27916-2.f90 -Os (test for excess errors)
UNRESOLVED: libgomp.fortran/pr27916-2.f90 -Os compilation failed to produce executable
FAIL: libgomp.fortran/pr28390.f -O (test for excess errors)
UNRESOLVED: libgomp.fortran/pr28390.f -O compilation failed to produce executable
FAIL: libgomp.fortran/reduction1.f90 -O0 (test for excess errors)
UNRESOLVED: libgomp.fortran/reduction1.f90 -O0 compilation failed to produce executable
FAIL: libgomp.fortran/reduction1.f90 -O1 (test for excess errors)
UNRESOLVED: libgomp.fortran/reduction1.f90 -O1 compilation failed to produce executable
FAIL: libgomp.fortran/reduction1.f90 -O2 (test for excess errors)
UNRESOLVED: libgomp.fortran/reduction1.f90 -O2 compilation failed to produce executable
FAIL: libgomp.fortran/reduction1.f90 -O3 -fomit-frame-pointer (test for excess errors)
UNRESOLVED: libgomp.fortran/reduction1.f90 -O3 -fomit-frame-pointer compilation failed to produce executable
FAIL: libgomp.fortran/reduction1.f90 -O3 -fomit-frame-pointer -funroll-loops (test for excess errors)
UNRESOLVED: libgomp.fortran/reduction1.f90 -O3 -fomit-frame-pointer -funroll-loops compilation failed to produce executable
FAIL: libgomp.fortran/reduction1.f90 -O3 -fomit-frame-pointer -funroll-all-loops -finline-functions (test for excess errors)
UNRESOLVED: libgomp.fortran/reduction1.f90 -O3 -fomit-frame-pointer -funroll-all-loops -finline-functions compilation failed to produce executable
FAIL: libgomp.fortran/reduction1.f90 -O3 -g (test for excess errors)
UNRESOLVED: libgomp.fortran/reduction1.f90 -O3 -g compilation failed to produce executable
FAIL: libgomp.fortran/reduction1.f90 -Os (test for excess errors)
UNRESOLVED: libgomp.fortran/reduction1.f90 -Os compilation failed to produce executable
FAIL: libgomp.fortran/reduction2.f90 -O0 (test for excess errors)
UNRESOLVED: libgomp.fortran/reduction2.f90 -O0 compilation failed to produce executable
FAIL: libgomp.fortran/reduction2.f90 -O1 (test for excess errors)
UNRESOLVED: libgomp.fortran/reduction2.f90 -O1 compilation failed to produce executable
FAIL: libgomp.fortran/reduction2.f90 -O2 (test for excess errors)
UNRESOLVED: libgomp.fortran/reduction2.f90 -O2 compilation failed to produce executable
FAIL: libgomp.fortran/reduction2.f90 -O3 -fomit-frame-pointer (test for excess errors)
UNRESOLVED: libgomp.fortran/reduction2.f90 -O3 -fomit-frame-pointer compilation failed to produce executable
FAIL: libgomp.fortran/reduction2.f90 -O3 -fomit-frame-pointer -funroll-loops (test for excess errors)
UNRESOLVED: libgomp.fortran/reduction2.f90 -O3 -fomit-frame-pointer -funroll-loops compilation failed to produce executable
FAIL: libgomp.fortran/reduction2.f90 -O3 -fomit-frame-pointer -funroll-all-loops -finline-functions (test for excess errors)
UNRESOLVED: libgomp.fortran/reduction2.f90 -O3 -fomit-frame-pointer -funroll-all-loops -finline-functions compilation failed to produce executable
FAIL: libgomp.fortran/reduction2.f90 -O3 -g (test for excess errors)
UNRESOLVED: libgomp.fortran/reduction2.f90 -O3 -g compilation failed to produce executable
FAIL: libgomp.fortran/reduction2.f90 -Os (test for excess errors)
UNRESOLVED: libgomp.fortran/reduction2.f90 -Os compilation failed to produce executable
FAIL: libgomp.fortran/reduction3.f90 -O0 (test for excess errors)
UNRESOLVED: libgomp.fortran/reduction3.f90 -O0 compilation failed to produce executable
FAIL: libgomp.fortran/reduction3.f90 -O1 (test for excess errors)
UNRESOLVED: libgomp.fortran/reduction3.f90 -O1 compilation failed to produce executable
FAIL: libgomp.fortran/reduction3.f90 -O2 (test for excess errors)
UNRESOLVED: libgomp.fortran/reduction3.f90 -O2 compilation failed to produce executable
FAIL: libgomp.fortran/reduction3.f90 -O3 -fomit-frame-pointer (test for excess errors)
UNRESOLVED: libgomp.fortran/reduction3.f90 -O3 -fomit-frame-pointer compilation failed to produce executable
FAIL: libgomp.fortran/reduction3.f90 -O3 -fomit-frame-pointer -funroll-loops (test for excess errors)
UNRESOLVED: libgomp.fortran/reduction3.f90 -O3 -fomit-frame-pointer -funroll-loops compilation failed to produce executable
FAIL: libgomp.fortran/reduction3.f90 -O3 -fomit-frame-pointer -funroll-all-loops -finline-functions (test for excess errors)
UNRESOLVED: libgomp.fortran/reduction3.f90 -O3 -fomit-frame-pointer -funroll-all-loops -finline-functions compilation failed to produce executable
FAIL: libgomp.fortran/reduction3.f90 -O3 -g (test for excess errors)
UNRESOLVED: libgomp.fortran/reduction3.f90 -O3 -g compilation failed to produce executable
FAIL: libgomp.fortran/reduction3.f90 -Os (test for excess errors)
UNRESOLVED: libgomp.fortran/reduction3.f90 -Os compilation failed to produce executable
FAIL: libgomp.fortran/reduction4.f90 -O0 (test for excess errors)
UNRESOLVED: libgomp.fortran/reduction4.f90 -O0 compilation failed to produce executable
FAIL: libgomp.fortran/reduction4.f90 -O1 (test for excess errors)
UNRESOLVED: libgomp.fortran/reduction4.f90 -O1 compilation failed to produce executable
FAIL: libgomp.fortran/reduction4.f90 -O2 (test for excess errors)
UNRESOLVED: libgomp.fortran/reduction4.f90 -O2 compilation failed to produce executable
FAIL: libgomp.fortran/reduction4.f90 -O3 -fomit-frame-pointer (test for excess errors)
UNRESOLVED: libgomp.fortran/reduction4.f90 -O3 -fomit-frame-pointer compilation failed to produce executable
FAIL: libgomp.fortran/reduction4.f90 -O3 -fomit-frame-pointer -funroll-loops (test for excess errors)
UNRESOLVED: libgomp.fortran/reduction4.f90 -O3 -fomit-frame-pointer -funroll-loops compilation failed to produce executable
FAIL: libgomp.fortran/reduction4.f90 -O3 -fomit-frame-pointer -funroll-all-loops -finline-functions (test for excess errors)
UNRESOLVED: libgomp.fortran/reduction4.f90 -O3 -fomit-frame-pointer -funroll-all-loops -finline-functions compilation failed to produce executable
FAIL: libgomp.fortran/reduction4.f90 -O3 -g (test for excess errors)
UNRESOLVED: libgomp.fortran/reduction4.f90 -O3 -g compilation failed to produce executable
FAIL: libgomp.fortran/reduction4.f90 -Os (test for excess errors)
UNRESOLVED: libgomp.fortran/reduction4.f90 -Os compilation failed to produce executable
FAIL: libgomp.fortran/reduction5.f90 -O0 (test for excess errors)
UNRESOLVED: libgomp.fortran/reduction5.f90 -O0 compilation failed to produce executable
FAIL: libgomp.fortran/reduction5.f90 -O1 (test for excess errors)
UNRESOLVED: libgomp.fortran/reduction5.f90 -O1 compilation failed to produce executable
FAIL: libgomp.fortran/reduction5.f90 -O2 (test for excess errors)
UNRESOLVED: libgomp.fortran/reduction5.f90 -O2 compilation failed to produce executable
FAIL: libgomp.fortran/reduction5.f90 -O3 -fomit-frame-pointer (test for excess errors)
UNRESOLVED: libgomp.fortran/reduction5.f90 -O3 -fomit-frame-pointer compilation failed to produce executable
FAIL: libgomp.fortran/reduction5.f90 -O3 -fomit-frame-pointer -funroll-loops (test for excess errors)
UNRESOLVED: libgomp.fortran/reduction5.f90 -O3 -fomit-frame-pointer -funroll-loops compilation failed to produce executable
FAIL: libgomp.fortran/reduction5.f90 -O3 -fomit-frame-pointer -funroll-all-loops -finline-functions (test for excess errors)
UNRESOLVED: libgomp.fortran/reduction5.f90 -O3 -fomit-frame-pointer -funroll-all-loops -finline-functions compilation failed to produce executable
FAIL: libgomp.fortran/reduction5.f90 -O3 -g (test for excess errors)
UNRESOLVED: libgomp.fortran/reduction5.f90 -O3 -g compilation failed to produce executable
FAIL: libgomp.fortran/reduction5.f90 -Os (test for excess errors)
UNRESOLVED: libgomp.fortran/reduction5.f90 -Os compilation failed to produce executable
FAIL: libgomp.fortran/reduction6.f90 -O0 (test for excess errors)
UNRESOLVED: libgomp.fortran/reduction6.f90 -O0 compilation failed to produce executable
FAIL: libgomp.fortran/reduction6.f90 -O1 (test for excess errors)
UNRESOLVED: libgomp.fortran/reduction6.f90 -O1 compilation failed to produce executable
FAIL: libgomp.fortran/reduction6.f90 -O2 (test for excess errors)
UNRESOLVED: libgomp.fortran/reduction6.f90 -O2 compilation failed to produce executable
FAIL: libgomp.fortran/reduction6.f90 -O3 -fomit-frame-pointer (test for excess errors)
UNRESOLVED: libgomp.fortran/reduction6.f90 -O3 -fomit-frame-pointer compilation failed to produce executable
FAIL: libgomp.fortran/reduction6.f90 -O3 -fomit-frame-pointer -funroll-loops (test for excess errors)
UNRESOLVED: libgomp.fortran/reduction6.f90 -O3 -fomit-frame-pointer -funroll-loops compilation failed to produce executable
FAIL: libgomp.fortran/reduction6.f90 -O3 -fomit-frame-pointer -funroll-all-loops -finline-functions (test for excess errors)
UNRESOLVED: libgomp.fortran/reduction6.f90 -O3 -fomit-frame-pointer -funroll-all-loops -finline-functions compilation failed to produce executable
FAIL: libgomp.fortran/reduction6.f90 -O3 -g (test for excess errors)
UNRESOLVED: libgomp.fortran/reduction6.f90 -O3 -g compilation failed to produce executable
FAIL: libgomp.fortran/reduction6.f90 -Os (test for excess errors)
UNRESOLVED: libgomp.fortran/reduction6.f90 -Os compilation failed to produce executable
FAIL: libgomp.fortran/reference1.f90 -O0 (test for excess errors)
UNRESOLVED: libgomp.fortran/reference1.f90 -O0 compilation failed to produce executable
FAIL: libgomp.fortran/reference1.f90 -O1 (test for excess errors)
UNRESOLVED: libgomp.fortran/reference1.f90 -O1 compilation failed to produce executable
FAIL: libgomp.fortran/reference1.f90 -O2 (test for excess errors)
UNRESOLVED: libgomp.fortran/reference1.f90 -O2 compilation failed to produce executable
FAIL: libgomp.fortran/reference1.f90 -O3 -fomit-frame-pointer (test for excess errors)
UNRESOLVED: libgomp.fortran/reference1.f90 -O3 -fomit-frame-pointer compilation failed to produce executable
FAIL: libgomp.fortran/reference1.f90 -O3 -fomit-frame-pointer -funroll-loops (test for excess errors)
UNRESOLVED: libgomp.fortran/reference1.f90 -O3 -fomit-frame-pointer -funroll-loops compilation failed to produce executable
FAIL: libgomp.fortran/reference1.f90 -O3 -fomit-frame-pointer -funroll-all-loops -finline-functions (test for excess errors)
UNRESOLVED: libgomp.fortran/reference1.f90 -O3 -fomit-frame-pointer -funroll-all-loops -finline-functions compilation failed to produce executable
FAIL: libgomp.fortran/reference1.f90 -O3 -g (test for excess errors)
UNRESOLVED: libgomp.fortran/reference1.f90 -O3 -g compilation failed to produce executable
FAIL: libgomp.fortran/reference1.f90 -Os (test for excess errors)
UNRESOLVED: libgomp.fortran/reference1.f90 -Os compilation failed to produce executable
FAIL: libgomp.fortran/reference2.f90 -O0 (test for excess errors)
UNRESOLVED: libgomp.fortran/reference2.f90 -O0 compilation failed to produce executable
FAIL: libgomp.fortran/reference2.f90 -O1 (test for excess errors)
UNRESOLVED: libgomp.fortran/reference2.f90 -O1 compilation failed to produce executable
FAIL: libgomp.fortran/reference2.f90 -O2 (test for excess errors)
UNRESOLVED: libgomp.fortran/reference2.f90 -O2 compilation failed to produce executable
FAIL: libgomp.fortran/reference2.f90 -O3 -fomit-frame-pointer (test for excess errors)
UNRESOLVED: libgomp.fortran/reference2.f90 -O3 -fomit-frame-pointer compilation failed to produce executable
FAIL: libgomp.fortran/reference2.f90 -O3 -fomit-frame-pointer -funroll-loops (test for excess errors)
UNRESOLVED: libgomp.fortran/reference2.f90 -O3 -fomit-frame-pointer -funroll-loops compilation failed to produce executable
FAIL: libgomp.fortran/reference2.f90 -O3 -fomit-frame-pointer -funroll-all-loops -finline-functions (test for excess errors)
UNRESOLVED: libgomp.fortran/reference2.f90 -O3 -fomit-frame-pointer -funroll-all-loops -finline-functions compilation failed to produce executable
FAIL: libgomp.fortran/reference2.f90 -O3 -g (test for excess errors)
UNRESOLVED: libgomp.fortran/reference2.f90 -O3 -g compilation failed to produce executable
FAIL: libgomp.fortran/reference2.f90 -Os (test for excess errors)
UNRESOLVED: libgomp.fortran/reference2.f90 -Os compilation failed to produce executable
FAIL: libgomp.fortran/retval1.f90 -O0 (test for excess errors)
UNRESOLVED: libgomp.fortran/retval1.f90 -O0 compilation failed to produce executable
FAIL: libgomp.fortran/retval1.f90 -O1 (test for excess errors)
UNRESOLVED: libgomp.fortran/retval1.f90 -O1 compilation failed to produce executable
FAIL: libgomp.fortran/retval1.f90 -O2 (test for excess errors)
UNRESOLVED: libgomp.fortran/retval1.f90 -O2 compilation failed to produce executable
FAIL: libgomp.fortran/retval1.f90 -O3 -fomit-frame-pointer (test for excess errors)
UNRESOLVED: libgomp.fortran/retval1.f90 -O3 -fomit-frame-pointer compilation failed to produce executable
FAIL: libgomp.fortran/retval1.f90 -O3 -fomit-frame-pointer -funroll-loops (test for excess errors)
UNRESOLVED: libgomp.fortran/retval1.f90 -O3 -fomit-frame-pointer -funroll-loops compilation failed to produce executable
FAIL: libgomp.fortran/retval1.f90 -O3 -fomit-frame-pointer -funroll-all-loops -finline-functions (test for excess errors)
UNRESOLVED: libgomp.fortran/retval1.f90 -O3 -fomit-frame-pointer -funroll-all-loops -finline-functions compilation failed to produce executable
FAIL: libgomp.fortran/retval1.f90 -O3 -g (test for excess errors)
UNRESOLVED: libgomp.fortran/retval1.f90 -O3 -g compilation failed to produce executable
FAIL: libgomp.fortran/retval1.f90 -Os (test for excess errors)
UNRESOLVED: libgomp.fortran/retval1.f90 -Os compilation failed to produce executable
FAIL: libgomp.fortran/retval2.f90 -O0 (test for excess errors)
UNRESOLVED: libgomp.fortran/retval2.f90 -O0 compilation failed to produce executable
FAIL: libgomp.fortran/retval2.f90 -O1 (test for excess errors)
UNRESOLVED: libgomp.fortran/retval2.f90 -O1 compilation failed to produce executable
FAIL: libgomp.fortran/retval2.f90 -O2 (test for excess errors)
UNRESOLVED: libgomp.fortran/retval2.f90 -O2 compilation failed to produce executable
FAIL: libgomp.fortran/retval2.f90 -O3 -fomit-frame-pointer (test for excess errors)
UNRESOLVED: libgomp.fortran/retval2.f90 -O3 -fomit-frame-pointer compilation failed to produce executable
FAIL: libgomp.fortran/retval2.f90 -O3 -fomit-frame-pointer -funroll-loops (test for excess errors)
UNRESOLVED: libgomp.fortran/retval2.f90 -O3 -fomit-frame-pointer -funroll-loops compilation failed to produce executable
FAIL: libgomp.fortran/retval2.f90 -O3 -fomit-frame-pointer -funroll-all-loops -finline-functions (test for excess errors)
UNRESOLVED: libgomp.fortran/retval2.f90 -O3 -fomit-frame-pointer -funroll-all-loops -finline-functions compilation failed to produce executable
FAIL: libgomp.fortran/retval2.f90 -O3 -g (test for excess errors)
UNRESOLVED: libgomp.fortran/retval2.f90 -O3 -g compilation failed to produce executable
FAIL: libgomp.fortran/retval2.f90 -Os (test for excess errors)
UNRESOLVED: libgomp.fortran/retval2.f90 -Os compilation failed to produce executable
FAIL: libgomp.fortran/sharing1.f90 -O0 (test for excess errors)
UNRESOLVED: libgomp.fortran/sharing1.f90 -O0 compilation failed to produce executable
FAIL: libgomp.fortran/sharing1.f90 -O1 (test for excess errors)
UNRESOLVED: libgomp.fortran/sharing1.f90 -O1 compilation failed to produce executable
FAIL: libgomp.fortran/sharing1.f90 -O2 (test for excess errors)
UNRESOLVED: libgomp.fortran/sharing1.f90 -O2 compilation failed to produce executable
FAIL: libgomp.fortran/sharing1.f90 -O3 -fomit-frame-pointer (test for excess errors)
UNRESOLVED: libgomp.fortran/sharing1.f90 -O3 -fomit-frame-pointer compilation failed to produce executable
FAIL: libgomp.fortran/sharing1.f90 -O3 -fomit-frame-pointer -funroll-loops (test for excess errors)
UNRESOLVED: libgomp.fortran/sharing1.f90 -O3 -fomit-frame-pointer -funroll-loops compilation failed to produce executable
FAIL: libgomp.fortran/sharing1.f90 -O3 -fomit-frame-pointer -funroll-all-loops -finline-functions (test for excess errors)
UNRESOLVED: libgomp.fortran/sharing1.f90 -O3 -fomit-frame-pointer -funroll-all-loops -finline-functions compilation failed to produce executable
FAIL: libgomp.fortran/sharing1.f90 -O3 -g (test for excess errors)
UNRESOLVED: libgomp.fortran/sharing1.f90 -O3 -g compilation failed to produce executable
FAIL: libgomp.fortran/sharing1.f90 -Os (test for excess errors)
UNRESOLVED: libgomp.fortran/sharing1.f90 -Os compilation failed to produce executable
FAIL: libgomp.fortran/sharing2.f90 -O0 (test for excess errors)
UNRESOLVED: libgomp.fortran/sharing2.f90 -O0 compilation failed to produce executable
FAIL: libgomp.fortran/sharing2.f90 -O1 (test for excess errors)
UNRESOLVED: libgomp.fortran/sharing2.f90 -O1 compilation failed to produce executable
FAIL: libgomp.fortran/sharing2.f90 -O2 (test for excess errors)
UNRESOLVED: libgomp.fortran/sharing2.f90 -O2 compilation failed to produce executable
FAIL: libgomp.fortran/sharing2.f90 -O3 -fomit-frame-pointer (test for excess errors)
UNRESOLVED: libgomp.fortran/sharing2.f90 -O3 -fomit-frame-pointer compilation failed to produce executable
FAIL: libgomp.fortran/sharing2.f90 -O3 -fomit-frame-pointer -funroll-loops (test for excess errors)
UNRESOLVED: libgomp.fortran/sharing2.f90 -O3 -fomit-frame-pointer -funroll-loops compilation failed to produce executable
FAIL: libgomp.fortran/sharing2.f90 -O3 -fomit-frame-pointer -funroll-all-loops -finline-functions (test for excess errors)
UNRESOLVED: libgomp.fortran/sharing2.f90 -O3 -fomit-frame-pointer -funroll-all-loops -finline-functions compilation failed to produce executable
FAIL: libgomp.fortran/sharing2.f90 -O3 -g (test for excess errors)
UNRESOLVED: libgomp.fortran/sharing2.f90 -O3 -g compilation failed to produce executable
FAIL: libgomp.fortran/sharing2.f90 -Os (test for excess errors)
UNRESOLVED: libgomp.fortran/sharing2.f90 -Os compilation failed to produce executable
FAIL: libgomp.fortran/threadprivate1.f90 -O0 (test for excess errors)
UNRESOLVED: libgomp.fortran/threadprivate1.f90 -O0 compilation failed to produce executable
FAIL: libgomp.fortran/threadprivate1.f90 -O1 (test for excess errors)
UNRESOLVED: libgomp.fortran/threadprivate1.f90 -O1 compilation failed to produce executable
FAIL: libgomp.fortran/threadprivate1.f90 -O2 (test for excess errors)
UNRESOLVED: libgomp.fortran/threadprivate1.f90 -O2 compilation failed to produce executable
FAIL: libgomp.fortran/threadprivate1.f90 -O3 -fomit-frame-pointer (test for excess errors)
UNRESOLVED: libgomp.fortran/threadprivate1.f90 -O3 -fomit-frame-pointer compilation failed to produce executable
FAIL: libgomp.fortran/threadprivate1.f90 -O3 -fomit-frame-pointer -funroll-loops (test for excess errors)
UNRESOLVED: libgomp.fortran/threadprivate1.f90 -O3 -fomit-frame-pointer -funroll-loops compilation failed to produce executable
FAIL: libgomp.fortran/threadprivate1.f90 -O3 -fomit-frame-pointer -funroll-all-loops -finline-functions (test for excess errors)
UNRESOLVED: libgomp.fortran/threadprivate1.f90 -O3 -fomit-frame-pointer -funroll-all-loops -finline-functions compilation failed to produce executable
FAIL: libgomp.fortran/threadprivate1.f90 -O3 -g (test for excess errors)
UNRESOLVED: libgomp.fortran/threadprivate1.f90 -O3 -g compilation failed to produce executable
FAIL: libgomp.fortran/threadprivate1.f90 -Os (test for excess errors)
UNRESOLVED: libgomp.fortran/threadprivate1.f90 -Os compilation failed to produce executable
FAIL: libgomp.fortran/threadprivate2.f90 -O0 (test for excess errors)
UNRESOLVED: libgomp.fortran/threadprivate2.f90 -O0 compilation failed to produce executable
FAIL: libgomp.fortran/threadprivate2.f90 -O1 (test for excess errors)
UNRESOLVED: libgomp.fortran/threadprivate2.f90 -O1 compilation failed to produce executable
FAIL: libgomp.fortran/threadprivate2.f90 -O2 (test for excess errors)
UNRESOLVED: libgomp.fortran/threadprivate2.f90 -O2 compilation failed to produce executable
FAIL: libgomp.fortran/threadprivate2.f90 -O3 -fomit-frame-pointer (test for excess errors)
UNRESOLVED: libgomp.fortran/threadprivate2.f90 -O3 -fomit-frame-pointer compilation failed to produce executable
FAIL: libgomp.fortran/threadprivate2.f90 -O3 -fomit-frame-pointer -funroll-loops (test for excess errors)
UNRESOLVED: libgomp.fortran/threadprivate2.f90 -O3 -fomit-frame-pointer -funroll-loops compilation failed to produce executable
FAIL: libgomp.fortran/threadprivate2.f90 -O3 -fomit-frame-pointer -funroll-all-loops -finline-functions (test for excess errors)
UNRESOLVED: libgomp.fortran/threadprivate2.f90 -O3 -fomit-frame-pointer -funroll-all-loops -finline-functions compilation failed to produce executable
FAIL: libgomp.fortran/threadprivate2.f90 -O3 -g (test for excess errors)
UNRESOLVED: libgomp.fortran/threadprivate2.f90 -O3 -g compilation failed to produce executable
FAIL: libgomp.fortran/threadprivate2.f90 -Os (test for excess errors)
UNRESOLVED: libgomp.fortran/threadprivate2.f90 -Os compilation failed to produce executable
FAIL: libgomp.fortran/threadprivate3.f90 -O0 (test for excess errors)
UNRESOLVED: libgomp.fortran/threadprivate3.f90 -O0 compilation failed to produce executable
FAIL: libgomp.fortran/threadprivate3.f90 -O1 (test for excess errors)
UNRESOLVED: libgomp.fortran/threadprivate3.f90 -O1 compilation failed to produce executable
FAIL: libgomp.fortran/threadprivate3.f90 -O2 (test for excess errors)
UNRESOLVED: libgomp.fortran/threadprivate3.f90 -O2 compilation failed to produce executable
FAIL: libgomp.fortran/threadprivate3.f90 -O3 -fomit-frame-pointer (test for excess errors)
UNRESOLVED: libgomp.fortran/threadprivate3.f90 -O3 -fomit-frame-pointer compilation failed to produce executable
FAIL: libgomp.fortran/threadprivate3.f90 -O3 -fomit-frame-pointer -funroll-loops (test for excess errors)
UNRESOLVED: libgomp.fortran/threadprivate3.f90 -O3 -fomit-frame-pointer -funroll-loops compilation failed to produce executable
FAIL: libgomp.fortran/threadprivate3.f90 -O3 -fomit-frame-pointer -funroll-all-loops -finline-functions (test for excess errors)
UNRESOLVED: libgomp.fortran/threadprivate3.f90 -O3 -fomit-frame-pointer -funroll-all-loops -finline-functions compilation failed to produce executable
FAIL: libgomp.fortran/threadprivate3.f90 -O3 -g (test for excess errors)
UNRESOLVED: libgomp.fortran/threadprivate3.f90 -O3 -g compilation failed to produce executable
FAIL: libgomp.fortran/threadprivate3.f90 -Os (test for excess errors)
UNRESOLVED: libgomp.fortran/threadprivate3.f90 -Os compilation failed to produce executable
FAIL: libgomp.fortran/vla1.f90 -O0 (test for excess errors)
UNRESOLVED: libgomp.fortran/vla1.f90 -O0 compilation failed to produce executable
FAIL: libgomp.fortran/vla1.f90 -O1 (test for excess errors)
UNRESOLVED: libgomp.fortran/vla1.f90 -O1 compilation failed to produce executable
FAIL: libgomp.fortran/vla1.f90 -O2 (test for excess errors)
UNRESOLVED: libgomp.fortran/vla1.f90 -O2 compilation failed to produce executable
FAIL: libgomp.fortran/vla1.f90 -O3 -fomit-frame-pointer (test for excess errors)
UNRESOLVED: libgomp.fortran/vla1.f90 -O3 -fomit-frame-pointer compilation failed to produce executable
FAIL: libgomp.fortran/vla1.f90 -O3 -fomit-frame-pointer -funroll-loops (test for excess errors)
UNRESOLVED: libgomp.fortran/vla1.f90 -O3 -fomit-frame-pointer -funroll-loops compilation failed to produce executable
FAIL: libgomp.fortran/vla1.f90 -O3 -fomit-frame-pointer -funroll-all-loops -finline-functions (test for excess errors)
UNRESOLVED: libgomp.fortran/vla1.f90 -O3 -fomit-frame-pointer -funroll-all-loops -finline-functions compilation failed to produce executable
FAIL: libgomp.fortran/vla1.f90 -O3 -g (test for excess errors)
UNRESOLVED: libgomp.fortran/vla1.f90 -O3 -g compilation failed to produce executable
FAIL: libgomp.fortran/vla1.f90 -Os (test for excess errors)
UNRESOLVED: libgomp.fortran/vla1.f90 -Os compilation failed to produce executable
FAIL: libgomp.fortran/vla2.f90 -O0 (test for excess errors)
UNRESOLVED: libgomp.fortran/vla2.f90 -O0 compilation failed to produce executable
FAIL: libgomp.fortran/vla2.f90 -O1 (test for excess errors)
UNRESOLVED: libgomp.fortran/vla2.f90 -O1 compilation failed to produce executable
FAIL: libgomp.fortran/vla2.f90 -O2 (test for excess errors)
UNRESOLVED: libgomp.fortran/vla2.f90 -O2 compilation failed to produce executable
FAIL: libgomp.fortran/vla2.f90 -O3 -fomit-frame-pointer (test for excess errors)
UNRESOLVED: libgomp.fortran/vla2.f90 -O3 -fomit-frame-pointer compilation failed to produce executable
FAIL: libgomp.fortran/vla2.f90 -O3 -fomit-frame-pointer -funroll-loops (test for excess errors)
UNRESOLVED: libgomp.fortran/vla2.f90 -O3 -fomit-frame-pointer -funroll-loops compilation failed to produce executable
FAIL: libgomp.fortran/vla2.f90 -O3 -fomit-frame-pointer -funroll-all-loops -finline-functions (test for excess errors)
UNRESOLVED: libgomp.fortran/vla2.f90 -O3 -fomit-frame-pointer -funroll-all-loops -finline-functions compilation failed to produce executable
FAIL: libgomp.fortran/vla2.f90 -O3 -g (test for excess errors)
UNRESOLVED: libgomp.fortran/vla2.f90 -O3 -g compilation failed to produce executable
FAIL: libgomp.fortran/vla2.f90 -Os (test for excess errors)
UNRESOLVED: libgomp.fortran/vla2.f90 -Os compilation failed to produce executable
FAIL: libgomp.fortran/vla3.f90 -O0 (test for excess errors)
UNRESOLVED: libgomp.fortran/vla3.f90 -O0 compilation failed to produce executable
FAIL: libgomp.fortran/vla3.f90 -O1 (test for excess errors)
UNRESOLVED: libgomp.fortran/vla3.f90 -O1 compilation failed to produce executable
FAIL: libgomp.fortran/vla3.f90 -O2 (test for excess errors)
UNRESOLVED: libgomp.fortran/vla3.f90 -O2 compilation failed to produce executable
FAIL: libgomp.fortran/vla3.f90 -O3 -fomit-frame-pointer (test for excess errors)
UNRESOLVED: libgomp.fortran/vla3.f90 -O3 -fomit-frame-pointer compilation failed to produce executable
FAIL: libgomp.fortran/vla3.f90 -O3 -fomit-frame-pointer -funroll-loops (test for excess errors)
UNRESOLVED: libgomp.fortran/vla3.f90 -O3 -fomit-frame-pointer -funroll-loops compilation failed to produce executable
FAIL: libgomp.fortran/vla3.f90 -O3 -fomit-frame-pointer -funroll-all-loops -finline-functions (test for excess errors)
UNRESOLVED: libgomp.fortran/vla3.f90 -O3 -fomit-frame-pointer -funroll-all-loops -finline-functions compilation failed to produce executable
FAIL: libgomp.fortran/vla3.f90 -O3 -g (test for excess errors)
UNRESOLVED: libgomp.fortran/vla3.f90 -O3 -g compilation failed to produce executable
FAIL: libgomp.fortran/vla3.f90 -Os (test for excess errors)
UNRESOLVED: libgomp.fortran/vla3.f90 -Os compilation failed to produce executable
FAIL: libgomp.fortran/vla4.f90 -O0 (test for excess errors)
UNRESOLVED: libgomp.fortran/vla4.f90 -O0 compilation failed to produce executable
FAIL: libgomp.fortran/vla4.f90 -O1 (test for excess errors)
UNRESOLVED: libgomp.fortran/vla4.f90 -O1 compilation failed to produce executable
FAIL: libgomp.fortran/vla4.f90 -O2 (test for excess errors)
UNRESOLVED: libgomp.fortran/vla4.f90 -O2 compilation failed to produce executable
FAIL: libgomp.fortran/vla4.f90 -O3 -fomit-frame-pointer (test for excess errors)
UNRESOLVED: libgomp.fortran/vla4.f90 -O3 -fomit-frame-pointer compilation failed to produce executable
FAIL: libgomp.fortran/vla4.f90 -O3 -fomit-frame-pointer -funroll-loops (test for excess errors)
UNRESOLVED: libgomp.fortran/vla4.f90 -O3 -fomit-frame-pointer -funroll-loops compilation failed to produce executable
FAIL: libgomp.fortran/vla4.f90 -O3 -fomit-frame-pointer -funroll-all-loops -finline-functions (test for excess errors)
UNRESOLVED: libgomp.fortran/vla4.f90 -O3 -fomit-frame-pointer -funroll-all-loops -finline-functions compilation failed to produce executable
FAIL: libgomp.fortran/vla4.f90 -O3 -g (test for excess errors)
UNRESOLVED: libgomp.fortran/vla4.f90 -O3 -g compilation failed to produce executable
FAIL: libgomp.fortran/vla4.f90 -Os (test for excess errors)
UNRESOLVED: libgomp.fortran/vla4.f90 -Os compilation failed to produce executable
FAIL: libgomp.fortran/vla5.f90 -O0 (test for excess errors)
UNRESOLVED: libgomp.fortran/vla5.f90 -O0 compilation failed to produce executable
FAIL: libgomp.fortran/vla5.f90 -O1 (test for excess errors)
UNRESOLVED: libgomp.fortran/vla5.f90 -O1 compilation failed to produce executable
FAIL: libgomp.fortran/vla5.f90 -O2 (test for excess errors)
UNRESOLVED: libgomp.fortran/vla5.f90 -O2 compilation failed to produce executable
FAIL: libgomp.fortran/vla5.f90 -O3 -fomit-frame-pointer (test for excess errors)
UNRESOLVED: libgomp.fortran/vla5.f90 -O3 -fomit-frame-pointer compilation failed to produce executable
FAIL: libgomp.fortran/vla5.f90 -O3 -fomit-frame-pointer -funroll-loops (test for excess errors)
UNRESOLVED: libgomp.fortran/vla5.f90 -O3 -fomit-frame-pointer -funroll-loops compilation failed to produce executable
FAIL: libgomp.fortran/vla5.f90 -O3 -fomit-frame-pointer -funroll-all-loops -finline-functions (test for excess errors)
UNRESOLVED: libgomp.fortran/vla5.f90 -O3 -fomit-frame-pointer -funroll-all-loops -finline-functions compilation failed to produce executable
FAIL: libgomp.fortran/vla5.f90 -O3 -g (test for excess errors)
UNRESOLVED: libgomp.fortran/vla5.f90 -O3 -g compilation failed to produce executable
FAIL: libgomp.fortran/vla5.f90 -Os (test for excess errors)
UNRESOLVED: libgomp.fortran/vla5.f90 -Os compilation failed to produce executable
FAIL: libgomp.fortran/vla6.f90 -O0 (test for excess errors)
UNRESOLVED: libgomp.fortran/vla6.f90 -O0 compilation failed to produce executable
FAIL: libgomp.fortran/vla6.f90 -O1 (test for excess errors)
UNRESOLVED: libgomp.fortran/vla6.f90 -O1 compilation failed to produce executable
FAIL: libgomp.fortran/vla6.f90 -O2 (test for excess errors)
UNRESOLVED: libgomp.fortran/vla6.f90 -O2 compilation failed to produce executable
FAIL: libgomp.fortran/vla6.f90 -O3 -fomit-frame-pointer (test for excess errors)
UNRESOLVED: libgomp.fortran/vla6.f90 -O3 -fomit-frame-pointer compilation failed to produce executable
FAIL: libgomp.fortran/vla6.f90 -O3 -fomit-frame-pointer -funroll-loops (test for excess errors)
UNRESOLVED: libgomp.fortran/vla6.f90 -O3 -fomit-frame-pointer -funroll-loops compilation failed to produce executable
FAIL: libgomp.fortran/vla6.f90 -O3 -fomit-frame-pointer -funroll-all-loops -finline-functions (test for excess errors)
UNRESOLVED: libgomp.fortran/vla6.f90 -O3 -fomit-frame-pointer -funroll-all-loops -finline-functions compilation failed to produce executable
FAIL: libgomp.fortran/vla6.f90 -O3 -g (test for excess errors)
UNRESOLVED: libgomp.fortran/vla6.f90 -O3 -g compilation failed to produce executable
FAIL: libgomp.fortran/vla6.f90 -Os (test for excess errors)
UNRESOLVED: libgomp.fortran/vla6.f90 -Os compilation failed to produce executable
FAIL: libgomp.fortran/vla7.f90 -O0 (test for excess errors)
UNRESOLVED: libgomp.fortran/vla7.f90 -O0 compilation failed to produce executable
FAIL: libgomp.fortran/vla7.f90 -O1 (test for excess errors)
UNRESOLVED: libgomp.fortran/vla7.f90 -O1 compilation failed to produce executable
FAIL: libgomp.fortran/vla7.f90 -O2 (test for excess errors)
UNRESOLVED: libgomp.fortran/vla7.f90 -O2 compilation failed to produce executable
FAIL: libgomp.fortran/vla7.f90 -O3 -fomit-frame-pointer (test for excess errors)
UNRESOLVED: libgomp.fortran/vla7.f90 -O3 -fomit-frame-pointer compilation failed to produce executable
FAIL: libgomp.fortran/vla7.f90 -O3 -fomit-frame-pointer -funroll-loops (test for excess errors)
UNRESOLVED: libgomp.fortran/vla7.f90 -O3 -fomit-frame-pointer -funroll-loops compilation failed to produce executable
FAIL: libgomp.fortran/vla7.f90 -O3 -fomit-frame-pointer -funroll-all-loops -finline-functions (test for excess errors)
UNRESOLVED: libgomp.fortran/vla7.f90 -O3 -fomit-frame-pointer -funroll-all-loops -finline-functions compilation failed to produce executable
FAIL: libgomp.fortran/vla7.f90 -O3 -g (test for excess errors)
UNRESOLVED: libgomp.fortran/vla7.f90 -O3 -g compilation failed to produce executable
FAIL: libgomp.fortran/vla7.f90 -Os (test for excess errors)
UNRESOLVED: libgomp.fortran/vla7.f90 -Os compilation failed to produce executable
FAIL: libgomp.fortran/workshare1.f90 -O (test for excess errors)
UNRESOLVED: libgomp.fortran/workshare1.f90 -O compilation failed to produce executable
=== libgomp Summary for unix/-m32 ===
# of expected passes 12
# of unexpected failures 744
# of unresolved testcases 744
=== libgomp Summary ===
# of expected passes 1512
# of unexpected failures 744
# of unresolved testcases 744
=== libjava tests ===
Running target unix
=== libjava Summary for unix ===
# of expected passes 6929
# of expected failures 12
# of untested testcases 8
Running target unix/-m32
FAIL: PR16923.c compilation
=== libjava Summary for unix/-m32 ===
# of expected passes 6927
# of unexpected failures 1
# of expected failures 12
# of untested testcases 8
=== libjava Summary ===
# of expected passes 13856
# of unexpected failures 1
# of expected failures 24
# of untested testcases 16
=== libmudflap tests ===
Running target unix
FAIL: libmudflap.c/fail1-frag.c (-static) crash test
FAIL: libmudflap.c/fail10-frag.c (-static) crash test
FAIL: libmudflap.c/fail11-frag.c (-static) crash test
FAIL: libmudflap.c/fail12-frag.c (-static) crash test
FAIL: libmudflap.c/fail13-frag.c (-static) crash test
FAIL: libmudflap.c/fail14-frag.c (-static) crash test
FAIL: libmudflap.c/fail15-frag.c (-static) crash test
FAIL: libmudflap.c/fail16-frag.c (-static) crash test
FAIL: libmudflap.c/fail17-frag.c (-static) crash test
FAIL: libmudflap.c/fail18-frag.c (-static) crash test
FAIL: libmudflap.c/fail19-frag.c (-static) crash test
FAIL: libmudflap.c/fail2-frag.c (-static) crash test
FAIL: libmudflap.c/fail21-frag.c (-static) crash test
FAIL: libmudflap.c/fail22-frag.c (-static) crash test
FAIL: libmudflap.c/fail23-frag.c (-static) crash test
FAIL: libmudflap.c/fail25-frag.c (-static) crash test
FAIL: libmudflap.c/fail27-frag.c (-static) crash test
FAIL: libmudflap.c/fail28-frag.c (-static) crash test
FAIL: libmudflap.c/fail29-frag.c (-static) crash test
FAIL: libmudflap.c/fail3-frag.c (-static) crash test
FAIL: libmudflap.c/fail30-frag.c (-static) crash test
FAIL: libmudflap.c/fail31-frag.c (-static) crash test
FAIL: libmudflap.c/fail32-frag.c (-static) crash test
FAIL: libmudflap.c/fail33-frag.c (-static) crash test
FAIL: libmudflap.c/fail34-frag.c (-static) crash test
FAIL: libmudflap.c/fail35-frag.c (-static) crash test
FAIL: libmudflap.c/fail36-frag.c (-static) crash test
FAIL: libmudflap.c/fail37-frag.c (-static) crash test
FAIL: libmudflap.c/fail38-frag.c (-static) crash test
FAIL: libmudflap.c/fail39-frag.c (-static) crash test
FAIL: libmudflap.c/fail4-frag.c (-static) crash test
FAIL: libmudflap.c/fail40-frag.c (-static) crash test
FAIL: libmudflap.c/fail5-frag.c (-static) crash test
FAIL: libmudflap.c/fail6-frag.c (-static) crash test
FAIL: libmudflap.c/fail7-frag.c (-static) crash test
FAIL: libmudflap.c/fail8-frag.c (-static) crash test
FAIL: libmudflap.c/fail9-frag.c (-static) crash test
FAIL: libmudflap.c/pass36-frag.c (-static) output pattern test
FAIL: libmudflap.c/pass36-frag.c (-static) output pattern test
FAIL: libmudflap.c++/fail24-frag.cxx (-static) crash test
=== libmudflap Summary for unix ===
# of expected passes 1774
# of unexpected failures 40
Running target unix/-m32
FAIL: libmudflap.c/fail10-frag.c (-static) crash test
FAIL: libmudflap.c/fail11-frag.c (-static) crash test
FAIL: libmudflap.c/fail12-frag.c (-static) crash test
FAIL: libmudflap.c/fail14-frag.c (-static) crash test
FAIL: libmudflap.c/fail15-frag.c (-static) crash test
FAIL: libmudflap.c/fail16-frag.c (-static) crash test
FAIL: libmudflap.c/fail17-frag.c (-static) crash test
FAIL: libmudflap.c/fail18-frag.c (-static) crash test
FAIL: libmudflap.c/fail19-frag.c (-static) crash test
FAIL: libmudflap.c/fail21-frag.c (-static) crash test
FAIL: libmudflap.c/fail22-frag.c (-static) crash test
FAIL: libmudflap.c/fail23-frag.c (-static) crash test
FAIL: libmudflap.c/fail25-frag.c (-static) crash test
FAIL: libmudflap.c/fail27-frag.c (-static) crash test
FAIL: libmudflap.c/fail28-frag.c (-static) crash test
FAIL: libmudflap.c/fail29-frag.c (-static) crash test
FAIL: libmudflap.c/fail30-frag.c (-static) crash test
FAIL: libmudflap.c/fail31-frag.c (-static) crash test
FAIL: libmudflap.c/fail33-frag.c (-static) crash test
FAIL: libmudflap.c/fail34-frag.c (-static) crash test
FAIL: libmudflap.c/fail35-frag.c (-static) crash test
FAIL: libmudflap.c/fail36-frag.c (-static) crash test
FAIL: libmudflap.c/fail37-frag.c (-static) crash test
FAIL: libmudflap.c/fail38-frag.c (-static) crash test
FAIL: libmudflap.c/fail39-frag.c (-static) crash test
FAIL: libmudflap.c/fail40-frag.c (-static) crash test
FAIL: libmudflap.c/fail5-frag.c (-static) crash test
FAIL: libmudflap.c/fail6-frag.c (-static) crash test
FAIL: libmudflap.c/fail7-frag.c (-static) crash test
FAIL: libmudflap.c/fail8-frag.c (-static) crash test
FAIL: libmudflap.c/fail9-frag.c (-static) crash test
FAIL: libmudflap.c/pass36-frag.c (-static) output pattern test
FAIL: libmudflap.c/pass36-frag.c (-static) output pattern test
FAIL: externs-12 linkage
FAIL: externs-21 linkage
WARNING: program timed out.
FAIL: externs-12 execution
WARNING: program timed out.
FAIL: externs-21 execution
FAIL: externs-12 linkage -static
FAIL: externs-21 linkage -static
WARNING: program timed out.
FAIL: externs-12 execution -static
WARNING: program timed out.
FAIL: externs-21 execution -static
FAIL: externs-12 linkage -O2
FAIL: externs-21 linkage -O2
WARNING: program timed out.
FAIL: externs-12 execution -O2
WARNING: program timed out.
FAIL: externs-21 execution -O2
FAIL: externs-12 linkage -O3
FAIL: externs-21 linkage -O3
WARNING: program timed out.
FAIL: externs-12 execution -O3
WARNING: program timed out.
FAIL: externs-21 execution -O3
FAIL: libmudflap.c++/fail24-frag.cxx (-static) crash test
FAIL: ctors-12 linkage
FAIL: ctors-21 linkage
WARNING: program timed out.
FAIL: ctors-12 execution
WARNING: program timed out.
FAIL: ctors-21 execution
FAIL: ctors-12 linkage -static
FAIL: ctors-21 linkage -static
WARNING: program timed out.
FAIL: ctors-12 execution -static
WARNING: program timed out.
FAIL: ctors-21 execution -static
FAIL: ctors-12 linkage -O2
FAIL: ctors-21 linkage -O2
WARNING: program timed out.
FAIL: ctors-12 execution -O2
WARNING: program timed out.
FAIL: ctors-21 execution -O2
FAIL: ctors-12 linkage -O3
FAIL: ctors-21 linkage -O3
WARNING: program timed out.
FAIL: ctors-12 execution -O3
WARNING: program timed out.
FAIL: ctors-21 execution -O3
=== libmudflap Summary for unix/-m32 ===
# of expected passes 1748
# of unexpected failures 66
=== libmudflap Summary ===
# of expected passes 3522
# of unexpected failures 106
=== libstdc++ tests ===
Running target unix
XPASS: 26_numerics/cmath/c99_classification_macros_c.cc (test for excess errors)
XPASS: 27_io/fpos/14320-1.cc execution test
=== libstdc++ Summary for unix ===
# of expected passes 3725
# of unexpected successes 2
# of expected failures 12
# of unsupported tests 319
Running target unix/-m32
XPASS: 26_numerics/cmath/c99_classification_macros_c.cc (test for excess errors)
=== libstdc++ Summary for unix/-m32 ===
# of expected passes 3725
# of unexpected successes 1
# of expected failures 13
# of unsupported tests 319
=== libstdc++ Summary ===
# of expected passes 7450
# of unexpected successes 3
# of expected failures 25
# of unsupported tests 638
Compiler version: 4.2.0 20060823 (experimental)
Platform: x86_64-pc-linux-gnu
configure flags: -v --prefix=/usr/lib/gcc-snapshot --enable-shared --with-system-zlib --disable-nls --enable-__cxa_atexit --enable-clocale=gnu --enable-libstdcxx-debug --enable-java-awt=gtk-default,qt-default --enable-gtk-cairo --with-java-home=/usr/lib/gcc-snapshot/jre --enable-objc-gc --enable-mpfr --disable-werror x86_64-linux-gnu --enable-languages=c,ada,c++,fortran,java,objc,obj-c++,treelang
BOOT_CFLAGS=-O2
Build Dependencies:
Desired=Unknown/Install/Remove/Purge/Hold
| Status=Not/Installed/Config-files/Unpacked/Failed-config/Half-installed
|/ Err?=(none)/Hold/Reinst-required/X=both-problems (Status,Err: uppercase=bad)
||/ Name Version Description
+++-==============-==============-==============================================
ii binutils 2.17-1 The GNU assembler, linker and binary utilities
Patches that Debian applied in this version:
cpu-default-i486:
set default 32bit ix86 architecture to i486
reporting:
Add Debian URL for bug reporting instructions.
gcc-ice-hack:
2004-01-23 Jakub Jelinek <jakub@redhat.com>
* system.h (ICE_EXIT_CODE): Define.
* gcc.c (execute): Don't free first string early, but at the end
of the function. Call retry_ice if compiler exited with
ICE_EXIT_CODE.
(retry_ice): New function.
* diagnostic.c (diagnostic_count_diagnostic,
diagnostic_action_after_output, error_recursion): Exit with
ICE_EXIT_CODE instead of FATAL_EXIT_CODE.
multiarch-include:
biarch-include.dpatch
Adds biarch include directories
/usr/local/include/<arch>-linux-gnu
/usr/include/<arch>-linux-gnu
to the system include paths, depending on 32/64 bit mode.
libjava-qt-peer:
Add standard C++ include directores when building the QT peer library.
ada-driver-check:
Simplify Ada driver check (we always build using the required
Ada version. Needed for warnings on alpha.
libjava-biarch-awt:
config-ml:
disable some biarch libraries for biarch builds
libjava-biarch-alsa:
Fix linking with the correct biarch asound library
amd64-biarch:
Set MULTILIB_OSDIRNAMES to the correct multilib path names for amd64.
libjava-ia32fix:
fix/hack to build 32bit libjava on amd64.
Counting all warnings,
there are 0 warnings in stage3 of this bootstrap.
Number of warnings per file:
Number of warning types:
--
Martin Michlmayr
http://www.cyrius.com/
More information about the Gcc-testresults
mailing list