Results for 4.2.0 20060822 (experimental) testsuite on hppa2.0w-hp-hpux11.11
CodeSourcery Automatic Testing System
gcc@codesourcery.com
Wed Aug 23 20:12:00 GMT 2006
LAST_UPDATED: Tue Aug 22 19:14:43 UTC 2006 (/trunk revision 116330)
Native configuration is hppa2.0w-hp-hpux11.11
=== g++ tests ===
Running target unix
XPASS: g++.dg/tree-ssa/ivopts-1.C scan-tree-dump-not &x\\[5\\]
=== g++ Summary ===
# of expected passes 12408
# of unexpected successes 1
# of expected failures 70
# of unsupported tests 179
/scratch/gcc/nightly-2006-08-23-mainline/hppa2.0w-hp-hpux11.11/build_gcc/install/bin/c++ version 4.2.0 20060822 (experimental)
=== gcc tests ===
Running target unix
WARNING: program timed out.
FAIL: gcc.c-torture/compile/20001226-1.c -O2 (test for excess errors)
WARNING: program timed out.
FAIL: gcc.c-torture/compile/20001226-1.c -O3 -fomit-frame-pointer (test for excess errors)
WARNING: program timed out.
FAIL: gcc.c-torture/compile/20001226-1.c -O3 -g (test for excess errors)
WARNING: program timed out.
FAIL: gcc.c-torture/compile/20001226-1.c -Os (test for excess errors)
FAIL: gcc.dg/attr-invalid.c (test for warnings, line 88)
FAIL: gcc.dg/attr-invalid.c (test for warnings, line 90)
FAIL: gcc.dg/attr-invalid.c (test for warnings, line 93)
FAIL: gcc.dg/attr-invalid.c (test for warnings, line 97)
FAIL: gcc.dg/attr-invalid.c (test for warnings, line 100)
FAIL: gcc.dg/attr-invalid.c (test for excess errors)
FAIL: gcc.dg/pr26570.c (test for warnings, line 7)
FAIL: gcc.dg/pr26570.c (test for warnings, line 14)
FAIL: gcc.dg/pr26570.c (test for excess errors)
=== gcc Summary ===
# of expected passes 38968
# of unexpected failures 13
# of expected failures 81
# of untested testcases 28
# of unsupported tests 483
/scratch/gcc/nightly-2006-08-23-mainline/hppa2.0w-hp-hpux11.11/build_gcc/install/bin/gcc version 4.2.0 20060822 (experimental)
=== libstdc++ tests ===
Running target unix
FAIL: 26_numerics/cmath/c99_classification_macros_c.cc (test for excess errors)
=== libstdc++ Summary ===
# of expected passes 3699
# of unexpected failures 1
# of expected failures 13
# of unsupported tests 329
Compiler version: 4.2.0 20060822 (experimental)
Platform: hppa2.0w-hp-hpux11.11
configure flags: --build=hppa2.0w-hp-hpux11.11 --host=hppa2.0w-hp-hpux11.11 --target=hppa2.0w-hp-hpux11.11 --enable-languages=c,c++ --enable-shared --enable-threads --disable-libmudflap --disable-libssp --disable-libgomp --disable-libstdcxx-pch --with-gnu-as --with-as=/scratch/gcc/nightly-2006-08-23-mainline/hppa2.0w-hp-hpux11.11/build_gcc/install/bin/as --without-gnu-ld --with-ld=/usr/ccs/bin/ld --prefix=/scratch/gcc/nightly-2006-08-23-mainline/hppa2.0w-hp-hpux11.11/build_gcc/install --disable-nls
More information about the Gcc-testresults
mailing list