Results for 4.1.2 20060814 (prerelease) (Debian 4.1.1-11) testsuite on hppa-unknown-linux-gnu
Matthias Klose
doko@debian.org
Tue Aug 15 23:54:00 GMT 2006
LAST_UPDATED: Mon Aug 14 22:35:40 UTC 2006 (revision 116137)
Native configuration is hppa-unknown-linux-gnu
=== g++ tests ===
Running target unix
FAIL: g++.dg/lookup/linkage1.C (test for errors, line 3)
FAIL: g++.dg/lookup/linkage1.C (test for errors, line 4)
FAIL: g++.dg/lookup/linkage2.C (test for excess errors)
XPASS: g++.dg/tree-ssa/pr14814.C scan-tree-dump-times &this 0
XPASS: g++.old-deja/g++.other/init5.C execution test
=== g++ Summary ===
# of expected passes 12167
# of unexpected failures 3
# of unexpected successes 2
# of expected failures 66
# of unsupported tests 115
/scratch/packages/gcc/4.1/gcc-4.1-4.1.1/build/gcc/testsuite/g++/../../g++ version 4.1.2 20060814 (prerelease) (Debian 4.1.1-11)
=== gcc tests ===
Running target unix
XPASS: gcc.dg/tree-ssa/loop-1.c scan-assembler-times foo 5
=== gcc Summary ===
# of expected passes 37298
# of unexpected successes 1
# of expected failures 76
# of untested testcases 28
# of unsupported tests 340
/scratch/packages/gcc/4.1/gcc-4.1-4.1.1/build/gcc/xgcc version 4.1.2 20060814 (prerelease) (Debian 4.1.1-11)
=== gfortran tests ===
Running target unix
=== gfortran Summary ===
# of expected passes 12951
# of expected failures 12
# of unsupported tests 82
/scratch/packages/gcc/4.1/gcc-4.1-4.1.1/build/gcc/testsuite/gfortran/../../gfortran version 4.1.2 20060814 (prerelease) (Debian 4.1.1-11)
=== obj-c++ tests ===
Running target unix
FAIL: obj-c++.dg/cxx-ivars-2.mm execution test
FAIL: obj-c++.dg/encode-8.mm execution test
FAIL: obj-c++.dg/isa-field-1.mm (test for excess errors)
FAIL: obj-c++.dg/lookup-2.mm (test for excess errors)
UNRESOLVED: obj-c++.dg/lookup-2.mm compilation failed to produce executable
FAIL: obj-c++.dg/try-catch-2.mm (test for excess errors)
UNRESOLVED: obj-c++.dg/try-catch-2.mm compilation failed to produce executable
FAIL: obj-c++.dg/try-catch-9.mm (test for excess errors)
UNRESOLVED: obj-c++.dg/try-catch-9.mm compilation failed to produce executable
=== obj-c++ Summary ===
# of expected passes 423
# of unexpected failures 6
# of unresolved testcases 3
# of unsupported tests 13
/scratch/packages/gcc/4.1/gcc-4.1-4.1.1/build/gcc/testsuite/obj-c++/../../g++ version 4.1.2 20060814 (prerelease) (Debian 4.1.1-11)
=== objc tests ===
Running target unix
=== objc Summary ===
# of expected passes 1686
# of unsupported tests 22
/scratch/packages/gcc/4.1/gcc-4.1-4.1.1/build/gcc/xgcc version 4.1.2 20060814 (prerelease) (Debian 4.1.1-11)
=== treelang tests ===
Running target unix
=== treelang Summary ===
# of expected passes 50
=== libffi tests ===
Running target unix
=== libffi Summary ===
# of expected passes 1084
# of unsupported tests 8
=== libmudflap tests ===
Running target unix
=== libmudflap Summary ===
# of expected passes 1799
=== libstdc++ tests ===
Running target unix
XPASS: 26_numerics/cmath/c99_classification_macros_c.cc (test for excess errors)
=== libstdc++ Summary ===
# of expected passes 3412
# of unexpected successes 1
# of expected failures 12
# of unsupported tests 315
Compiler version: 4.1.2 20060814 (prerelease) (Debian 4.1.1-11)
Platform: hppa-unknown-linux-gnu
configure flags: -v --prefix=/usr --enable-shared --with-system-zlib --libexecdir=/usr/lib --without-included-gettext --enable-threads=posix --enable-nls --program-suffix=-4.1 --enable-__cxa_atexit --enable-clocale=gnu --enable-libstdcxx-debug --enable-mpfr --enable-checking=release hppa-linux-gnu --enable-languages=c,c++,fortran,objc,obj-c++,treelang
BOOT_CFLAGS=-O2
Build Dependencies:
Desired=Unknown/Install/Remove/Purge/Hold
| Status=Not/Installed/Config-files/Unpacked/Failed-config/Half-installed
|/ Err?=(none)/Hold/Reinst-required/X=both-problems (Status,Err: uppercase=bad)
||/ Name Version Description
+++-==============-==============-==============================================
ii binutils 2.17-2 The GNU assembler, linker and binary utilities
Patches that Debian applied in this version:
svn-updates:
CVS updates from the 4.1 branch upto 20060814.
libjava-update:
libjava awt & swing update, taken from trunk 2006-02-25
gcc-version:
Add package identification to the gcc version string
gcc-textdomain:
Set gettext's domain and textdomain to the versioned package name.
gcc-driver-extra-langs:
Add options and specs for languages that are not built from a source
(but built from separate sources).
rename-info-files:
Allow transformations on info file names. Reference the
transformed info file names in the texinfo files.
libstdc++-pic:
Build and install libstdc++_pic.a library.
libstdc++-doclink:
adjust hrefs to point to the local documentation
gccbug:
Use sensible-editor instead of vi as fallback editor
gccbug-posix:
Make gccbug POSIX compliant (patch by David Weinehall)
http://www.opengroup.org/onlinepubs/009695399/utilities/test.html
boehm-gc-nocheck:
Disable running the boehm-gc testsuite. Hangs the buildd at least on hppa.
fastjar-version:
Append GCC version to the fastjar version string.
libstdc++-doxygen:
libstdc++ doxygen docs: Set SHORT_NAMES to YES
classmap-path:
Set the location for gcj-dbtool's database to /var/lib/gcj-X.Y
libjava-dlsearch-path:
Add /usr/lib/gcj-4.1 to the dlsearch path.
libjava-stacktrace:
libgcj: Lookup source file name and line number in separated
debug files found in /usr/lib/debug
libjava-hppa:
2006-06-13 John David Anglin <dave.anglin@nrc-cnrc.gc.ca>
* configure.host (hppa*-*): Set 'enable_hash_synchronization_default' to
no.
libffi-configure:
Add --enable-libffi option to toplevel configure script
libffi-backport:
libffi backport
libffi-backport2:
Add missing bits for the libffi backport from the trunk
- parisc chunks
- missing testcases in testsuite/libffi.call
arm-libffi:
Add closure support to libffi for arm
arm-gij:
Enable gij interpreter on arm
hppa-cbranch:
Fix for PR target/26743 (hppa)
Backport from gcc trunk 2006-04-12 by tausq@debian.org
hppa-cbranch2:
Fix for PR target/26743 (hppa)
Backport from gcc trunk 2006-04-12 by tausq@debian.org
m68k-fjump:
gcc/config/m68k/m68k.md:
always use as fjcc pseudo op, we rely heavily on as
to generate the right size for the jump instructions
fixes #359281
m68k-gc:
boehm-gc:
the thread suspend handler has to save all registers
reenable MPROTECT_VDB, it should work, otherwise it's probably a kernel bug
m68k-save_pic:
gcc/config/m68k/m68k.c:
correctly save the pic register, when not done by reload()
(fixes _Unwind_RaiseException and thus exception handling)
m68k-libffi:
add closure support to libffi for m68k
m68k-dwarf:
correct the dwarf frame information, but preserve compatibility
pr25524:
Backport PR libstdc++/25524 from the trunk
pr26885:
Proposed patch for PR driver/26885
pr26864:
Backport fix for PR libmudflap/26864 from the trunk.
pr27227:
Revert the patch to fix PR c++/27227.
pr28634:
Proposed patch for PR rtl-optimization/28634.
deb-protoize:
build protoize/unprotoize binaries
link-libs:
cpu-default-i486:
set default 32bit ix86 architecture to i486
reporting:
Add Debian URL for bug reporting instructions.
gcc-ice-hack:
2004-01-23 Jakub Jelinek <jakub@redhat.com>
* system.h (ICE_EXIT_CODE): Define.
* gcc.c (execute): Don't free first string early, but at the end
of the function. Call retry_ice if compiler exited with
ICE_EXIT_CODE.
(retry_ice): New function.
* diagnostic.c (diagnostic_count_diagnostic,
diagnostic_action_after_output, error_recursion): Exit with
ICE_EXIT_CODE instead of FATAL_EXIT_CODE.
multiarch-include:
biarch-include.dpatch
Adds biarch include directories
/usr/local/include/<arch>-linux-gnu
/usr/include/<arch>-linux-gnu
to the system include paths, depending on 32/64 bit mode.
Counting all warnings,
there are 31 warnings in stage3 of this bootstrap.
Number of warnings per file:
11 treelang/lex.c
11 gengtype-lex.c
6 gcc/gcc.c
2 gcc/objc/lang-specs.h
1 gcc/protoize.c
Number of warning types:
22 no previous prototype for `???'
5 string length `???' is greater than the length `???' ISO C89 compilers are required to support
2 comparison between signed and unsigned
1 passing argument 2 of `???' from incompatible pointer type
1 argument `???' might be clobbered by `???' or `???'
More information about the Gcc-testresults
mailing list