Results for 4.2.0-autovect 20060812 (experimental) testsuite on powerpc64-unknown-linux-gnu
Janis Johnson
janis187@us.ibm.com
Sat Aug 12 18:36:00 GMT 2006
Linux 2.4.21-17.EL ppc64
GNU C Library stable release version 2.3.2
GNU ld version 2.16.1
GNU assembler 2.16.1
GNU Make version 3.79.1
DejaGnu:
Expect version is 5.43.0
Tcl version is 8.4
Framework version is 1.4.4
32-bit biarch default32
LAST_UPDATED: Sat Aug 12 12:01:12 UTC 2006 (revision 116098)
Native configuration is powerpc64-unknown-linux-gnu
=== g++ tests ===
Running target unix/-m32
FAIL: g++.old-deja/g++.other/comdat5.C (test for excess errors)
=== g++ Summary for unix/-m32 ===
# of expected passes 12677
# of unexpected failures 1
# of expected failures 65
# of unsupported tests 89
Running target unix/-m64
=== g++ Summary for unix/-m64 ===
# of expected passes 12640
# of expected failures 65
# of unsupported tests 92
=== g++ Summary ===
# of expected passes 25317
# of unexpected failures 1
# of expected failures 130
# of unsupported tests 181
/home/gccbuild/build/nightly/build-gcc-autovect/stage3-gcc/testsuite/../g++ version 4.2.0-autovect 20060812 (experimental)
=== gcc tests ===
Running target unix/-m32
FAIL: gcc.dg/20020103-1.c scan-assembler-not LC[0-9]
FAIL: gcc.dg/pointer-arith-2.c (test for warnings, line 40)
FAIL: gcc.dg/pointer-arith-2.c (test for excess errors)
FAIL: gcc.dg/tree-ssa/20031106-6.c scan-tree-dump-times temp_struct 0
ERROR: gcc.dg/tree-ssa/copy-headers.c: error executing dg-final: no files matched glob pattern "copy-headers.c.t[0-9]*.ch"
UNRESOLVED: gcc.dg/tree-ssa/copy-headers.c: error executing dg-final: no files matched glob pattern "copy-headers.c.t[0-9]*.ch"
ERROR: gcc.dg/tree-ssa/loop-1.c: error executing dg-final: no files matched glob pattern "loop-1.c.t[0-9]*.cunroll"
UNRESOLVED: gcc.dg/tree-ssa/loop-1.c: error executing dg-final: no files matched glob pattern "loop-1.c.t[0-9]*.cunroll"
FAIL: gcc.dg/tree-ssa/loop-14.c scan-tree-dump-times \\+ 100 1
FAIL: gcc.dg/tree-ssa/pr17100.c scan-tree-dump-times Replacing one of the conditions 1
ERROR: gcc.dg/tree-ssa/pr21658.c: error executing dg-final: no files matched glob pattern "pr21658.c.t[0-9]*.ccp"
UNRESOLVED: gcc.dg/tree-ssa/pr21658.c: error executing dg-final: no files matched glob pattern "pr21658.c.t[0-9]*.ccp"
FAIL: gcc.dg/vect/pr20122.c scan-tree-dump-times vectorized 1 loops 2
FAIL: gcc.dg/vect/vect-101.c scan-tree-dump-times vectorized 1 loops 0
FAIL: gcc.dg/vect/vect-102.c scan-tree-dump-times vectorized 1 loops 0
XPASS: gcc.dg/vect/vect-37.c scan-tree-dump-times vectorized 2 loops 1
FAIL: gcc.dg/vect/vect-43.c scan-tree-dump-times vectorized 1 loops 1
XPASS: gcc.dg/vect/vect-45.c scan-tree-dump-times vectorized 1 loops 1
XPASS: gcc.dg/vect/vect-49.c scan-tree-dump-times vectorized 1 loops 1
XPASS: gcc.dg/vect/vect-51.c scan-tree-dump-times vectorized 1 loops 1
XPASS: gcc.dg/vect/vect-53.c scan-tree-dump-times vectorized 1 loops 1
XPASS: gcc.dg/vect/vect-57.c scan-tree-dump-times vectorized 1 loops 1
XPASS: gcc.dg/vect/vect-61.c scan-tree-dump-times vectorized 1 loops 1
XPASS: gcc.dg/vect/vect-79.c scan-tree-dump-times vectorized 1 loops 1
FAIL: gcc.dg/vect/vect-79.c scan-tree-dump-times can't determine dependence between 1
FAIL: gcc.dg/vect/vect-dv-2.c scan-tree-dump-times vectorized 2 loops 1
FAIL: gcc.dg/vect/vect-ifcvt-1.c execution test
FAIL: gcc.dg/vect/vect-ifcvt-1.c scan-tree-dump-times vectorized 2 loops 1
FAIL: gcc.dg/vect/vect-ifcvt-8.c execution test
FAIL: gcc.dg/vect/vect-ifcvt-9.c execution test
FAIL: gcc.target/powerpc/pr18096-1.c stack frame too large (test for warnings, line 11)
FAIL: gcc.target/powerpc/pr18096-1.c (test for excess errors)
=== gcc Summary for unix/-m32 ===
# of expected passes 39464
# of unexpected failures 18
# of unexpected successes 8
# of expected failures 93
# of unresolved testcases 3
# of untested testcases 28
# of unsupported tests 331
Running target unix/-m64
FAIL: gcc.c-torture/compile/961019-1.c -O1 (test for excess errors)
FAIL: gcc.c-torture/compile/961019-1.c -O2 (test for excess errors)
FAIL: gcc.c-torture/compile/961019-1.c -Os (test for excess errors)
FAIL: gcc.c-torture/execute/builtins/pr22237.c compilation, -O3 -fomit-frame-pointer
UNRESOLVED: gcc.c-torture/execute/builtins/pr22237.c execution, -O3 -fomit-frame-pointer
FAIL: gcc.c-torture/execute/builtins/pr22237.c compilation, -O3 -fomit-frame-pointer -funroll-loops
UNRESOLVED: gcc.c-torture/execute/builtins/pr22237.c execution, -O3 -fomit-frame-pointer -funroll-loops
FAIL: gcc.c-torture/execute/builtins/pr22237.c compilation, -O3 -fomit-frame-pointer -funroll-all-loops -finline-functions
UNRESOLVED: gcc.c-torture/execute/builtins/pr22237.c execution, -O3 -fomit-frame-pointer -funroll-all-loops -finline-functions
FAIL: gcc.c-torture/execute/builtins/pr22237.c compilation, -O3 -g
UNRESOLVED: gcc.c-torture/execute/builtins/pr22237.c execution, -O3 -g
FAIL: gcc.c-torture/execute/20000422-1.c compilation, -O1
UNRESOLVED: gcc.c-torture/execute/20000422-1.c execution, -O1
FAIL: gcc.c-torture/execute/20000422-1.c compilation, -O2
UNRESOLVED: gcc.c-torture/execute/20000422-1.c execution, -O2
FAIL: gcc.c-torture/execute/20000422-1.c compilation, -O3 -fomit-frame-pointer
UNRESOLVED: gcc.c-torture/execute/20000422-1.c execution, -O3 -fomit-frame-pointer
FAIL: gcc.c-torture/execute/20000422-1.c compilation, -O3 -fomit-frame-pointer -funroll-loops
UNRESOLVED: gcc.c-torture/execute/20000422-1.c execution, -O3 -fomit-frame-pointer -funroll-loops
FAIL: gcc.c-torture/execute/20000422-1.c compilation, -O3 -fomit-frame-pointer -funroll-all-loops -finline-functions
UNRESOLVED: gcc.c-torture/execute/20000422-1.c execution, -O3 -fomit-frame-pointer -funroll-all-loops -finline-functions
FAIL: gcc.c-torture/execute/20000422-1.c compilation, -O3 -g
UNRESOLVED: gcc.c-torture/execute/20000422-1.c execution, -O3 -g
FAIL: gcc.dg/torture/fp-int-convert-timode.c -O0 execution test
FAIL: gcc.dg/torture/fp-int-convert-timode.c -O1 execution test
FAIL: gcc.dg/torture/fp-int-convert-timode.c -O2 execution test
FAIL: gcc.dg/torture/fp-int-convert-timode.c -O3 -fomit-frame-pointer execution test
FAIL: gcc.dg/torture/fp-int-convert-timode.c -O3 -g execution test
FAIL: gcc.dg/torture/fp-int-convert-timode.c -Os execution test
FAIL: gcc.dg/tree-ssa/20031106-6.c scan-tree-dump-times temp_struct 0
ERROR: gcc.dg/tree-ssa/copy-headers.c: error executing dg-final: no files matched glob pattern "copy-headers.c.t[0-9]*.ch"
UNRESOLVED: gcc.dg/tree-ssa/copy-headers.c: error executing dg-final: no files matched glob pattern "copy-headers.c.t[0-9]*.ch"
ERROR: gcc.dg/tree-ssa/loop-1.c: error executing dg-final: no files matched glob pattern "loop-1.c.t[0-9]*.cunroll"
UNRESOLVED: gcc.dg/tree-ssa/loop-1.c: error executing dg-final: no files matched glob pattern "loop-1.c.t[0-9]*.cunroll"
FAIL: gcc.dg/tree-ssa/loop-14.c scan-tree-dump-times \\+ 100 1
FAIL: gcc.dg/tree-ssa/pr17100.c scan-tree-dump-times Replacing one of the conditions 1
ERROR: gcc.dg/tree-ssa/pr21658.c: error executing dg-final: no files matched glob pattern "pr21658.c.t[0-9]*.ccp"
UNRESOLVED: gcc.dg/tree-ssa/pr21658.c: error executing dg-final: no files matched glob pattern "pr21658.c.t[0-9]*.ccp"
FAIL: gcc.dg/tree-ssa/pr23386.c (test for excess errors)
WARNING: gcc.dg/tree-ssa/pr23386.c compilation failed to produce executable
XPASS: gcc.dg/tree-ssa/sra-2.c scan-tree-dump-times link_error 0
FAIL: gcc.dg/vect/pr20122.c scan-tree-dump-times vectorized 1 loops 2
FAIL: gcc.dg/vect/vect-101.c scan-tree-dump-times vectorized 1 loops 0
FAIL: gcc.dg/vect/vect-102.c scan-tree-dump-times vectorized 1 loops 0
FAIL: gcc.dg/vect/vect-109.c (test for excess errors)
FAIL: gcc.dg/vect/vect-109.c scan-tree-dump-times vectorized 0 loops 2
FAIL: gcc.dg/vect/vect-109.c scan-tree-dump-times not vectorized: unsupported unaligned store 2
FAIL: gcc.dg/vect/vect-118.c (test for excess errors)
FAIL: gcc.dg/vect/vect-119.c (test for excess errors)
FAIL: gcc.dg/vect/vect-119.c scan-tree-dump-times vectorized 1 loops 2
FAIL: gcc.dg/vect/vect-119.c scan-tree-dump-times Alignment of access forced using peeling 2
FAIL: gcc.dg/vect/vect-119.c scan-tree-dump-times Vectorizing an unaligned access 8
FAIL: gcc.dg/vect/vect-30.c (test for excess errors)
FAIL: gcc.dg/vect/vect-30.c scan-tree-dump-times vectorized 1 loops 2
XPASS: gcc.dg/vect/vect-37.c scan-tree-dump-times vectorized 2 loops 1
FAIL: gcc.dg/vect/vect-43.c scan-tree-dump-times vectorized 1 loops 1
XPASS: gcc.dg/vect/vect-45.c scan-tree-dump-times vectorized 1 loops 1
XPASS: gcc.dg/vect/vect-49.c scan-tree-dump-times vectorized 1 loops 1
XPASS: gcc.dg/vect/vect-51.c scan-tree-dump-times vectorized 1 loops 1
XPASS: gcc.dg/vect/vect-53.c scan-tree-dump-times vectorized 1 loops 1
XPASS: gcc.dg/vect/vect-57.c scan-tree-dump-times vectorized 1 loops 1
XPASS: gcc.dg/vect/vect-61.c scan-tree-dump-times vectorized 1 loops 1
FAIL: gcc.dg/vect/vect-73.c (test for excess errors)
XPASS: gcc.dg/vect/vect-79.c scan-tree-dump-times vectorized 1 loops 1
FAIL: gcc.dg/vect/vect-79.c scan-tree-dump-times can't determine dependence between 1
FAIL: gcc.dg/vect/vect-8.c (test for excess errors)
FAIL: gcc.dg/vect/vect-92.c (test for excess errors)
FAIL: gcc.dg/vect/vect-92.c scan-tree-dump-times vectorized 1 loops 3
FAIL: gcc.dg/vect/vect-92.c scan-tree-dump-times Alignment of access forced using peeling 3
FAIL: gcc.dg/vect/vect-dv-2.c scan-tree-dump-times vectorized 2 loops 1
FAIL: gcc.dg/vect/vect-ifcvt-1.c execution test
FAIL: gcc.dg/vect/vect-ifcvt-1.c scan-tree-dump-times vectorized 2 loops 1
FAIL: gcc.dg/vect/vect-ifcvt-8.c execution test
FAIL: gcc.dg/vect/vect-ifcvt-9.c execution test
=== gcc Summary for unix/-m64 ===
# of expected passes 39273
# of unexpected failures 48
# of unexpected successes 9
# of expected failures 94
# of unresolved testcases 13
# of untested testcases 28
# of unsupported tests 398
=== gcc Summary ===
# of expected passes 78737
# of unexpected failures 66
# of unexpected successes 17
# of expected failures 187
# of unresolved testcases 16
# of untested testcases 56
# of unsupported tests 729
/home/gccbuild/build/nightly/build-gcc-autovect/gcc/xgcc version 4.2.0-autovect 20060812 (experimental)
=== objc tests ===
Running target unix/-m32
FAIL: objc.dg-struct-layout-encoding-1/t025_main.m execution test
FAIL: objc.dg-struct-layout-encoding-1/t026_main.m execution test
FAIL: objc.dg-struct-layout-encoding-1/t027_main.m execution test
FAIL: objc.dg-struct-layout-encoding-1/t028_main.m execution test
FAIL: objc.dg-struct-layout-encoding-1/t029_main.m execution test
FAIL: objc.dg-struct-layout-encoding-1/t030_main.m execution test
FAIL: objc.dg-struct-layout-encoding-1/t031_main.m execution test
=== objc Summary for unix/-m32 ===
# of expected passes 1734
# of unexpected failures 7
# of unsupported tests 22
Running target unix/-m64
FAIL: objc.dg-struct-layout-encoding-1/t025_main.m execution test
FAIL: objc.dg-struct-layout-encoding-1/t026_main.m execution test
FAIL: objc.dg-struct-layout-encoding-1/t027_main.m execution test
FAIL: objc.dg-struct-layout-encoding-1/t028_main.m execution test
FAIL: objc.dg-struct-layout-encoding-1/t029_main.m execution test
FAIL: objc.dg-struct-layout-encoding-1/t030_main.m execution test
FAIL: objc.dg-struct-layout-encoding-1/t031_main.m execution test
=== objc Summary for unix/-m64 ===
# of expected passes 1734
# of unexpected failures 7
# of unsupported tests 22
=== objc Summary ===
# of expected passes 3468
# of unexpected failures 14
# of unsupported tests 44
/home/gccbuild/build/nightly/build-gcc-autovect/gcc/xgcc version 4.2.0-autovect 20060812 (experimental)
=== libmudflap tests ===
Running target unix/-m32
=== libmudflap Summary for unix/-m32 ===
# of expected passes 1789
Running target unix/-m64
FAIL: libmudflap.c/fail27-frag.c output pattern test
FAIL: libmudflap.c/fail27-frag.c (-O2) output pattern test
FAIL: libmudflap.c/fail27-frag.c (-O3) output pattern test
=== libmudflap Summary for unix/-m64 ===
# of expected passes 1786
# of unexpected failures 3
=== libmudflap Summary ===
# of expected passes 3575
# of unexpected failures 3
=== libstdc++ tests ===
Running target unix/-m32
FAIL: abi_check
XPASS: 26_numerics/cmath/c99_classification_macros_c.cc (test for excess errors)
FAIL: 27_io/basic_ostream/inserters_character/char/9555-oc.cc execution test
FAIL: 27_io/basic_ostream/inserters_character/wchar_t/9555-oc.cc execution test
XPASS: ext/array_allocator/2.cc execution test
=== libstdc++ Summary for unix/-m32 ===
# of expected passes 4034
# of unexpected failures 3
# of unexpected successes 2
# of expected failures 12
Running target unix/-m64
FAIL: abi_check
FAIL: 22_locale/messages/members/char/1.cc execution test
FAIL: 22_locale/messages/members/char/2.cc execution test
FAIL: 22_locale/messages/members/char/wrapped_env.cc execution test
FAIL: 22_locale/messages/members/char/wrapped_locale.cc execution test
FAIL: 22_locale/messages_byname/named_equivalence.cc execution test
XPASS: 26_numerics/cmath/c99_classification_macros_c.cc (test for excess errors)
FAIL: 26_numerics/complex/13450.cc execution test
FAIL: 27_io/basic_ostream/inserters_character/char/9555-oc.cc execution test
FAIL: 27_io/basic_ostream/inserters_character/wchar_t/9555-oc.cc execution test
XPASS: 27_io/fpos/14320-1.cc execution test
XPASS: ext/array_allocator/2.cc execution test
FAIL: ext/rope/1.cc (test for excess errors)
WARNING: ext/rope/1.cc compilation failed to produce executable
FAIL: ext/rope/2.cc (test for excess errors)
WARNING: ext/rope/2.cc compilation failed to produce executable
FAIL: ext/rope/3.cc (test for excess errors)
WARNING: ext/rope/3.cc compilation failed to produce executable
FAIL: ext/rope/4.cc (test for excess errors)
WARNING: ext/rope/4.cc compilation failed to produce executable
FAIL: thread/pthread7-rope.cc (test for excess errors)
WARNING: thread/pthread7-rope.cc compilation failed to produce executable
=== libstdc++ Summary for unix/-m64 ===
# of expected passes 4018
# of unexpected failures 14
# of unexpected successes 3
# of expected failures 11
=== libstdc++ Summary ===
# of expected passes 8052
# of unexpected failures 17
# of unexpected successes 5
# of expected failures 23
Compiler version: 4.2.0-autovect 20060812 (experimental)
Platform: powerpc64-unknown-linux-gnu
configure flags: --prefix=/opt/gcc-nightly/autovect-20060812 --build=powerpc64-linux --host=powerpc64-linux --target=powerpc64-linux --with-cpu=default32 --with-as=/opt/gcc-nightly/autovect-20060812/bin/as --with-ld=/opt/gcc-nightly/autovect-20060812/bin/ld --enable-threads=posix --enable-shared --enable-__cxa_atexit --enable-checking --with-mpfr=/opt/gcc-nightly/autovect-20060812 --enable-languages=c,c++,objc
More information about the Gcc-testresults
mailing list