Results for 4.2.0 20060811 (experimental) testsuite on arm-none-eabi
CodeSourcery Automatic Testing System
gcc@codesourcery.com
Fri Aug 11 20:27:00 GMT 2006
LAST_UPDATED: Fri Aug 11 07:18:37 UTC 2006 (/trunk revision 116078)
Target is arm-none-eabi
Host is i686-pc-linux-gnu
=== g++ tests ===
Running target arm-sim
FAIL: g++.dg/abi/local1.C execution test
FAIL: g++.dg/cpp/_Pragma1.C (test for excess errors)
WARNING: program timed out.
FAIL: g++.dg/init/array15.C execution test
WARNING: program timed out.
FAIL: g++.dg/init/array16.C execution test
FAIL: g++.dg/opt/switch4.C (test for excess errors)
XPASS: g++.dg/other/packed1.C execution test
FAIL: g++.dg/other/unused1.C scan-assembler (string|asci)z?\\t"class2"
FAIL: g++.dg/other/unused1.C scan-assembler (string|asci)z?\\t"printer"
FAIL: g++.dg/template/dependent-expr1.C (test for errors, line 22)
FAIL: g++.old-deja/g++.other/init19.C execution test
=== g++ Summary ===
# of expected passes 12479
# of unexpected failures 9
# of unexpected successes 1
# of expected failures 67
# of unsupported tests 125
/scratch/gcc/nightly-2006-08-11-mainline/arm-none-eabi/build_gcc/install/bin/arm-none-eabi-c++ version 4.2.0 20060811 (experimental)
Host is i686-pc-linux-gnu
=== gcc tests ===
Running target arm-sim
FAIL: gcc.dg/compat/struct-layout-1 c_compat_x_tst.o compile
FAIL: gcc.dg/compat/struct-layout-1 c_compat_y_tst.o compile
UNRESOLVED: gcc.dg/compat/struct-layout-1 c_compat_x_tst.o-c_compat_y_tst.o link
UNRESOLVED: gcc.dg/compat/struct-layout-1 c_compat_x_tst.o-c_compat_y_tst.o execute
FAIL: gcc.dg/cpp/_Pragma6.c (test for excess errors)
WARNING: program timed out.
FAIL: gcc.dg/c99-intconst-1.c (test for excess errors)
FAIL: gcc.dg/tls/alias-1.c (test for excess errors)
FAIL: gcc.dg/tls/opt-2.c (test for excess errors)
=== gcc Summary ===
# of expected passes 39014
# of unexpected failures 6
# of expected failures 75
# of unresolved testcases 2
# of untested testcases 28
# of unsupported tests 392
/scratch/gcc/nightly-2006-08-11-mainline/arm-none-eabi/build_gcc/install/bin/arm-none-eabi-gcc version 4.2.0 20060811 (experimental)
Host is i686-pc-linux-gnu
=== libstdc++ tests ===
Running target arm-sim
WARNING: program timed out.
FAIL: 21_strings/basic_string/append/char/3.cc execution test
WARNING: program timed out.
FAIL: 21_strings/basic_string/capacity/char/18654.cc execution test
WARNING: program timed out.
FAIL: 21_strings/basic_string/cons/char/6.cc execution test
WARNING: program timed out.
FAIL: 21_strings/basic_string/inserters_extractors/char/10.cc execution test
WARNING: program timed out.
FAIL: 21_strings/basic_string/inserters_extractors/char/11.cc execution test
WARNING: program timed out.
FAIL: 22_locale/collate/transform/char/28277.cc execution test
FAIL: 23_containers/set/modifiers/16728.cc execution test
FAIL: 26_numerics/cmath/c99_classification_macros_c.cc (test for excess errors)
WARNING: program timed out.
FAIL: 26_numerics/valarray/28277.cc execution test
FAIL: 27_io/basic_istream/extractors_arithmetic/char/12.cc execution test
WARNING: program timed out.
FAIL: 27_io/basic_istream/extractors_character/char/4.cc execution test
WARNING: program timed out.
FAIL: 27_io/basic_istream/getline/char/5.cc execution test
WARNING: program timed out.
FAIL: 27_io/basic_istream/ignore/char/2.cc execution test
WARNING: program timed out.
FAIL: 27_io/basic_stringbuf/overflow/char/1.cc execution test
WARNING: program timed out.
FAIL: 27_io/basic_stringbuf/setbuf/char/4.cc execution test
FAIL: 27_io/ios_base/sync_with_stdio/1.cc execution test
FAIL: 27_io/objects/char/10.cc execution test
WARNING: program timed out.
FAIL: ext/pb_ds/example/priority_queue_dijkstra.cc execution test
WARNING: program timed out.
FAIL: ext/pb_ds/regression/hash_data_map_rand.cc execution test
WARNING: program timed out.
FAIL: ext/pb_ds/regression/hash_no_data_map_rand.cc execution test
WARNING: program timed out.
FAIL: ext/pb_ds/regression/tree_data_map_rand.cc execution test
WARNING: program timed out.
FAIL: ext/pb_ds/regression/tree_no_data_map_rand.cc execution test
WARNING: program timed out.
FAIL: ext/pb_ds/regression/trie_data_map_rand.cc execution test
WARNING: program timed out.
FAIL: ext/pb_ds/regression/trie_no_data_map_rand.cc execution test
FAIL: ext/rope/3.cc execution test
XPASS: ext/stdio_filebuf/char/10063-2.cc execution test
XPASS: ext/stdio_filebuf/char/10063-3.cc execution test
WARNING: program timed out.
WARNING: program timed out.
FAIL: tr1/6_containers/unordered/hashtable/26132.cc execution test
=== libstdc++ Summary ===
# of expected passes 2836
# of unexpected failures 26
# of unexpected successes 2
# of expected failures 16
# of unsupported tests 153
Host is i686-pc-linux-gnu
=== g++ tests ===
Running target arm-sim/-mthumb
FAIL: g++.dg/abi/local1.C execution test
FAIL: g++.dg/cpp/_Pragma1.C (test for excess errors)
WARNING: program timed out.
FAIL: g++.dg/eh/cleanup1.C (test for excess errors)
WARNING: program timed out.
FAIL: g++.dg/eh/forced1.C execution test
WARNING: program timed out.
FAIL: g++.dg/init/array15.C execution test
WARNING: program timed out.
FAIL: g++.dg/init/array16.C execution test
WARNING: program timed out.
FAIL: g++.dg/opt/longbranch1.C (test for excess errors)
FAIL: g++.dg/opt/switch4.C (test for excess errors)
XPASS: g++.dg/other/packed1.C execution test
FAIL: g++.dg/other/unused1.C scan-assembler (string|asci)z?\\t"class2"
FAIL: g++.dg/other/unused1.C scan-assembler (string|asci)z?\\t"printer"
FAIL: g++.dg/template/dependent-expr1.C (test for errors, line 22)
WARNING: program timed out.
FAIL: g++.old-deja/g++.eh/terminate2.C execution test
FAIL: g++.old-deja/g++.jason/thunk2.C execution test
FAIL: g++.old-deja/g++.other/init19.C execution test
=== g++ Summary ===
# of expected passes 12474
# of unexpected failures 14
# of unexpected successes 1
# of expected failures 67
# of unsupported tests 125
/scratch/gcc/nightly-2006-08-11-mainline/arm-none-eabi/build_gcc/install/bin/arm-none-eabi-c++ version 4.2.0 20060811 (experimental)
Host is i686-pc-linux-gnu
=== gcc tests ===
Running target arm-sim/-mthumb
WARNING: program timed out.
FAIL: gcc.c-torture/compile/20001226-1.c -O0 (test for excess errors)
WARNING: program timed out.
FAIL: gcc.c-torture/compile/20001226-1.c -O2 (test for excess errors)
WARNING: program timed out.
FAIL: gcc.c-torture/compile/20001226-1.c -O3 -fomit-frame-pointer (test for excess errors)
WARNING: program timed out.
FAIL: gcc.c-torture/compile/20001226-1.c -O3 -g (test for excess errors)
WARNING: program timed out.
FAIL: gcc.c-torture/compile/20001226-1.c -Os (test for excess errors)
XPASS: gcc.c-torture/execute/941014-1.c execution, -O0
FAIL: gcc.dg/compat/struct-layout-1 c_compat_x_tst.o compile
FAIL: gcc.dg/compat/struct-layout-1 c_compat_y_tst.o compile
UNRESOLVED: gcc.dg/compat/struct-layout-1 c_compat_x_tst.o-c_compat_y_tst.o link
UNRESOLVED: gcc.dg/compat/struct-layout-1 c_compat_x_tst.o-c_compat_y_tst.o execute
FAIL: gcc.dg/cpp/_Pragma6.c (test for excess errors)
WARNING: program timed out.
FAIL: gcc.dg/c99-intconst-1.c (test for excess errors)
FAIL: gcc.dg/sibcall-3.c execution test
FAIL: gcc.dg/sibcall-4.c execution test
FAIL: gcc.dg/tls/alias-1.c (test for excess errors)
FAIL: gcc.dg/tls/opt-2.c (test for excess errors)
XPASS: gcc.dg/tree-ssa/20040204-1.c scan-tree-dump-times link_error 0
=== gcc Summary ===
# of expected passes 38955
# of unexpected failures 13
# of unexpected successes 2
# of expected failures 74
# of unresolved testcases 2
# of untested testcases 28
# of unsupported tests 398
/scratch/gcc/nightly-2006-08-11-mainline/arm-none-eabi/build_gcc/install/bin/arm-none-eabi-gcc version 4.2.0 20060811 (experimental)
Host is i686-pc-linux-gnu
=== libstdc++ tests ===
Running target arm-sim/-mthumb
WARNING: program timed out.
FAIL: 21_strings/basic_string/append/char/3.cc execution test
WARNING: program timed out.
FAIL: 21_strings/basic_string/capacity/char/18654.cc execution test
WARNING: program timed out.
FAIL: 21_strings/basic_string/cons/char/6.cc execution test
WARNING: program timed out.
FAIL: 21_strings/basic_string/inserters_extractors/char/10.cc execution test
WARNING: program timed out.
FAIL: 21_strings/basic_string/inserters_extractors/char/11.cc execution test
WARNING: program timed out.
FAIL: 22_locale/collate/transform/char/28277.cc execution test
FAIL: 23_containers/set/modifiers/16728.cc execution test
FAIL: 26_numerics/cmath/c99_classification_macros_c.cc (test for excess errors)
WARNING: program timed out.
FAIL: 26_numerics/valarray/28277.cc execution test
FAIL: 27_io/basic_istream/extractors_arithmetic/char/12.cc execution test
WARNING: program timed out.
FAIL: 27_io/basic_istream/extractors_character/char/4.cc execution test
WARNING: program timed out.
FAIL: 27_io/basic_istream/getline/char/5.cc execution test
WARNING: program timed out.
FAIL: 27_io/basic_istream/ignore/char/2.cc execution test
WARNING: program timed out.
FAIL: 27_io/basic_stringbuf/overflow/char/1.cc execution test
WARNING: program timed out.
FAIL: 27_io/basic_stringbuf/setbuf/char/4.cc execution test
FAIL: 27_io/ios_base/sync_with_stdio/1.cc execution test
FAIL: 27_io/objects/char/10.cc execution test
WARNING: program timed out.
FAIL: ext/pb_ds/example/priority_queue_dijkstra.cc execution test
WARNING: program timed out.
FAIL: ext/pb_ds/regression/hash_data_map_rand.cc execution test
WARNING: program timed out.
FAIL: ext/pb_ds/regression/hash_no_data_map_rand.cc execution test
WARNING: program timed out.
FAIL: ext/pb_ds/regression/priority_queue_rand.cc execution test
WARNING: program timed out.
FAIL: ext/pb_ds/regression/tree_data_map_rand.cc (test for excess errors)
WARNING: ext/pb_ds/regression/tree_data_map_rand.cc compilation failed to produce executable
WARNING: program timed out.
FAIL: ext/pb_ds/regression/tree_no_data_map_rand.cc (test for excess errors)
WARNING: ext/pb_ds/regression/tree_no_data_map_rand.cc compilation failed to produce executable
WARNING: program timed out.
FAIL: ext/pb_ds/regression/trie_data_map_rand.cc execution test
WARNING: program timed out.
FAIL: ext/pb_ds/regression/trie_no_data_map_rand.cc execution test
FAIL: ext/rope/3.cc execution test
XPASS: ext/stdio_filebuf/char/10063-2.cc execution test
XPASS: ext/stdio_filebuf/char/10063-3.cc execution test
WARNING: program timed out.
WARNING: program timed out.
FAIL: tr1/6_containers/unordered/hashtable/26132.cc execution test
=== libstdc++ Summary ===
# of expected passes 2833
# of unexpected failures 27
# of unexpected successes 2
# of expected failures 16
# of unsupported tests 153
Compiler version: 4.2.0 20060811 (experimental)
Platform: arm-none-eabi
configure flags: --disable-nls --build=i686-pc-linux-gnu --host=i686-pc-linux-gnu --target=arm-none-eabi --enable-languages=c,c++ --enable-shared --enable-threads --disable-libmudflap --disable-libssp --disable-libgomp --disable-libstdcxx-pch --with-gnu-as --with-gnu-ld --prefix=/opt/codesourcery --with-newlib --with-sysroot=/opt/codesourcery/arm-none-eabi --with-build-sysroot=/scratch/gcc/nightly-2006-08-11-mainline/arm-none-eabi/build_gcc/install/arm-none-eabi --with-build-time-tools=/scratch/gcc/nightly-2006-08-11-mainline/arm-none-eabi/build_gcc/install/arm-none-eabi/bin --with-build-time-tools=/scratch/gcc/nightly-2006-08-11-mainline/arm-none-eabi/build_gcc/install/arm-none-eabi/bin
More information about the Gcc-testresults
mailing list