Results for 4.1.2 20060810 (prerelease) testsuite on hppa2.0w-hp-hpux11.11
CodeSourcery Automatic Testing System
gcc@codesourcery.com
Fri Aug 11 03:57:00 GMT 2006
LAST_UPDATED: Thu Aug 10 07:17:06 UTC 2006 (/branches/gcc-4_1-branch revision 116057)
Native configuration is hppa2.0w-hp-hpux11.11
=== g++ tests ===
Running target unix
XPASS: g++.dg/tree-ssa/pr14814.C scan-tree-dump-times &this 0
=== g++ Summary ===
# of expected passes 11816
# of unexpected successes 1
# of expected failures 67
# of unsupported tests 152
/scratch/gcc/nightly-2006-08-10-4.1/hppa2.0w-hp-hpux11.11/build_gcc/install/bin/c++ version 4.1.2 20060810 (prerelease)
=== gcc tests ===
Running target unix
=== gcc Summary ===
# of expected passes 36701
# of expected failures 78
# of untested testcases 28
# of unsupported tests 423
/scratch/gcc/nightly-2006-08-10-4.1/hppa2.0w-hp-hpux11.11/build_gcc/install/bin/gcc version 4.1.2 20060810 (prerelease)
=== libstdc++ tests ===
Running target unix
FAIL: 26_numerics/cmath/c99_classification_macros_c.cc (test for excess errors)
=== libstdc++ Summary ===
# of expected passes 3383
# of unexpected failures 1
# of expected failures 12
# of unsupported tests 329
Compiler version: 4.1.2 20060810 (prerelease)
Platform: hppa2.0w-hp-hpux11.11
configure flags: --disable-nls --build=hppa2.0w-hp-hpux11.11 --host=hppa2.0w-hp-hpux11.11 --target=hppa2.0w-hp-hpux11.11 --enable-languages=c,c++ --enable-shared --enable-threads --disable-libmudflap --disable-libssp --disable-libgomp --disable-libstdcxx-pch --with-gnu-as --with-as=/scratch/gcc/nightly-2006-08-10-4.1/hppa2.0w-hp-hpux11.11/build_gcc/install/bin/as --without-gnu-ld --with-ld=/usr/ccs/bin/ld --prefix=/scratch/gcc/nightly-2006-08-10-4.1/hppa2.0w-hp-hpux11.11/build_gcc/install
More information about the Gcc-testresults
mailing list