Results for 4.2.0 20060809 (experimental) testsuite on powerpc-unknown-linux-gnuspe
Edmar Wienskoski
ra8797@freescale.com
Thu Aug 10 19:00:00 GMT 2006
LAST_UPDATED:
Target is powerpc-unknown-linux-gnuspe
Host is x86_64-unknown-linux-gnu
=== gcc tests ===
Running target e500v1_ssh
WARNING: program timed out.
FAIL: gcc.c-torture/compile/20001226-1.c -O2 (test for excess errors)
WARNING: program timed out.
FAIL: gcc.c-torture/compile/20001226-1.c -O3 -fomit-frame-pointer (test for excess errors)
WARNING: program timed out.
FAIL: gcc.c-torture/compile/20001226-1.c -O3 -g (test for excess errors)
WARNING: program timed out.
FAIL: gcc.c-torture/compile/20001226-1.c -Os (test for excess errors)
FAIL: gcc.c-torture/compile/simd-3.c -O1 (internal compiler error)
FAIL: gcc.c-torture/compile/simd-3.c -O1 (test for excess errors)
FAIL: gcc.c-torture/compile/simd-3.c -O2 (internal compiler error)
FAIL: gcc.c-torture/compile/simd-3.c -O2 (test for excess errors)
FAIL: gcc.c-torture/compile/simd-3.c -O3 -fomit-frame-pointer (internal compiler error)
FAIL: gcc.c-torture/compile/simd-3.c -O3 -fomit-frame-pointer (test for excess errors)
FAIL: gcc.c-torture/compile/simd-3.c -O3 -g (internal compiler error)
FAIL: gcc.c-torture/compile/simd-3.c -O3 -g (test for excess errors)
FAIL: gcc.c-torture/compile/simd-3.c -Os (internal compiler error)
FAIL: gcc.c-torture/compile/simd-3.c -Os (test for excess errors)
FAIL: gcc.c-torture/compile/simd-4.c -O1 (internal compiler error)
FAIL: gcc.c-torture/compile/simd-4.c -O1 (test for excess errors)
FAIL: gcc.c-torture/compile/simd-4.c -O2 (internal compiler error)
FAIL: gcc.c-torture/compile/simd-4.c -O2 (test for excess errors)
FAIL: gcc.c-torture/compile/simd-4.c -O3 -fomit-frame-pointer (internal compiler error)
FAIL: gcc.c-torture/compile/simd-4.c -O3 -fomit-frame-pointer (test for excess errors)
FAIL: gcc.c-torture/compile/simd-4.c -O3 -g (internal compiler error)
FAIL: gcc.c-torture/compile/simd-4.c -O3 -g (test for excess errors)
FAIL: gcc.c-torture/compile/simd-4.c -Os (internal compiler error)
FAIL: gcc.c-torture/compile/simd-4.c -Os (test for excess errors)
FAIL: gcc.c-torture/execute/20050604-1.c compilation, -O1 (internal compiler error)
UNRESOLVED: gcc.c-torture/execute/20050604-1.c execution, -O1
FAIL: gcc.c-torture/execute/20050604-1.c compilation, -O2 (internal compiler error)
UNRESOLVED: gcc.c-torture/execute/20050604-1.c execution, -O2
FAIL: gcc.c-torture/execute/20050604-1.c compilation, -O3 -fomit-frame-pointer (internal compiler error)
UNRESOLVED: gcc.c-torture/execute/20050604-1.c execution, -O3 -fomit-frame-pointer
FAIL: gcc.c-torture/execute/20050604-1.c compilation, -O3 -fomit-frame-pointer -funroll-loops (internal compiler error)
UNRESOLVED: gcc.c-torture/execute/20050604-1.c execution, -O3 -fomit-frame-pointer -funroll-loops
FAIL: gcc.c-torture/execute/20050604-1.c compilation, -O3 -fomit-frame-pointer -funroll-all-loops -finline-functions (internal compiler error)
UNRESOLVED: gcc.c-torture/execute/20050604-1.c execution, -O3 -fomit-frame-pointer -funroll-all-loops -finline-functions
FAIL: gcc.c-torture/execute/20050604-1.c compilation, -O3 -g (internal compiler error)
UNRESOLVED: gcc.c-torture/execute/20050604-1.c execution, -O3 -g
FAIL: gcc.c-torture/execute/20050604-1.c compilation, -Os (internal compiler error)
UNRESOLVED: gcc.c-torture/execute/20050604-1.c execution, -Os
FAIL: gcc.dg/compat/vector-2 c_compat_y_tst.o compile, (internal compiler error)
UNRESOLVED: gcc.dg/compat/vector-2 c_compat_x_tst.o-c_compat_y_tst.o link
UNRESOLVED: gcc.dg/compat/vector-2 c_compat_x_tst.o-c_compat_y_tst.o execute
WARNING: Could not execute gcc.dg/compat/struct-layout-1 generator
FAIL: gcc.dg/tree-prof/inliner-1.c compilation, -fprofile-generate
UNRESOLVED: gcc.dg/tree-prof/inliner-1.c execution, -fprofile-generate
UNRESOLVED: gcc.dg/tree-prof/inliner-1.c compilation, -fprofile-use
UNRESOLVED: gcc.dg/tree-prof/inliner-1.c execution, -fprofile-use
FAIL: gcc.dg/tree-prof/update-cunroll-2.c execution: file update-cunroll-2.gcda does not exist, -fprofile-generate
UNRESOLVED: gcc.dg/tree-prof/update-cunroll-2.c compilation, -fprofile-use
UNRESOLVED: gcc.dg/tree-prof/update-cunroll-2.c execution, -fprofile-use
FAIL: gcc.dg/tree-prof/update-loopch.c execution: file update-loopch.gcda does not exist, -fprofile-generate
UNRESOLVED: gcc.dg/tree-prof/update-loopch.c compilation, -fprofile-use
UNRESOLVED: gcc.dg/tree-prof/update-loopch.c execution, -fprofile-use
FAIL: gcc.dg/tree-prof/update-tailcall.c execution: file update-tailcall.gcda does not exist, -fprofile-generate
UNRESOLVED: gcc.dg/tree-prof/update-tailcall.c compilation, -fprofile-use
UNRESOLVED: gcc.dg/tree-prof/update-tailcall.c execution, -fprofile-use
FAIL: gcc.dg/tree-prof/val-prof-1.c compilation, -fprofile-generate
UNRESOLVED: gcc.dg/tree-prof/val-prof-1.c execution, -fprofile-generate
UNRESOLVED: gcc.dg/tree-prof/val-prof-1.c compilation, -fprofile-use
UNRESOLVED: gcc.dg/tree-prof/val-prof-1.c execution, -fprofile-use
FAIL: gcc.dg/tree-prof/val-prof-2.c compilation, -fprofile-generate
UNRESOLVED: gcc.dg/tree-prof/val-prof-2.c execution, -fprofile-generate
UNRESOLVED: gcc.dg/tree-prof/val-prof-2.c compilation, -fprofile-use
UNRESOLVED: gcc.dg/tree-prof/val-prof-2.c execution, -fprofile-use
FAIL: gcc.dg/tree-prof/val-prof-3.c compilation, -fprofile-generate
UNRESOLVED: gcc.dg/tree-prof/val-prof-3.c execution, -fprofile-generate
UNRESOLVED: gcc.dg/tree-prof/val-prof-3.c compilation, -fprofile-use
UNRESOLVED: gcc.dg/tree-prof/val-prof-3.c execution, -fprofile-use
FAIL: gcc.dg/tree-prof/val-prof-4.c compilation, -fprofile-generate
UNRESOLVED: gcc.dg/tree-prof/val-prof-4.c execution, -fprofile-generate
UNRESOLVED: gcc.dg/tree-prof/val-prof-4.c compilation, -fprofile-use
UNRESOLVED: gcc.dg/tree-prof/val-prof-4.c execution, -fprofile-use
FAIL: gcc.dg/tree-prof/val-prof-5.c compilation, -fprofile-generate
UNRESOLVED: gcc.dg/tree-prof/val-prof-5.c execution, -fprofile-generate
UNRESOLVED: gcc.dg/tree-prof/val-prof-5.c compilation, -fprofile-use
UNRESOLVED: gcc.dg/tree-prof/val-prof-5.c execution, -fprofile-use
FAIL: gcc.dg/tree-ssa/gen-vect-11a.c scan-tree-dump-times vectorized 1 loops 1
FAIL: gcc.dg/tree-ssa/stdarg-2.c scan-tree-dump f3: va_list escapes 0, needs to save 0 GPR units and [1-9][0-9]* FPR units
FAIL: gcc.dg/tree-ssa/stdarg-2.c scan-tree-dump f12: va_list escapes 0, needs to save 0 GPR units and [1-9][0-9]* FPR units
FAIL: gcc.dg/tree-ssa/stdarg-2.c scan-tree-dump f13: va_list escapes 0, needs to save 0 GPR units and [1-9][0-9]* FPR units
FAIL: gcc.dg/tree-ssa/stdarg-2.c scan-tree-dump f14: va_list escapes 0, needs to save [148] GPR units and [1-9][0-9]* FPR units
FAIL: gcc.dg/tree-ssa/stdarg-2.c scan-tree-dump f15: va_list escapes 0, needs to save [148] GPR units and [1-9][0-9]* FPR units
FAIL: gcc.dg/tree-ssa/stdarg-4.c scan-tree-dump f2: va_list escapes 0, needs to save 0 GPR units and all FPR units
FAIL: gcc.dg/tree-ssa/stdarg-4.c scan-tree-dump f4: va_list escapes 0, needs to save 0 GPR units and [1-9][0-9]* FPR units
FAIL: gcc.dg/vect/nodump-pr23073.c (test for excess errors)
FAIL: gcc.dg/vect/pr16105.c (test for excess errors)
ERROR: gcc.dg/vect/pr16105.c: error executing dg-final: no files matched glob pattern "pr16105.c.[0-9][0-9][0-9]t.vect"
UNRESOLVED: gcc.dg/vect/pr16105.c: error executing dg-final: no files matched glob pattern "pr16105.c.[0-9][0-9][0-9]t.vect"
FAIL: gcc.dg/vect/pr18400.c (test for excess errors)
WARNING: gcc.dg/vect/pr18400.c compilation failed to produce executable
ERROR: gcc.dg/vect/pr18400.c: error executing dg-final: no files matched glob pattern "pr18400.c.[0-9][0-9][0-9]t.vect"
UNRESOLVED: gcc.dg/vect/pr18400.c: error executing dg-final: no files matched glob pattern "pr18400.c.[0-9][0-9][0-9]t.vect"
FAIL: gcc.dg/vect/pr18425.c (test for excess errors)
ERROR: gcc.dg/vect/pr18425.c: error executing dg-final: no files matched glob pattern "pr18425.c.[0-9][0-9][0-9]t.vect"
UNRESOLVED: gcc.dg/vect/pr18425.c: error executing dg-final: no files matched glob pattern "pr18425.c.[0-9][0-9][0-9]t.vect"
FAIL: gcc.dg/vect/pr18536.c (test for excess errors)
WARNING: gcc.dg/vect/pr18536.c compilation failed to produce executable
ERROR: gcc.dg/vect/pr18536.c: error executing dg-final: no files matched glob pattern "pr18536.c.[0-9][0-9][0-9]t.vect"
UNRESOLVED: gcc.dg/vect/pr18536.c: error executing dg-final: no files matched glob pattern "pr18536.c.[0-9][0-9][0-9]t.vect"
FAIL: gcc.dg/vect/pr20122.c (test for excess errors)
WARNING: gcc.dg/vect/pr20122.c compilation failed to produce executable
ERROR: gcc.dg/vect/pr20122.c: error executing dg-final: no files matched glob pattern "pr20122.c.[0-9][0-9][0-9]t.vect"
UNRESOLVED: gcc.dg/vect/pr20122.c: error executing dg-final: no files matched glob pattern "pr20122.c.[0-9][0-9][0-9]t.vect"
FAIL: gcc.dg/vect/pr21969.c (test for excess errors)
FAIL: gcc.dg/vect/pr22480.c (test for excess errors)
FAIL: gcc.dg/vect/pr22506.c (test for excess errors)
FAIL: gcc.dg/vect/pr23816-1.c (test for excess errors)
FAIL: gcc.dg/vect/pr23816-2.c (test for excess errors)
FAIL: gcc.dg/vect/pr23831.c (test for excess errors)
FAIL: gcc.dg/vect/pr24059.c (test for excess errors)
FAIL: gcc.dg/vect/pr24300.c (test for excess errors)
FAIL: gcc.dg/vect/pr27151.c (test for excess errors)
FAIL: gcc.dg/vect/vect-1.c (test for excess errors)
ERROR: gcc.dg/vect/vect-1.c: error executing dg-final: no files matched glob pattern "vect-1.c.[0-9][0-9][0-9]t.vect"
UNRESOLVED: gcc.dg/vect/vect-1.c: error executing dg-final: no files matched glob pattern "vect-1.c.[0-9][0-9][0-9]t.vect"
FAIL: gcc.dg/vect/vect-10.c (test for excess errors)
ERROR: gcc.dg/vect/vect-10.c: error executing dg-final: no files matched glob pattern "vect-10.c.[0-9][0-9][0-9]t.vect"
UNRESOLVED: gcc.dg/vect/vect-10.c: error executing dg-final: no files matched glob pattern "vect-10.c.[0-9][0-9][0-9]t.vect"
FAIL: gcc.dg/vect/vect-100.c (test for excess errors)
WARNING: gcc.dg/vect/vect-100.c compilation failed to produce executable
ERROR: gcc.dg/vect/vect-100.c: error executing dg-final: no files matched glob pattern "vect-100.c.[0-9][0-9][0-9]t.vect"
UNRESOLVED: gcc.dg/vect/vect-100.c: error executing dg-final: no files matched glob pattern "vect-100.c.[0-9][0-9][0-9]t.vect"
FAIL: gcc.dg/vect/vect-101.c (test for excess errors)
WARNING: gcc.dg/vect/vect-101.c compilation failed to produce executable
ERROR: gcc.dg/vect/vect-101.c: error executing dg-final: no files matched glob pattern "vect-101.c.[0-9][0-9][0-9]t.vect"
UNRESOLVED: gcc.dg/vect/vect-101.c: error executing dg-final: no files matched glob pattern "vect-101.c.[0-9][0-9][0-9]t.vect"
FAIL: gcc.dg/vect/vect-102.c (test for excess errors)
WARNING: gcc.dg/vect/vect-102.c compilation failed to produce executable
ERROR: gcc.dg/vect/vect-102.c: error executing dg-final: no files matched glob pattern "vect-102.c.[0-9][0-9][0-9]t.vect"
UNRESOLVED: gcc.dg/vect/vect-102.c: error executing dg-final: no files matched glob pattern "vect-102.c.[0-9][0-9][0-9]t.vect"
FAIL: gcc.dg/vect/vect-103.c (test for excess errors)
WARNING: gcc.dg/vect/vect-103.c compilation failed to produce executable
ERROR: gcc.dg/vect/vect-103.c: error executing dg-final: no files matched glob pattern "vect-103.c.[0-9][0-9][0-9]t.vect"
UNRESOLVED: gcc.dg/vect/vect-103.c: error executing dg-final: no files matched glob pattern "vect-103.c.[0-9][0-9][0-9]t.vect"
FAIL: gcc.dg/vect/vect-104.c (test for excess errors)
WARNING: gcc.dg/vect/vect-104.c compilation failed to produce executable
ERROR: gcc.dg/vect/vect-104.c: error executing dg-final: no files matched glob pattern "vect-104.c.[0-9][0-9][0-9]t.vect"
UNRESOLVED: gcc.dg/vect/vect-104.c: error executing dg-final: no files matched glob pattern "vect-104.c.[0-9][0-9][0-9]t.vect"
FAIL: gcc.dg/vect/vect-105.c (test for excess errors)
WARNING: gcc.dg/vect/vect-105.c compilation failed to produce executable
ERROR: gcc.dg/vect/vect-105.c: error executing dg-final: no files matched glob pattern "vect-105.c.[0-9][0-9][0-9]t.vect"
UNRESOLVED: gcc.dg/vect/vect-105.c: error executing dg-final: no files matched glob pattern "vect-105.c.[0-9][0-9][0-9]t.vect"
FAIL: gcc.dg/vect/vect-106.c (test for excess errors)
WARNING: gcc.dg/vect/vect-106.c compilation failed to produce executable
ERROR: gcc.dg/vect/vect-106.c: error executing dg-final: no files matched glob pattern "vect-106.c.[0-9][0-9][0-9]t.vect"
UNRESOLVED: gcc.dg/vect/vect-106.c: error executing dg-final: no files matched glob pattern "vect-106.c.[0-9][0-9][0-9]t.vect"
FAIL: gcc.dg/vect/vect-107.c (test for excess errors)
WARNING: gcc.dg/vect/vect-107.c compilation failed to produce executable
ERROR: gcc.dg/vect/vect-107.c: error executing dg-final: no files matched glob pattern "vect-107.c.[0-9][0-9][0-9]t.vect"
UNRESOLVED: gcc.dg/vect/vect-107.c: error executing dg-final: no files matched glob pattern "vect-107.c.[0-9][0-9][0-9]t.vect"
FAIL: gcc.dg/vect/vect-108.c (test for excess errors)
WARNING: gcc.dg/vect/vect-108.c compilation failed to produce executable
ERROR: gcc.dg/vect/vect-108.c: error executing dg-final: no files matched glob pattern "vect-108.c.[0-9][0-9][0-9]t.vect"
UNRESOLVED: gcc.dg/vect/vect-108.c: error executing dg-final: no files matched glob pattern "vect-108.c.[0-9][0-9][0-9]t.vect"
FAIL: gcc.dg/vect/vect-109.c (test for excess errors)
WARNING: gcc.dg/vect/vect-109.c compilation failed to produce executable
ERROR: gcc.dg/vect/vect-109.c: error executing dg-final: no files matched glob pattern "vect-109.c.[0-9][0-9][0-9]t.vect"
UNRESOLVED: gcc.dg/vect/vect-109.c: error executing dg-final: no files matched glob pattern "vect-109.c.[0-9][0-9][0-9]t.vect"
FAIL: gcc.dg/vect/vect-11.c (test for excess errors)
WARNING: gcc.dg/vect/vect-11.c compilation failed to produce executable
ERROR: gcc.dg/vect/vect-11.c: error executing dg-final: no files matched glob pattern "vect-11.c.[0-9][0-9][0-9]t.vect"
UNRESOLVED: gcc.dg/vect/vect-11.c: error executing dg-final: no files matched glob pattern "vect-11.c.[0-9][0-9][0-9]t.vect"
FAIL: gcc.dg/vect/vect-110.c (test for excess errors)
WARNING: gcc.dg/vect/vect-110.c compilation failed to produce executable
ERROR: gcc.dg/vect/vect-110.c: error executing dg-final: no files matched glob pattern "vect-110.c.[0-9][0-9][0-9]t.vect"
UNRESOLVED: gcc.dg/vect/vect-110.c: error executing dg-final: no files matched glob pattern "vect-110.c.[0-9][0-9][0-9]t.vect"
FAIL: gcc.dg/vect/vect-111.c (test for excess errors)
WARNING: gcc.dg/vect/vect-111.c compilation failed to produce executable
ERROR: gcc.dg/vect/vect-111.c: error executing dg-final: no files matched glob pattern "vect-111.c.[0-9][0-9][0-9]t.vect"
UNRESOLVED: gcc.dg/vect/vect-111.c: error executing dg-final: no files matched glob pattern "vect-111.c.[0-9][0-9][0-9]t.vect"
FAIL: gcc.dg/vect/vect-112.c (test for excess errors)
WARNING: gcc.dg/vect/vect-112.c compilation failed to produce executable
ERROR: gcc.dg/vect/vect-112.c: error executing dg-final: no files matched glob pattern "vect-112.c.[0-9][0-9][0-9]t.vect"
UNRESOLVED: gcc.dg/vect/vect-112.c: error executing dg-final: no files matched glob pattern "vect-112.c.[0-9][0-9][0-9]t.vect"
FAIL: gcc.dg/vect/vect-113.c (test for excess errors)
WARNING: gcc.dg/vect/vect-113.c compilation failed to produce executable
ERROR: gcc.dg/vect/vect-113.c: error executing dg-final: no files matched glob pattern "vect-113.c.[0-9][0-9][0-9]t.vect"
UNRESOLVED: gcc.dg/vect/vect-113.c: error executing dg-final: no files matched glob pattern "vect-113.c.[0-9][0-9][0-9]t.vect"
FAIL: gcc.dg/vect/vect-114.c (test for excess errors)
WARNING: gcc.dg/vect/vect-114.c compilation failed to produce executable
ERROR: gcc.dg/vect/vect-114.c: error executing dg-final: no files matched glob pattern "vect-114.c.[0-9][0-9][0-9]t.vect"
UNRESOLVED: gcc.dg/vect/vect-114.c: error executing dg-final: no files matched glob pattern "vect-114.c.[0-9][0-9][0-9]t.vect"
FAIL: gcc.dg/vect/vect-115.c (test for excess errors)
WARNING: gcc.dg/vect/vect-115.c compilation failed to produce executable
ERROR: gcc.dg/vect/vect-115.c: error executing dg-final: no files matched glob pattern "vect-115.c.[0-9][0-9][0-9]t.vect"
UNRESOLVED: gcc.dg/vect/vect-115.c: error executing dg-final: no files matched glob pattern "vect-115.c.[0-9][0-9][0-9]t.vect"
FAIL: gcc.dg/vect/vect-116.c (test for excess errors)
WARNING: gcc.dg/vect/vect-116.c compilation failed to produce executable
FAIL: gcc.dg/vect/vect-11a.c (test for excess errors)
WARNING: gcc.dg/vect/vect-11a.c compilation failed to produce executable
ERROR: gcc.dg/vect/vect-11a.c: error executing dg-final: no files matched glob pattern "vect-11a.c.[0-9][0-9][0-9]t.vect"
UNRESOLVED: gcc.dg/vect/vect-11a.c: error executing dg-final: no files matched glob pattern "vect-11a.c.[0-9][0-9][0-9]t.vect"
FAIL: gcc.dg/vect/vect-12.c (test for excess errors)
WARNING: gcc.dg/vect/vect-12.c compilation failed to produce executable
ERROR: gcc.dg/vect/vect-12.c: error executing dg-final: no files matched glob pattern "vect-12.c.[0-9][0-9][0-9]t.vect"
UNRESOLVED: gcc.dg/vect/vect-12.c: error executing dg-final: no files matched glob pattern "vect-12.c.[0-9][0-9][0-9]t.vect"
FAIL: gcc.dg/vect/vect-13.c (test for excess errors)
WARNING: gcc.dg/vect/vect-13.c compilation failed to produce executable
ERROR: gcc.dg/vect/vect-13.c: error executing dg-final: no files matched glob pattern "vect-13.c.[0-9][0-9][0-9]t.vect"
UNRESOLVED: gcc.dg/vect/vect-13.c: error executing dg-final: no files matched glob pattern "vect-13.c.[0-9][0-9][0-9]t.vect"
FAIL: gcc.dg/vect/vect-14.c (test for excess errors)
WARNING: gcc.dg/vect/vect-14.c compilation failed to produce executable
ERROR: gcc.dg/vect/vect-14.c: error executing dg-final: no files matched glob pattern "vect-14.c.[0-9][0-9][0-9]t.vect"
UNRESOLVED: gcc.dg/vect/vect-14.c: error executing dg-final: no files matched glob pattern "vect-14.c.[0-9][0-9][0-9]t.vect"
FAIL: gcc.dg/vect/vect-15.c (test for excess errors)
WARNING: gcc.dg/vect/vect-15.c compilation failed to produce executable
ERROR: gcc.dg/vect/vect-15.c: error executing dg-final: no files matched glob pattern "vect-15.c.[0-9][0-9][0-9]t.vect"
UNRESOLVED: gcc.dg/vect/vect-15.c: error executing dg-final: no files matched glob pattern "vect-15.c.[0-9][0-9][0-9]t.vect"
FAIL: gcc.dg/vect/vect-16.c (test for excess errors)
WARNING: gcc.dg/vect/vect-16.c compilation failed to produce executable
ERROR: gcc.dg/vect/vect-16.c: error executing dg-final: no files matched glob pattern "vect-16.c.[0-9][0-9][0-9]t.vect"
UNRESOLVED: gcc.dg/vect/vect-16.c: error executing dg-final: no files matched glob pattern "vect-16.c.[0-9][0-9][0-9]t.vect"
FAIL: gcc.dg/vect/vect-17.c (test for excess errors)
WARNING: gcc.dg/vect/vect-17.c compilation failed to produce executable
ERROR: gcc.dg/vect/vect-17.c: error executing dg-final: no files matched glob pattern "vect-17.c.[0-9][0-9][0-9]t.vect"
UNRESOLVED: gcc.dg/vect/vect-17.c: error executing dg-final: no files matched glob pattern "vect-17.c.[0-9][0-9][0-9]t.vect"
FAIL: gcc.dg/vect/vect-18.c (test for excess errors)
WARNING: gcc.dg/vect/vect-18.c compilation failed to produce executable
ERROR: gcc.dg/vect/vect-18.c: error executing dg-final: no files matched glob pattern "vect-18.c.[0-9][0-9][0-9]t.vect"
UNRESOLVED: gcc.dg/vect/vect-18.c: error executing dg-final: no files matched glob pattern "vect-18.c.[0-9][0-9][0-9]t.vect"
FAIL: gcc.dg/vect/vect-19.c (test for excess errors)
WARNING: gcc.dg/vect/vect-19.c compilation failed to produce executable
ERROR: gcc.dg/vect/vect-19.c: error executing dg-final: no files matched glob pattern "vect-19.c.[0-9][0-9][0-9]t.vect"
UNRESOLVED: gcc.dg/vect/vect-19.c: error executing dg-final: no files matched glob pattern "vect-19.c.[0-9][0-9][0-9]t.vect"
FAIL: gcc.dg/vect/vect-2.c (test for excess errors)
WARNING: gcc.dg/vect/vect-2.c compilation failed to produce executable
ERROR: gcc.dg/vect/vect-2.c: error executing dg-final: no files matched glob pattern "vect-2.c.[0-9][0-9][0-9]t.vect"
UNRESOLVED: gcc.dg/vect/vect-2.c: error executing dg-final: no files matched glob pattern "vect-2.c.[0-9][0-9][0-9]t.vect"
FAIL: gcc.dg/vect/vect-20.c (test for excess errors)
WARNING: gcc.dg/vect/vect-20.c compilation failed to produce executable
ERROR: gcc.dg/vect/vect-20.c: error executing dg-final: no files matched glob pattern "vect-20.c.[0-9][0-9][0-9]t.vect"
UNRESOLVED: gcc.dg/vect/vect-20.c: error executing dg-final: no files matched glob pattern "vect-20.c.[0-9][0-9][0-9]t.vect"
FAIL: gcc.dg/vect/vect-21.c (test for excess errors)
WARNING: gcc.dg/vect/vect-21.c compilation failed to produce executable
ERROR: gcc.dg/vect/vect-21.c: error executing dg-final: no files matched glob pattern "vect-21.c.[0-9][0-9][0-9]t.vect"
UNRESOLVED: gcc.dg/vect/vect-21.c: error executing dg-final: no files matched glob pattern "vect-21.c.[0-9][0-9][0-9]t.vect"
FAIL: gcc.dg/vect/vect-22.c (test for excess errors)
WARNING: gcc.dg/vect/vect-22.c compilation failed to produce executable
ERROR: gcc.dg/vect/vect-22.c: error executing dg-final: no files matched glob pattern "vect-22.c.[0-9][0-9][0-9]t.vect"
UNRESOLVED: gcc.dg/vect/vect-22.c: error executing dg-final: no files matched glob pattern "vect-22.c.[0-9][0-9][0-9]t.vect"
FAIL: gcc.dg/vect/vect-23.c (test for excess errors)
WARNING: gcc.dg/vect/vect-23.c compilation failed to produce executable
ERROR: gcc.dg/vect/vect-23.c: error executing dg-final: no files matched glob pattern "vect-23.c.[0-9][0-9][0-9]t.vect"
UNRESOLVED: gcc.dg/vect/vect-23.c: error executing dg-final: no files matched glob pattern "vect-23.c.[0-9][0-9][0-9]t.vect"
FAIL: gcc.dg/vect/vect-24.c (test for excess errors)
WARNING: gcc.dg/vect/vect-24.c compilation failed to produce executable
ERROR: gcc.dg/vect/vect-24.c: error executing dg-final: no files matched glob pattern "vect-24.c.[0-9][0-9][0-9]t.vect"
UNRESOLVED: gcc.dg/vect/vect-24.c: error executing dg-final: no files matched glob pattern "vect-24.c.[0-9][0-9][0-9]t.vect"
FAIL: gcc.dg/vect/vect-25.c (test for excess errors)
WARNING: gcc.dg/vect/vect-25.c compilation failed to produce executable
ERROR: gcc.dg/vect/vect-25.c: error executing dg-final: no files matched glob pattern "vect-25.c.[0-9][0-9][0-9]t.vect"
UNRESOLVED: gcc.dg/vect/vect-25.c: error executing dg-final: no files matched glob pattern "vect-25.c.[0-9][0-9][0-9]t.vect"
FAIL: gcc.dg/vect/vect-26.c (test for excess errors)
WARNING: gcc.dg/vect/vect-26.c compilation failed to produce executable
ERROR: gcc.dg/vect/vect-26.c: error executing dg-final: no files matched glob pattern "vect-26.c.[0-9][0-9][0-9]t.vect"
UNRESOLVED: gcc.dg/vect/vect-26.c: error executing dg-final: no files matched glob pattern "vect-26.c.[0-9][0-9][0-9]t.vect"
FAIL: gcc.dg/vect/vect-27.c (test for excess errors)
WARNING: gcc.dg/vect/vect-27.c compilation failed to produce executable
ERROR: gcc.dg/vect/vect-27.c: error executing dg-final: no files matched glob pattern "vect-27.c.[0-9][0-9][0-9]t.vect"
UNRESOLVED: gcc.dg/vect/vect-27.c: error executing dg-final: no files matched glob pattern "vect-27.c.[0-9][0-9][0-9]t.vect"
FAIL: gcc.dg/vect/vect-28.c (test for excess errors)
WARNING: gcc.dg/vect/vect-28.c compilation failed to produce executable
ERROR: gcc.dg/vect/vect-28.c: error executing dg-final: no files matched glob pattern "vect-28.c.[0-9][0-9][0-9]t.vect"
UNRESOLVED: gcc.dg/vect/vect-28.c: error executing dg-final: no files matched glob pattern "vect-28.c.[0-9][0-9][0-9]t.vect"
FAIL: gcc.dg/vect/vect-29.c (test for excess errors)
WARNING: gcc.dg/vect/vect-29.c compilation failed to produce executable
ERROR: gcc.dg/vect/vect-29.c: error executing dg-final: no files matched glob pattern "vect-29.c.[0-9][0-9][0-9]t.vect"
UNRESOLVED: gcc.dg/vect/vect-29.c: error executing dg-final: no files matched glob pattern "vect-29.c.[0-9][0-9][0-9]t.vect"
FAIL: gcc.dg/vect/vect-3.c (test for excess errors)
WARNING: gcc.dg/vect/vect-3.c compilation failed to produce executable
ERROR: gcc.dg/vect/vect-3.c: error executing dg-final: no files matched glob pattern "vect-3.c.[0-9][0-9][0-9]t.vect"
UNRESOLVED: gcc.dg/vect/vect-3.c: error executing dg-final: no files matched glob pattern "vect-3.c.[0-9][0-9][0-9]t.vect"
FAIL: gcc.dg/vect/vect-30.c (test for excess errors)
WARNING: gcc.dg/vect/vect-30.c compilation failed to produce executable
ERROR: gcc.dg/vect/vect-30.c: error executing dg-final: no files matched glob pattern "vect-30.c.[0-9][0-9][0-9]t.vect"
UNRESOLVED: gcc.dg/vect/vect-30.c: error executing dg-final: no files matched glob pattern "vect-30.c.[0-9][0-9][0-9]t.vect"
FAIL: gcc.dg/vect/vect-31.c (test for excess errors)
WARNING: gcc.dg/vect/vect-31.c compilation failed to produce executable
ERROR: gcc.dg/vect/vect-31.c: error executing dg-final: no files matched glob pattern "vect-31.c.[0-9][0-9][0-9]t.vect"
UNRESOLVED: gcc.dg/vect/vect-31.c: error executing dg-final: no files matched glob pattern "vect-31.c.[0-9][0-9][0-9]t.vect"
FAIL: gcc.dg/vect/vect-32.c (test for excess errors)
WARNING: gcc.dg/vect/vect-32.c compilation failed to produce executable
ERROR: gcc.dg/vect/vect-32.c: error executing dg-final: no files matched glob pattern "vect-32.c.[0-9][0-9][0-9]t.vect"
UNRESOLVED: gcc.dg/vect/vect-32.c: error executing dg-final: no files matched glob pattern "vect-32.c.[0-9][0-9][0-9]t.vect"
FAIL: gcc.dg/vect/vect-33.c (test for excess errors)
ERROR: gcc.dg/vect/vect-33.c: error executing dg-final: no files matched glob pattern "vect-33.c.[0-9][0-9][0-9]t.vect"
UNRESOLVED: gcc.dg/vect/vect-33.c: error executing dg-final: no files matched glob pattern "vect-33.c.[0-9][0-9][0-9]t.vect"
FAIL: gcc.dg/vect/vect-34.c (test for excess errors)
WARNING: gcc.dg/vect/vect-34.c compilation failed to produce executable
ERROR: gcc.dg/vect/vect-34.c: error executing dg-final: no files matched glob pattern "vect-34.c.[0-9][0-9][0-9]t.vect"
UNRESOLVED: gcc.dg/vect/vect-34.c: error executing dg-final: no files matched glob pattern "vect-34.c.[0-9][0-9][0-9]t.vect"
FAIL: gcc.dg/vect/vect-35.c (test for excess errors)
WARNING: gcc.dg/vect/vect-35.c compilation failed to produce executable
ERROR: gcc.dg/vect/vect-35.c: error executing dg-final: no files matched glob pattern "vect-35.c.[0-9][0-9][0-9]t.vect"
UNRESOLVED: gcc.dg/vect/vect-35.c: error executing dg-final: no files matched glob pattern "vect-35.c.[0-9][0-9][0-9]t.vect"
FAIL: gcc.dg/vect/vect-36.c (test for excess errors)
WARNING: gcc.dg/vect/vect-36.c compilation failed to produce executable
ERROR: gcc.dg/vect/vect-36.c: error executing dg-final: no files matched glob pattern "vect-36.c.[0-9][0-9][0-9]t.vect"
UNRESOLVED: gcc.dg/vect/vect-36.c: error executing dg-final: no files matched glob pattern "vect-36.c.[0-9][0-9][0-9]t.vect"
FAIL: gcc.dg/vect/vect-37.c (test for excess errors)
WARNING: gcc.dg/vect/vect-37.c compilation failed to produce executable
ERROR: gcc.dg/vect/vect-37.c: error executing dg-final: no files matched glob pattern "vect-37.c.[0-9][0-9][0-9]t.vect"
UNRESOLVED: gcc.dg/vect/vect-37.c: error executing dg-final: no files matched glob pattern "vect-37.c.[0-9][0-9][0-9]t.vect"
FAIL: gcc.dg/vect/vect-4.c (test for excess errors)
WARNING: gcc.dg/vect/vect-4.c compilation failed to produce executable
ERROR: gcc.dg/vect/vect-4.c: error executing dg-final: no files matched glob pattern "vect-4.c.[0-9][0-9][0-9]t.vect"
UNRESOLVED: gcc.dg/vect/vect-4.c: error executing dg-final: no files matched glob pattern "vect-4.c.[0-9][0-9][0-9]t.vect"
FAIL: gcc.dg/vect/vect-40.c (test for excess errors)
WARNING: gcc.dg/vect/vect-40.c compilation failed to produce executable
ERROR: gcc.dg/vect/vect-40.c: error executing dg-final: no files matched glob pattern "vect-40.c.[0-9][0-9][0-9]t.vect"
UNRESOLVED: gcc.dg/vect/vect-40.c: error executing dg-final: no files matched glob pattern "vect-40.c.[0-9][0-9][0-9]t.vect"
FAIL: gcc.dg/vect/vect-42.c (test for excess errors)
WARNING: gcc.dg/vect/vect-42.c compilation failed to produce executable
ERROR: gcc.dg/vect/vect-42.c: error executing dg-final: no files matched glob pattern "vect-42.c.[0-9][0-9][0-9]t.vect"
UNRESOLVED: gcc.dg/vect/vect-42.c: error executing dg-final: no files matched glob pattern "vect-42.c.[0-9][0-9][0-9]t.vect"
FAIL: gcc.dg/vect/vect-43.c (test for excess errors)
WARNING: gcc.dg/vect/vect-43.c compilation failed to produce executable
ERROR: gcc.dg/vect/vect-43.c: error executing dg-final: no files matched glob pattern "vect-43.c.[0-9][0-9][0-9]t.vect"
UNRESOLVED: gcc.dg/vect/vect-43.c: error executing dg-final: no files matched glob pattern "vect-43.c.[0-9][0-9][0-9]t.vect"
FAIL: gcc.dg/vect/vect-44.c (test for excess errors)
WARNING: gcc.dg/vect/vect-44.c compilation failed to produce executable
ERROR: gcc.dg/vect/vect-44.c: error executing dg-final: no files matched glob pattern "vect-44.c.[0-9][0-9][0-9]t.vect"
UNRESOLVED: gcc.dg/vect/vect-44.c: error executing dg-final: no files matched glob pattern "vect-44.c.[0-9][0-9][0-9]t.vect"
FAIL: gcc.dg/vect/vect-45.c (test for excess errors)
WARNING: gcc.dg/vect/vect-45.c compilation failed to produce executable
ERROR: gcc.dg/vect/vect-45.c: error executing dg-final: no files matched glob pattern "vect-45.c.[0-9][0-9][0-9]t.vect"
UNRESOLVED: gcc.dg/vect/vect-45.c: error executing dg-final: no files matched glob pattern "vect-45.c.[0-9][0-9][0-9]t.vect"
FAIL: gcc.dg/vect/vect-46.c (test for excess errors)
WARNING: gcc.dg/vect/vect-46.c compilation failed to produce executable
ERROR: gcc.dg/vect/vect-46.c: error executing dg-final: no files matched glob pattern "vect-46.c.[0-9][0-9][0-9]t.vect"
UNRESOLVED: gcc.dg/vect/vect-46.c: error executing dg-final: no files matched glob pattern "vect-46.c.[0-9][0-9][0-9]t.vect"
FAIL: gcc.dg/vect/vect-48.c (test for excess errors)
WARNING: gcc.dg/vect/vect-48.c compilation failed to produce executable
ERROR: gcc.dg/vect/vect-48.c: error executing dg-final: no files matched glob pattern "vect-48.c.[0-9][0-9][0-9]t.vect"
UNRESOLVED: gcc.dg/vect/vect-48.c: error executing dg-final: no files matched glob pattern "vect-48.c.[0-9][0-9][0-9]t.vect"
FAIL: gcc.dg/vect/vect-49.c (test for excess errors)
WARNING: gcc.dg/vect/vect-49.c compilation failed to produce executable
ERROR: gcc.dg/vect/vect-49.c: error executing dg-final: no files matched glob pattern "vect-49.c.[0-9][0-9][0-9]t.vect"
UNRESOLVED: gcc.dg/vect/vect-49.c: error executing dg-final: no files matched glob pattern "vect-49.c.[0-9][0-9][0-9]t.vect"
FAIL: gcc.dg/vect/vect-5.c (test for excess errors)
WARNING: gcc.dg/vect/vect-5.c compilation failed to produce executable
ERROR: gcc.dg/vect/vect-5.c: error executing dg-final: no files matched glob pattern "vect-5.c.[0-9][0-9][0-9]t.vect"
UNRESOLVED: gcc.dg/vect/vect-5.c: error executing dg-final: no files matched glob pattern "vect-5.c.[0-9][0-9][0-9]t.vect"
FAIL: gcc.dg/vect/vect-50.c (test for excess errors)
WARNING: gcc.dg/vect/vect-50.c compilation failed to produce executable
ERROR: gcc.dg/vect/vect-50.c: error executing dg-final: no files matched glob pattern "vect-50.c.[0-9][0-9][0-9]t.vect"
UNRESOLVED: gcc.dg/vect/vect-50.c: error executing dg-final: no files matched glob pattern "vect-50.c.[0-9][0-9][0-9]t.vect"
FAIL: gcc.dg/vect/vect-51.c (test for excess errors)
WARNING: gcc.dg/vect/vect-51.c compilation failed to produce executable
ERROR: gcc.dg/vect/vect-51.c: error executing dg-final: no files matched glob pattern "vect-51.c.[0-9][0-9][0-9]t.vect"
UNRESOLVED: gcc.dg/vect/vect-51.c: error executing dg-final: no files matched glob pattern "vect-51.c.[0-9][0-9][0-9]t.vect"
FAIL: gcc.dg/vect/vect-52.c (test for excess errors)
WARNING: gcc.dg/vect/vect-52.c compilation failed to produce executable
ERROR: gcc.dg/vect/vect-52.c: error executing dg-final: no files matched glob pattern "vect-52.c.[0-9][0-9][0-9]t.vect"
UNRESOLVED: gcc.dg/vect/vect-52.c: error executing dg-final: no files matched glob pattern "vect-52.c.[0-9][0-9][0-9]t.vect"
FAIL: gcc.dg/vect/vect-53.c (test for excess errors)
WARNING: gcc.dg/vect/vect-53.c compilation failed to produce executable
ERROR: gcc.dg/vect/vect-53.c: error executing dg-final: no files matched glob pattern "vect-53.c.[0-9][0-9][0-9]t.vect"
UNRESOLVED: gcc.dg/vect/vect-53.c: error executing dg-final: no files matched glob pattern "vect-53.c.[0-9][0-9][0-9]t.vect"
FAIL: gcc.dg/vect/vect-54.c (test for excess errors)
WARNING: gcc.dg/vect/vect-54.c compilation failed to produce executable
ERROR: gcc.dg/vect/vect-54.c: error executing dg-final: no files matched glob pattern "vect-54.c.[0-9][0-9][0-9]t.vect"
UNRESOLVED: gcc.dg/vect/vect-54.c: error executing dg-final: no files matched glob pattern "vect-54.c.[0-9][0-9][0-9]t.vect"
FAIL: gcc.dg/vect/vect-56.c (test for excess errors)
WARNING: gcc.dg/vect/vect-56.c compilation failed to produce executable
ERROR: gcc.dg/vect/vect-56.c: error executing dg-final: no files matched glob pattern "vect-56.c.[0-9][0-9][0-9]t.vect"
UNRESOLVED: gcc.dg/vect/vect-56.c: error executing dg-final: no files matched glob pattern "vect-56.c.[0-9][0-9][0-9]t.vect"
FAIL: gcc.dg/vect/vect-57.c (test for excess errors)
WARNING: gcc.dg/vect/vect-57.c compilation failed to produce executable
ERROR: gcc.dg/vect/vect-57.c: error executing dg-final: no files matched glob pattern "vect-57.c.[0-9][0-9][0-9]t.vect"
UNRESOLVED: gcc.dg/vect/vect-57.c: error executing dg-final: no files matched glob pattern "vect-57.c.[0-9][0-9][0-9]t.vect"
FAIL: gcc.dg/vect/vect-58.c (test for excess errors)
WARNING: gcc.dg/vect/vect-58.c compilation failed to produce executable
ERROR: gcc.dg/vect/vect-58.c: error executing dg-final: no files matched glob pattern "vect-58.c.[0-9][0-9][0-9]t.vect"
UNRESOLVED: gcc.dg/vect/vect-58.c: error executing dg-final: no files matched glob pattern "vect-58.c.[0-9][0-9][0-9]t.vect"
FAIL: gcc.dg/vect/vect-6.c (test for excess errors)
WARNING: gcc.dg/vect/vect-6.c compilation failed to produce executable
ERROR: gcc.dg/vect/vect-6.c: error executing dg-final: no files matched glob pattern "vect-6.c.[0-9][0-9][0-9]t.vect"
UNRESOLVED: gcc.dg/vect/vect-6.c: error executing dg-final: no files matched glob pattern "vect-6.c.[0-9][0-9][0-9]t.vect"
FAIL: gcc.dg/vect/vect-60.c (test for excess errors)
WARNING: gcc.dg/vect/vect-60.c compilation failed to produce executable
ERROR: gcc.dg/vect/vect-60.c: error executing dg-final: no files matched glob pattern "vect-60.c.[0-9][0-9][0-9]t.vect"
UNRESOLVED: gcc.dg/vect/vect-60.c: error executing dg-final: no files matched glob pattern "vect-60.c.[0-9][0-9][0-9]t.vect"
FAIL: gcc.dg/vect/vect-61.c (test for excess errors)
WARNING: gcc.dg/vect/vect-61.c compilation failed to produce executable
ERROR: gcc.dg/vect/vect-61.c: error executing dg-final: no files matched glob pattern "vect-61.c.[0-9][0-9][0-9]t.vect"
UNRESOLVED: gcc.dg/vect/vect-61.c: error executing dg-final: no files matched glob pattern "vect-61.c.[0-9][0-9][0-9]t.vect"
FAIL: gcc.dg/vect/vect-62.c (test for excess errors)
WARNING: gcc.dg/vect/vect-62.c compilation failed to produce executable
ERROR: gcc.dg/vect/vect-62.c: error executing dg-final: no files matched glob pattern "vect-62.c.[0-9][0-9][0-9]t.vect"
UNRESOLVED: gcc.dg/vect/vect-62.c: error executing dg-final: no files matched glob pattern "vect-62.c.[0-9][0-9][0-9]t.vect"
FAIL: gcc.dg/vect/vect-63.c (test for excess errors)
WARNING: gcc.dg/vect/vect-63.c compilation failed to produce executable
ERROR: gcc.dg/vect/vect-63.c: error executing dg-final: no files matched glob pattern "vect-63.c.[0-9][0-9][0-9]t.vect"
UNRESOLVED: gcc.dg/vect/vect-63.c: error executing dg-final: no files matched glob pattern "vect-63.c.[0-9][0-9][0-9]t.vect"
FAIL: gcc.dg/vect/vect-64.c (test for excess errors)
WARNING: gcc.dg/vect/vect-64.c compilation failed to produce executable
ERROR: gcc.dg/vect/vect-64.c: error executing dg-final: no files matched glob pattern "vect-64.c.[0-9][0-9][0-9]t.vect"
UNRESOLVED: gcc.dg/vect/vect-64.c: error executing dg-final: no files matched glob pattern "vect-64.c.[0-9][0-9][0-9]t.vect"
FAIL: gcc.dg/vect/vect-65.c (test for excess errors)
WARNING: gcc.dg/vect/vect-65.c compilation failed to produce executable
ERROR: gcc.dg/vect/vect-65.c: error executing dg-final: no files matched glob pattern "vect-65.c.[0-9][0-9][0-9]t.vect"
UNRESOLVED: gcc.dg/vect/vect-65.c: error executing dg-final: no files matched glob pattern "vect-65.c.[0-9][0-9][0-9]t.vect"
FAIL: gcc.dg/vect/vect-66.c (test for excess errors)
WARNING: gcc.dg/vect/vect-66.c compilation failed to produce executable
ERROR: gcc.dg/vect/vect-66.c: error executing dg-final: no files matched glob pattern "vect-66.c.[0-9][0-9][0-9]t.vect"
UNRESOLVED: gcc.dg/vect/vect-66.c: error executing dg-final: no files matched glob pattern "vect-66.c.[0-9][0-9][0-9]t.vect"
FAIL: gcc.dg/vect/vect-67.c (test for excess errors)
WARNING: gcc.dg/vect/vect-67.c compilation failed to produce executable
ERROR: gcc.dg/vect/vect-67.c: error executing dg-final: no files matched glob pattern "vect-67.c.[0-9][0-9][0-9]t.vect"
UNRESOLVED: gcc.dg/vect/vect-67.c: error executing dg-final: no files matched glob pattern "vect-67.c.[0-9][0-9][0-9]t.vect"
FAIL: gcc.dg/vect/vect-68.c (test for excess errors)
WARNING: gcc.dg/vect/vect-68.c compilation failed to produce executable
ERROR: gcc.dg/vect/vect-68.c: error executing dg-final: no files matched glob pattern "vect-68.c.[0-9][0-9][0-9]t.vect"
UNRESOLVED: gcc.dg/vect/vect-68.c: error executing dg-final: no files matched glob pattern "vect-68.c.[0-9][0-9][0-9]t.vect"
FAIL: gcc.dg/vect/vect-7.c (test for excess errors)
WARNING: gcc.dg/vect/vect-7.c compilation failed to produce executable
ERROR: gcc.dg/vect/vect-7.c: error executing dg-final: no files matched glob pattern "vect-7.c.[0-9][0-9][0-9]t.vect"
UNRESOLVED: gcc.dg/vect/vect-7.c: error executing dg-final: no files matched glob pattern "vect-7.c.[0-9][0-9][0-9]t.vect"
FAIL: gcc.dg/vect/vect-70.c (test for excess errors)
WARNING: gcc.dg/vect/vect-70.c compilation failed to produce executable
ERROR: gcc.dg/vect/vect-70.c: error executing dg-final: no files matched glob pattern "vect-70.c.[0-9][0-9][0-9]t.vect"
UNRESOLVED: gcc.dg/vect/vect-70.c: error executing dg-final: no files matched glob pattern "vect-70.c.[0-9][0-9][0-9]t.vect"
FAIL: gcc.dg/vect/vect-71.c (test for excess errors)
WARNING: gcc.dg/vect/vect-71.c compilation failed to produce executable
ERROR: gcc.dg/vect/vect-71.c: error executing dg-final: no files matched glob pattern "vect-71.c.[0-9][0-9][0-9]t.vect"
UNRESOLVED: gcc.dg/vect/vect-71.c: error executing dg-final: no files matched glob pattern "vect-71.c.[0-9][0-9][0-9]t.vect"
FAIL: gcc.dg/vect/vect-72.c (test for excess errors)
WARNING: gcc.dg/vect/vect-72.c compilation failed to produce executable
ERROR: gcc.dg/vect/vect-72.c: error executing dg-final: no files matched glob pattern "vect-72.c.[0-9][0-9][0-9]t.vect"
UNRESOLVED: gcc.dg/vect/vect-72.c: error executing dg-final: no files matched glob pattern "vect-72.c.[0-9][0-9][0-9]t.vect"
FAIL: gcc.dg/vect/vect-73.c (test for excess errors)
WARNING: gcc.dg/vect/vect-73.c compilation failed to produce executable
ERROR: gcc.dg/vect/vect-73.c: error executing dg-final: no files matched glob pattern "vect-73.c.[0-9][0-9][0-9]t.vect"
UNRESOLVED: gcc.dg/vect/vect-73.c: error executing dg-final: no files matched glob pattern "vect-73.c.[0-9][0-9][0-9]t.vect"
FAIL: gcc.dg/vect/vect-74.c (test for excess errors)
WARNING: gcc.dg/vect/vect-74.c compilation failed to produce executable
ERROR: gcc.dg/vect/vect-74.c: error executing dg-final: no files matched glob pattern "vect-74.c.[0-9][0-9][0-9]t.vect"
UNRESOLVED: gcc.dg/vect/vect-74.c: error executing dg-final: no files matched glob pattern "vect-74.c.[0-9][0-9][0-9]t.vect"
FAIL: gcc.dg/vect/vect-75.c (test for excess errors)
WARNING: gcc.dg/vect/vect-75.c compilation failed to produce executable
ERROR: gcc.dg/vect/vect-75.c: error executing dg-final: no files matched glob pattern "vect-75.c.[0-9][0-9][0-9]t.vect"
UNRESOLVED: gcc.dg/vect/vect-75.c: error executing dg-final: no files matched glob pattern "vect-75.c.[0-9][0-9][0-9]t.vect"
FAIL: gcc.dg/vect/vect-76.c (test for excess errors)
WARNING: gcc.dg/vect/vect-76.c compilation failed to produce executable
ERROR: gcc.dg/vect/vect-76.c: error executing dg-final: no files matched glob pattern "vect-76.c.[0-9][0-9][0-9]t.vect"
UNRESOLVED: gcc.dg/vect/vect-76.c: error executing dg-final: no files matched glob pattern "vect-76.c.[0-9][0-9][0-9]t.vect"
FAIL: gcc.dg/vect/vect-77.c (test for excess errors)
WARNING: gcc.dg/vect/vect-77.c compilation failed to produce executable
ERROR: gcc.dg/vect/vect-77.c: error executing dg-final: no files matched glob pattern "vect-77.c.[0-9][0-9][0-9]t.vect"
UNRESOLVED: gcc.dg/vect/vect-77.c: error executing dg-final: no files matched glob pattern "vect-77.c.[0-9][0-9][0-9]t.vect"
FAIL: gcc.dg/vect/vect-78.c (test for excess errors)
WARNING: gcc.dg/vect/vect-78.c compilation failed to produce executable
ERROR: gcc.dg/vect/vect-78.c: error executing dg-final: no files matched glob pattern "vect-78.c.[0-9][0-9][0-9]t.vect"
UNRESOLVED: gcc.dg/vect/vect-78.c: error executing dg-final: no files matched glob pattern "vect-78.c.[0-9][0-9][0-9]t.vect"
FAIL: gcc.dg/vect/vect-79.c (test for excess errors)
WARNING: gcc.dg/vect/vect-79.c compilation failed to produce executable
ERROR: gcc.dg/vect/vect-79.c: error executing dg-final: no files matched glob pattern "vect-79.c.[0-9][0-9][0-9]t.vect"
UNRESOLVED: gcc.dg/vect/vect-79.c: error executing dg-final: no files matched glob pattern "vect-79.c.[0-9][0-9][0-9]t.vect"
FAIL: gcc.dg/vect/vect-8.c (test for excess errors)
WARNING: gcc.dg/vect/vect-8.c compilation failed to produce executable
ERROR: gcc.dg/vect/vect-8.c: error executing dg-final: no files matched glob pattern "vect-8.c.[0-9][0-9][0-9]t.vect"
UNRESOLVED: gcc.dg/vect/vect-8.c: error executing dg-final: no files matched glob pattern "vect-8.c.[0-9][0-9][0-9]t.vect"
FAIL: gcc.dg/vect/vect-80.c (test for excess errors)
WARNING: gcc.dg/vect/vect-80.c compilation failed to produce executable
ERROR: gcc.dg/vect/vect-80.c: error executing dg-final: no files matched glob pattern "vect-80.c.[0-9][0-9][0-9]t.vect"
UNRESOLVED: gcc.dg/vect/vect-80.c: error executing dg-final: no files matched glob pattern "vect-80.c.[0-9][0-9][0-9]t.vect"
FAIL: gcc.dg/vect/vect-82.c (test for excess errors)
WARNING: gcc.dg/vect/vect-82.c compilation failed to produce executable
ERROR: gcc.dg/vect/vect-82.c: error executing dg-final: no files matched glob pattern "vect-82.c.[0-9][0-9][0-9]t.vect"
UNRESOLVED: gcc.dg/vect/vect-82.c: error executing dg-final: no files matched glob pattern "vect-82.c.[0-9][0-9][0-9]t.vect"
FAIL: gcc.dg/vect/vect-83.c (test for excess errors)
WARNING: gcc.dg/vect/vect-83.c compilation failed to produce executable
ERROR: gcc.dg/vect/vect-83.c: error executing dg-final: no files matched glob pattern "vect-83.c.[0-9][0-9][0-9]t.vect"
UNRESOLVED: gcc.dg/vect/vect-83.c: error executing dg-final: no files matched glob pattern "vect-83.c.[0-9][0-9][0-9]t.vect"
FAIL: gcc.dg/vect/vect-85.c (test for excess errors)
WARNING: gcc.dg/vect/vect-85.c compilation failed to produce executable
ERROR: gcc.dg/vect/vect-85.c: error executing dg-final: no files matched glob pattern "vect-85.c.[0-9][0-9][0-9]t.vect"
UNRESOLVED: gcc.dg/vect/vect-85.c: error executing dg-final: no files matched glob pattern "vect-85.c.[0-9][0-9][0-9]t.vect"
FAIL: gcc.dg/vect/vect-86.c (test for excess errors)
WARNING: gcc.dg/vect/vect-86.c compilation failed to produce executable
ERROR: gcc.dg/vect/vect-86.c: error executing dg-final: no files matched glob pattern "vect-86.c.[0-9][0-9][0-9]t.vect"
UNRESOLVED: gcc.dg/vect/vect-86.c: error executing dg-final: no files matched glob pattern "vect-86.c.[0-9][0-9][0-9]t.vect"
FAIL: gcc.dg/vect/vect-87.c (test for excess errors)
WARNING: gcc.dg/vect/vect-87.c compilation failed to produce executable
ERROR: gcc.dg/vect/vect-87.c: error executing dg-final: no files matched glob pattern "vect-87.c.[0-9][0-9][0-9]t.vect"
UNRESOLVED: gcc.dg/vect/vect-87.c: error executing dg-final: no files matched glob pattern "vect-87.c.[0-9][0-9][0-9]t.vect"
FAIL: gcc.dg/vect/vect-88.c (test for excess errors)
WARNING: gcc.dg/vect/vect-88.c compilation failed to produce executable
ERROR: gcc.dg/vect/vect-88.c: error executing dg-final: no files matched glob pattern "vect-88.c.[0-9][0-9][0-9]t.vect"
UNRESOLVED: gcc.dg/vect/vect-88.c: error executing dg-final: no files matched glob pattern "vect-88.c.[0-9][0-9][0-9]t.vect"
FAIL: gcc.dg/vect/vect-89.c (test for excess errors)
WARNING: gcc.dg/vect/vect-89.c compilation failed to produce executable
ERROR: gcc.dg/vect/vect-89.c: error executing dg-final: no files matched glob pattern "vect-89.c.[0-9][0-9][0-9]t.vect"
UNRESOLVED: gcc.dg/vect/vect-89.c: error executing dg-final: no files matched glob pattern "vect-89.c.[0-9][0-9][0-9]t.vect"
FAIL: gcc.dg/vect/vect-9.c (test for excess errors)
WARNING: gcc.dg/vect/vect-9.c compilation failed to produce executable
ERROR: gcc.dg/vect/vect-9.c: error executing dg-final: no files matched glob pattern "vect-9.c.[0-9][0-9][0-9]t.vect"
UNRESOLVED: gcc.dg/vect/vect-9.c: error executing dg-final: no files matched glob pattern "vect-9.c.[0-9][0-9][0-9]t.vect"
FAIL: gcc.dg/vect/vect-91.c (test for excess errors)
ERROR: gcc.dg/vect/vect-91.c: error executing dg-final: no files matched glob pattern "vect-91.c.[0-9][0-9][0-9]t.vect"
UNRESOLVED: gcc.dg/vect/vect-91.c: error executing dg-final: no files matched glob pattern "vect-91.c.[0-9][0-9][0-9]t.vect"
FAIL: gcc.dg/vect/vect-92.c (test for excess errors)
WARNING: gcc.dg/vect/vect-92.c compilation failed to produce executable
ERROR: gcc.dg/vect/vect-92.c: error executing dg-final: no files matched glob pattern "vect-92.c.[0-9][0-9][0-9]t.vect"
UNRESOLVED: gcc.dg/vect/vect-92.c: error executing dg-final: no files matched glob pattern "vect-92.c.[0-9][0-9][0-9]t.vect"
FAIL: gcc.dg/vect/vect-93.c (test for excess errors)
WARNING: gcc.dg/vect/vect-93.c compilation failed to produce executable
ERROR: gcc.dg/vect/vect-93.c: error executing dg-final: no files matched glob pattern "vect-93.c.[0-9][0-9][0-9]t.vect"
UNRESOLVED: gcc.dg/vect/vect-93.c: error executing dg-final: no files matched glob pattern "vect-93.c.[0-9][0-9][0-9]t.vect"
FAIL: gcc.dg/vect/vect-95.c (test for excess errors)
WARNING: gcc.dg/vect/vect-95.c compilation failed to produce executable
ERROR: gcc.dg/vect/vect-95.c: error executing dg-final: no files matched glob pattern "vect-95.c.[0-9][0-9][0-9]t.vect"
UNRESOLVED: gcc.dg/vect/vect-95.c: error executing dg-final: no files matched glob pattern "vect-95.c.[0-9][0-9][0-9]t.vect"
FAIL: gcc.dg/vect/vect-96.c (test for excess errors)
WARNING: gcc.dg/vect/vect-96.c compilation failed to produce executable
ERROR: gcc.dg/vect/vect-96.c: error executing dg-final: no files matched glob pattern "vect-96.c.[0-9][0-9][0-9]t.vect"
UNRESOLVED: gcc.dg/vect/vect-96.c: error executing dg-final: no files matched glob pattern "vect-96.c.[0-9][0-9][0-9]t.vect"
FAIL: gcc.dg/vect/vect-97.c (test for excess errors)
WARNING: gcc.dg/vect/vect-97.c compilation failed to produce executable
ERROR: gcc.dg/vect/vect-97.c: error executing dg-final: no files matched glob pattern "vect-97.c.[0-9][0-9][0-9]t.vect"
UNRESOLVED: gcc.dg/vect/vect-97.c: error executing dg-final: no files matched glob pattern "vect-97.c.[0-9][0-9][0-9]t.vect"
FAIL: gcc.dg/vect/vect-98.c (test for excess errors)
WARNING: gcc.dg/vect/vect-98.c compilation failed to produce executable
ERROR: gcc.dg/vect/vect-98.c: error executing dg-final: no files matched glob pattern "vect-98.c.[0-9][0-9][0-9]t.vect"
UNRESOLVED: gcc.dg/vect/vect-98.c: error executing dg-final: no files matched glob pattern "vect-98.c.[0-9][0-9][0-9]t.vect"
FAIL: gcc.dg/vect/vect-99.c (test for excess errors)
WARNING: gcc.dg/vect/vect-99.c compilation failed to produce executable
ERROR: gcc.dg/vect/vect-99.c: error executing dg-final: no files matched glob pattern "vect-99.c.[0-9][0-9][0-9]t.vect"
UNRESOLVED: gcc.dg/vect/vect-99.c: error executing dg-final: no files matched glob pattern "vect-99.c.[0-9][0-9][0-9]t.vect"
FAIL: gcc.dg/vect/vect-all.c (test for excess errors)
WARNING: gcc.dg/vect/vect-all.c compilation failed to produce executable
ERROR: gcc.dg/vect/vect-all.c: error executing dg-final: no files matched glob pattern "vect-all.c.[0-9][0-9][0-9]t.vect"
UNRESOLVED: gcc.dg/vect/vect-all.c: error executing dg-final: no files matched glob pattern "vect-all.c.[0-9][0-9][0-9]t.vect"
FAIL: gcc.dg/vect/vect-dv-1.c (test for excess errors)
FAIL: gcc.dg/vect/vect-dv-2.c (test for excess errors)
WARNING: gcc.dg/vect/vect-dv-2.c compilation failed to produce executable
ERROR: gcc.dg/vect/vect-dv-2.c: error executing dg-final: no files matched glob pattern "vect-dv-2.c.[0-9][0-9][0-9]t.vect"
UNRESOLVED: gcc.dg/vect/vect-dv-2.c: error executing dg-final: no files matched glob pattern "vect-dv-2.c.[0-9][0-9][0-9]t.vect"
FAIL: gcc.dg/vect/vect-ifcvt-10.c (test for excess errors)
FAIL: gcc.dg/vect/vect-ifcvt-2.c (test for excess errors)
WARNING: gcc.dg/vect/vect-ifcvt-2.c compilation failed to produce executable
ERROR: gcc.dg/vect/vect-ifcvt-2.c: error executing dg-final: no files matched glob pattern "vect-ifcvt-2.c.[0-9][0-9][0-9]t.vect"
UNRESOLVED: gcc.dg/vect/vect-ifcvt-2.c: error executing dg-final: no files matched glob pattern "vect-ifcvt-2.c.[0-9][0-9][0-9]t.vect"
FAIL: gcc.dg/vect/vect-ifcvt-3.c (test for excess errors)
WARNING: gcc.dg/vect/vect-ifcvt-3.c compilation failed to produce executable
ERROR: gcc.dg/vect/vect-ifcvt-3.c: error executing dg-final: no files matched glob pattern "vect-ifcvt-3.c.[0-9][0-9][0-9]t.vect"
UNRESOLVED: gcc.dg/vect/vect-ifcvt-3.c: error executing dg-final: no files matched glob pattern "vect-ifcvt-3.c.[0-9][0-9][0-9]t.vect"
FAIL: gcc.dg/vect/vect-ifcvt-4.c (test for excess errors)
WARNING: gcc.dg/vect/vect-ifcvt-4.c compilation failed to produce executable
ERROR: gcc.dg/vect/vect-ifcvt-4.c: error executing dg-final: no files matched glob pattern "vect-ifcvt-4.c.[0-9][0-9][0-9]t.vect"
UNRESOLVED: gcc.dg/vect/vect-ifcvt-4.c: error executing dg-final: no files matched glob pattern "vect-ifcvt-4.c.[0-9][0-9][0-9]t.vect"
FAIL: gcc.dg/vect/vect-ifcvt-5.c (test for excess errors)
WARNING: gcc.dg/vect/vect-ifcvt-5.c compilation failed to produce executable
ERROR: gcc.dg/vect/vect-ifcvt-5.c: error executing dg-final: no files matched glob pattern "vect-ifcvt-5.c.[0-9][0-9][0-9]t.vect"
UNRESOLVED: gcc.dg/vect/vect-ifcvt-5.c: error executing dg-final: no files matched glob pattern "vect-ifcvt-5.c.[0-9][0-9][0-9]t.vect"
FAIL: gcc.dg/vect/vect-ifcvt-6.c (test for excess errors)
WARNING: gcc.dg/vect/vect-ifcvt-6.c compilation failed to produce executable
ERROR: gcc.dg/vect/vect-ifcvt-6.c: error executing dg-final: no files matched glob pattern "vect-ifcvt-6.c.[0-9][0-9][0-9]t.vect"
UNRESOLVED: gcc.dg/vect/vect-ifcvt-6.c: error executing dg-final: no files matched glob pattern "vect-ifcvt-6.c.[0-9][0-9][0-9]t.vect"
FAIL: gcc.dg/vect/vect-ifcvt-7.c (test for excess errors)
WARNING: gcc.dg/vect/vect-ifcvt-7.c compilation failed to produce executable
ERROR: gcc.dg/vect/vect-ifcvt-7.c: error executing dg-final: no files matched glob pattern "vect-ifcvt-7.c.[0-9][0-9][0-9]t.vect"
UNRESOLVED: gcc.dg/vect/vect-ifcvt-7.c: error executing dg-final: no files matched glob pattern "vect-ifcvt-7.c.[0-9][0-9][0-9]t.vect"
FAIL: gcc.dg/vect/vect-ifcvt-9.c (test for excess errors)
WARNING: gcc.dg/vect/vect-ifcvt-9.c compilation failed to produce executable
ERROR: gcc.dg/vect/vect-ifcvt-9.c: error executing dg-final: no files matched glob pattern "vect-ifcvt-9.c.[0-9][0-9][0-9]t.vect"
UNRESOLVED: gcc.dg/vect/vect-ifcvt-9.c: error executing dg-final: no files matched glob pattern "vect-ifcvt-9.c.[0-9][0-9][0-9]t.vect"
FAIL: gcc.dg/vect/vect-recip.c (test for excess errors)
FAIL: gcc.dg/vect/vect-reduc-1.c (test for excess errors)
WARNING: gcc.dg/vect/vect-reduc-1.c compilation failed to produce executable
ERROR: gcc.dg/vect/vect-reduc-1.c: error executing dg-final: no files matched glob pattern "vect-reduc-1.c.[0-9][0-9][0-9]t.vect"
UNRESOLVED: gcc.dg/vect/vect-reduc-1.c: error executing dg-final: no files matched glob pattern "vect-reduc-1.c.[0-9][0-9][0-9]t.vect"
FAIL: gcc.dg/vect/vect-reduc-1char.c (test for excess errors)
WARNING: gcc.dg/vect/vect-reduc-1char.c compilation failed to produce executable
ERROR: gcc.dg/vect/vect-reduc-1char.c: error executing dg-final: no files matched glob pattern "vect-reduc-1char.c.[0-9][0-9][0-9]t.vect"
UNRESOLVED: gcc.dg/vect/vect-reduc-1char.c: error executing dg-final: no files matched glob pattern "vect-reduc-1char.c.[0-9][0-9][0-9]t.vect"
FAIL: gcc.dg/vect/vect-reduc-1short.c (test for excess errors)
WARNING: gcc.dg/vect/vect-reduc-1short.c compilation failed to produce executable
ERROR: gcc.dg/vect/vect-reduc-1short.c: error executing dg-final: no files matched glob pattern "vect-reduc-1short.c.[0-9][0-9][0-9]t.vect"
UNRESOLVED: gcc.dg/vect/vect-reduc-1short.c: error executing dg-final: no files matched glob pattern "vect-reduc-1short.c.[0-9][0-9][0-9]t.vect"
FAIL: gcc.dg/vect/vect-reduc-2.c (test for excess errors)
WARNING: gcc.dg/vect/vect-reduc-2.c compilation failed to produce executable
ERROR: gcc.dg/vect/vect-reduc-2.c: error executing dg-final: no files matched glob pattern "vect-reduc-2.c.[0-9][0-9][0-9]t.vect"
UNRESOLVED: gcc.dg/vect/vect-reduc-2.c: error executing dg-final: no files matched glob pattern "vect-reduc-2.c.[0-9][0-9][0-9]t.vect"
FAIL: gcc.dg/vect/vect-reduc-2char.c (test for excess errors)
WARNING: gcc.dg/vect/vect-reduc-2char.c compilation failed to produce executable
ERROR: gcc.dg/vect/vect-reduc-2char.c: error executing dg-final: no files matched glob pattern "vect-reduc-2char.c.[0-9][0-9][0-9]t.vect"
UNRESOLVED: gcc.dg/vect/vect-reduc-2char.c: error executing dg-final: no files matched glob pattern "vect-reduc-2char.c.[0-9][0-9][0-9]t.vect"
FAIL: gcc.dg/vect/vect-reduc-2short.c (test for excess errors)
WARNING: gcc.dg/vect/vect-reduc-2short.c compilation failed to produce executable
ERROR: gcc.dg/vect/vect-reduc-2short.c: error executing dg-final: no files matched glob pattern "vect-reduc-2short.c.[0-9][0-9][0-9]t.vect"
UNRESOLVED: gcc.dg/vect/vect-reduc-2short.c: error executing dg-final: no files matched glob pattern "vect-reduc-2short.c.[0-9][0-9][0-9]t.vect"
FAIL: gcc.dg/vect/vect-reduc-3.c (test for excess errors)
WARNING: gcc.dg/vect/vect-reduc-3.c compilation failed to produce executable
ERROR: gcc.dg/vect/vect-reduc-3.c: error executing dg-final: no files matched glob pattern "vect-reduc-3.c.[0-9][0-9][0-9]t.vect"
UNRESOLVED: gcc.dg/vect/vect-reduc-3.c: error executing dg-final: no files matched glob pattern "vect-reduc-3.c.[0-9][0-9][0-9]t.vect"
FAIL: gcc.dg/vect/vect-reduc-6.c (test for excess errors)
WARNING: gcc.dg/vect/vect-reduc-6.c compilation failed to produce executable
ERROR: gcc.dg/vect/vect-reduc-6.c: error executing dg-final: no files matched glob pattern "vect-reduc-6.c.[0-9][0-9][0-9]t.vect"
UNRESOLVED: gcc.dg/vect/vect-reduc-6.c: error executing dg-final: no files matched glob pattern "vect-reduc-6.c.[0-9][0-9][0-9]t.vect"
FAIL: gcc.dg/vect/vect-reduc-7.c (test for excess errors)
WARNING: gcc.dg/vect/vect-reduc-7.c compilation failed to produce executable
FAIL: gcc.dg/vect/vect-reduc-8.c (test for excess errors)
WARNING: gcc.dg/vect/vect-reduc-8.c compilation failed to produce executable
FAIL: gcc.dg/vect/vect-reduc-9.c (test for excess errors)
WARNING: gcc.dg/vect/vect-reduc-9.c compilation failed to produce executable
FAIL: gcc.dg/vect/vect-reduc-dot-s16a.c (test for excess errors)
WARNING: gcc.dg/vect/vect-reduc-dot-s16a.c compilation failed to produce executable
ERROR: gcc.dg/vect/vect-reduc-dot-s16a.c: error executing dg-final: no files matched glob pattern "vect-reduc-dot-s16a.c.[0-9][0-9][0-9]t.vect"
UNRESOLVED: gcc.dg/vect/vect-reduc-dot-s16a.c: error executing dg-final: no files matched glob pattern "vect-reduc-dot-s16a.c.[0-9][0-9][0-9]t.vect"
FAIL: gcc.dg/vect/vect-reduc-dot-s16b.c (test for excess errors)
WARNING: gcc.dg/vect/vect-reduc-dot-s16b.c compilation failed to produce executable
ERROR: gcc.dg/vect/vect-reduc-dot-s16b.c: error executing dg-final: no files matched glob pattern "vect-reduc-dot-s16b.c.[0-9][0-9][0-9]t.vect"
UNRESOLVED: gcc.dg/vect/vect-reduc-dot-s16b.c: error executing dg-final: no files matched glob pattern "vect-reduc-dot-s16b.c.[0-9][0-9][0-9]t.vect"
FAIL: gcc.dg/vect/vect-reduc-dot-s8.c (test for excess errors)
WARNING: gcc.dg/vect/vect-reduc-dot-s8.c compilation failed to produce executable
ERROR: gcc.dg/vect/vect-reduc-dot-s8.c: error executing dg-final: no files matched glob pattern "vect-reduc-dot-s8.c.[0-9][0-9][0-9]t.vect"
UNRESOLVED: gcc.dg/vect/vect-reduc-dot-s8.c: error executing dg-final: no files matched glob pattern "vect-reduc-dot-s8.c.[0-9][0-9][0-9]t.vect"
FAIL: gcc.dg/vect/vect-reduc-dot-u16.c (test for excess errors)
WARNING: gcc.dg/vect/vect-reduc-dot-u16.c compilation failed to produce executable
ERROR: gcc.dg/vect/vect-reduc-dot-u16.c: error executing dg-final: no files matched glob pattern "vect-reduc-dot-u16.c.[0-9][0-9][0-9]t.vect"
UNRESOLVED: gcc.dg/vect/vect-reduc-dot-u16.c: error executing dg-final: no files matched glob pattern "vect-reduc-dot-u16.c.[0-9][0-9][0-9]t.vect"
FAIL: gcc.dg/vect/vect-reduc-dot-u8.c (test for excess errors)
WARNING: gcc.dg/vect/vect-reduc-dot-u8.c compilation failed to produce executable
ERROR: gcc.dg/vect/vect-reduc-dot-u8.c: error executing dg-final: no files matched glob pattern "vect-reduc-dot-u8.c.[0-9][0-9][0-9]t.vect"
UNRESOLVED: gcc.dg/vect/vect-reduc-dot-u8.c: error executing dg-final: no files matched glob pattern "vect-reduc-dot-u8.c.[0-9][0-9][0-9]t.vect"
FAIL: gcc.dg/vect/vect-reduc-pattern-1a.c (test for excess errors)
WARNING: gcc.dg/vect/vect-reduc-pattern-1a.c compilation failed to produce executable
ERROR: gcc.dg/vect/vect-reduc-pattern-1a.c: error executing dg-final: no files matched glob pattern "vect-reduc-pattern-1a.c.[0-9][0-9][0-9]t.vect"
UNRESOLVED: gcc.dg/vect/vect-reduc-pattern-1a.c: error executing dg-final: no files matched glob pattern "vect-reduc-pattern-1a.c.[0-9][0-9][0-9]t.vect"
FAIL: gcc.dg/vect/vect-reduc-pattern-1b.c (test for excess errors)
WARNING: gcc.dg/vect/vect-reduc-pattern-1b.c compilation failed to produce executable
ERROR: gcc.dg/vect/vect-reduc-pattern-1b.c: error executing dg-final: no files matched glob pattern "vect-reduc-pattern-1b.c.[0-9][0-9][0-9]t.vect"
UNRESOLVED: gcc.dg/vect/vect-reduc-pattern-1b.c: error executing dg-final: no files matched glob pattern "vect-reduc-pattern-1b.c.[0-9][0-9][0-9]t.vect"
FAIL: gcc.dg/vect/vect-reduc-pattern-1c.c (test for excess errors)
WARNING: gcc.dg/vect/vect-reduc-pattern-1c.c compilation failed to produce executable
ERROR: gcc.dg/vect/vect-reduc-pattern-1c.c: error executing dg-final: no files matched glob pattern "vect-reduc-pattern-1c.c.[0-9][0-9][0-9]t.vect"
UNRESOLVED: gcc.dg/vect/vect-reduc-pattern-1c.c: error executing dg-final: no files matched glob pattern "vect-reduc-pattern-1c.c.[0-9][0-9][0-9]t.vect"
FAIL: gcc.dg/vect/vect-reduc-pattern-2a.c (test for excess errors)
WARNING: gcc.dg/vect/vect-reduc-pattern-2a.c compilation failed to produce executable
ERROR: gcc.dg/vect/vect-reduc-pattern-2a.c: error executing dg-final: no files matched glob pattern "vect-reduc-pattern-2a.c.[0-9][0-9][0-9]t.vect"
UNRESOLVED: gcc.dg/vect/vect-reduc-pattern-2a.c: error executing dg-final: no files matched glob pattern "vect-reduc-pattern-2a.c.[0-9][0-9][0-9]t.vect"
FAIL: gcc.dg/vect/vect-reduc-pattern-2b.c (test for excess errors)
WARNING: gcc.dg/vect/vect-reduc-pattern-2b.c compilation failed to produce executable
ERROR: gcc.dg/vect/vect-reduc-pattern-2b.c: error executing dg-final: no files matched glob pattern "vect-reduc-pattern-2b.c.[0-9][0-9][0-9]t.vect"
UNRESOLVED: gcc.dg/vect/vect-reduc-pattern-2b.c: error executing dg-final: no files matched glob pattern "vect-reduc-pattern-2b.c.[0-9][0-9][0-9]t.vect"
FAIL: gcc.dg/vect/vect-reduc-pattern-2c.c (test for excess errors)
WARNING: gcc.dg/vect/vect-reduc-pattern-2c.c compilation failed to produce executable
ERROR: gcc.dg/vect/vect-reduc-pattern-2c.c: error executing dg-final: no files matched glob pattern "vect-reduc-pattern-2c.c.[0-9][0-9][0-9]t.vect"
UNRESOLVED: gcc.dg/vect/vect-reduc-pattern-2c.c: error executing dg-final: no files matched glob pattern "vect-reduc-pattern-2c.c.[0-9][0-9][0-9]t.vect"
FAIL: gcc.dg/vect/vect-shift-1.c (test for excess errors)
WARNING: gcc.dg/vect/vect-shift-1.c compilation failed to produce executable
ERROR: gcc.dg/vect/vect-shift-1.c: error executing dg-final: no files matched glob pattern "vect-shift-1.c.[0-9][0-9][0-9]t.vect"
UNRESOLVED: gcc.dg/vect/vect-shift-1.c: error executing dg-final: no files matched glob pattern "vect-shift-1.c.[0-9][0-9][0-9]t.vect"
FAIL: gcc.dg/vect/fast-math-vect-pr25911.c (test for excess errors)
FAIL: gcc.dg/vect/fast-math-vect-reduc-5.c (test for excess errors)
WARNING: gcc.dg/vect/fast-math-vect-reduc-5.c compilation failed to produce executable
ERROR: gcc.dg/vect/fast-math-vect-reduc-5.c: error executing dg-final: no files matched glob pattern "fast-math-vect-reduc-5.c.[0-9][0-9][0-9]t.vect"
UNRESOLVED: gcc.dg/vect/fast-math-vect-reduc-5.c: error executing dg-final: no files matched glob pattern "fast-math-vect-reduc-5.c.[0-9][0-9][0-9]t.vect"
FAIL: gcc.dg/vect/wrapv-vect-7.c (test for excess errors)
WARNING: gcc.dg/vect/wrapv-vect-7.c compilation failed to produce executable
ERROR: gcc.dg/vect/wrapv-vect-7.c: error executing dg-final: no files matched glob pattern "wrapv-vect-7.c.[0-9][0-9][0-9]t.vect"
UNRESOLVED: gcc.dg/vect/wrapv-vect-7.c: error executing dg-final: no files matched glob pattern "wrapv-vect-7.c.[0-9][0-9][0-9]t.vect"
FAIL: gcc.dg/vect/wrapv-vect-reduc-2char.c (test for excess errors)
WARNING: gcc.dg/vect/wrapv-vect-reduc-2char.c compilation failed to produce executable
ERROR: gcc.dg/vect/wrapv-vect-reduc-2char.c: error executing dg-final: no files matched glob pattern "wrapv-vect-reduc-2char.c.[0-9][0-9][0-9]t.vect"
UNRESOLVED: gcc.dg/vect/wrapv-vect-reduc-2char.c: error executing dg-final: no files matched glob pattern "wrapv-vect-reduc-2char.c.[0-9][0-9][0-9]t.vect"
FAIL: gcc.dg/vect/wrapv-vect-reduc-2short.c (test for excess errors)
WARNING: gcc.dg/vect/wrapv-vect-reduc-2short.c compilation failed to produce executable
ERROR: gcc.dg/vect/wrapv-vect-reduc-2short.c: error executing dg-final: no files matched glob pattern "wrapv-vect-reduc-2short.c.[0-9][0-9][0-9]t.vect"
UNRESOLVED: gcc.dg/vect/wrapv-vect-reduc-2short.c: error executing dg-final: no files matched glob pattern "wrapv-vect-reduc-2short.c.[0-9][0-9][0-9]t.vect"
FAIL: gcc.dg/vect/wrapv-vect-reduc-dot-s8.c (test for excess errors)
WARNING: gcc.dg/vect/wrapv-vect-reduc-dot-s8.c compilation failed to produce executable
ERROR: gcc.dg/vect/wrapv-vect-reduc-dot-s8.c: error executing dg-final: no files matched glob pattern "wrapv-vect-reduc-dot-s8.c.[0-9][0-9][0-9]t.vect"
UNRESOLVED: gcc.dg/vect/wrapv-vect-reduc-dot-s8.c: error executing dg-final: no files matched glob pattern "wrapv-vect-reduc-dot-s8.c.[0-9][0-9][0-9]t.vect"
FAIL: gcc.dg/vect/wrapv-vect-reduc-pattern-2c.c (test for excess errors)
WARNING: gcc.dg/vect/wrapv-vect-reduc-pattern-2c.c compilation failed to produce executable
ERROR: gcc.dg/vect/wrapv-vect-reduc-pattern-2c.c: error executing dg-final: no files matched glob pattern "wrapv-vect-reduc-pattern-2c.c.[0-9][0-9][0-9]t.vect"
UNRESOLVED: gcc.dg/vect/wrapv-vect-reduc-pattern-2c.c: error executing dg-final: no files matched glob pattern "wrapv-vect-reduc-pattern-2c.c.[0-9][0-9][0-9]t.vect"
FAIL: gcc.dg/vect/trapv-vect-reduc-4.c (test for excess errors)
ERROR: gcc.dg/vect/trapv-vect-reduc-4.c: error executing dg-final: no files matched glob pattern "trapv-vect-reduc-4.c.[0-9][0-9][0-9]t.vect"
UNRESOLVED: gcc.dg/vect/trapv-vect-reduc-4.c: error executing dg-final: no files matched glob pattern "trapv-vect-reduc-4.c.[0-9][0-9][0-9]t.vect"
FAIL: gcc.dg/vect/dump-tree-dceloop-pr26359.c (test for excess errors)
ERROR: gcc.dg/vect/dump-tree-dceloop-pr26359.c: error executing dg-final: no files matched glob pattern "dump-tree-dceloop-pr26359.c.[0-9][0-9][0-9]t.dceloop"
UNRESOLVED: gcc.dg/vect/dump-tree-dceloop-pr26359.c: error executing dg-final: no files matched glob pattern "dump-tree-dceloop-pr26359.c.[0-9][0-9][0-9]t.dceloop"
FAIL: gcc.dg/vect/section-anchors-pr27770.c (test for excess errors)
WARNING: gcc.dg/vect/section-anchors-pr27770.c compilation failed to produce executable
FAIL: gcc.dg/vect/section-anchors-vect-69.c (test for excess errors)
WARNING: gcc.dg/vect/section-anchors-vect-69.c compilation failed to produce executable
ERROR: gcc.dg/vect/section-anchors-vect-69.c: error executing dg-final: no files matched glob pattern "section-anchors-vect-69.c.[0-9][0-9][0-9]t.vect"
UNRESOLVED: gcc.dg/vect/section-anchors-vect-69.c: error executing dg-final: no files matched glob pattern "section-anchors-vect-69.c.[0-9][0-9][0-9]t.vect"
FAIL: gcc.dg/vect/no-section-anchors-vect-69.c (test for excess errors)
WARNING: gcc.dg/vect/no-section-anchors-vect-69.c compilation failed to produce executable
ERROR: gcc.dg/vect/no-section-anchors-vect-69.c: error executing dg-final: no files matched glob pattern "no-section-anchors-vect-69.c.[0-9][0-9][0-9]t.vect"
UNRESOLVED: gcc.dg/vect/no-section-anchors-vect-69.c: error executing dg-final: no files matched glob pattern "no-section-anchors-vect-69.c.[0-9][0-9][0-9]t.vect"
FAIL: gcc.dg/vect/unswitch-loops-pr26969.c (test for excess errors)
FAIL: gcc.dg/vect/Os-vect-95.c (test for excess errors)
WARNING: gcc.dg/vect/Os-vect-95.c compilation failed to produce executable
ERROR: gcc.dg/vect/Os-vect-95.c: error executing dg-final: no files matched glob pattern "Os-vect-95.c.[0-9][0-9][0-9]t.vect"
UNRESOLVED: gcc.dg/vect/Os-vect-95.c: error executing dg-final: no files matched glob pattern "Os-vect-95.c.[0-9][0-9][0-9]t.vect"
FAIL: gcc.misc-tests/bprob-1.c execution: file bprob-1.gcda does not exist, -fprofile-arcs
UNRESOLVED: gcc.misc-tests/bprob-1.c compilation, -fbranch-probabilities
UNRESOLVED: gcc.misc-tests/bprob-1.c execution, -fbranch-probabilities
FAIL: gcc.misc-tests/bprob-2.c execution: file bprob-2.gcda does not exist, -fprofile-arcs
UNRESOLVED: gcc.misc-tests/bprob-2.c compilation, -fbranch-probabilities
UNRESOLVED: gcc.misc-tests/bprob-2.c execution, -fbranch-probabilities
FAIL: gcc.target/powerpc/compress-float-ppc-pic.c scan-assembler lfs
FAIL: gcc.target/powerpc/compress-float-ppc.c scan-assembler lfs
FAIL: gcc.target/powerpc/pr25960.c (test for excess errors)
WARNING: gcc.target/powerpc/pr25960.c compilation failed to produce executable
=== gcc Summary ===
# of expected passes 38857
# of unexpected failures 224
# of expected failures 80
# of unresolved testcases 187
# of untested testcases 28
# of unsupported tests 426
/temp/gnu_toolchain/build_area/gcc-trunk/obj_gcc-trunk_e500v1/gcc/xgcc version 4.2.0 20060809 (experimental)
Host is x86_64-unknown-linux-gnu
=== g++ tests ===
Running target e500v1_ssh
FAIL: g++.dg/bprob/g++-bprob-1.C execution: file g++-bprob-1.gcda does not exist, -g -fprofile-arcs
UNRESOLVED: g++.dg/bprob/g++-bprob-1.C compilation, -g -fbranch-probabilities
UNRESOLVED: g++.dg/bprob/g++-bprob-1.C execution, -g -fbranch-probabilities
FAIL: g++.dg/bprob/g++-bprob-1.C execution: file g++-bprob-1.gcda does not exist, -O0 -fprofile-arcs
UNRESOLVED: g++.dg/bprob/g++-bprob-1.C compilation, -O0 -fbranch-probabilities
UNRESOLVED: g++.dg/bprob/g++-bprob-1.C execution, -O0 -fbranch-probabilities
FAIL: g++.dg/bprob/g++-bprob-1.C execution: file g++-bprob-1.gcda does not exist, -O1 -fprofile-arcs
UNRESOLVED: g++.dg/bprob/g++-bprob-1.C compilation, -O1 -fbranch-probabilities
UNRESOLVED: g++.dg/bprob/g++-bprob-1.C execution, -O1 -fbranch-probabilities
FAIL: g++.dg/bprob/g++-bprob-1.C execution: file g++-bprob-1.gcda does not exist, -O2 -fprofile-arcs
UNRESOLVED: g++.dg/bprob/g++-bprob-1.C compilation, -O2 -fbranch-probabilities
UNRESOLVED: g++.dg/bprob/g++-bprob-1.C execution, -O2 -fbranch-probabilities
FAIL: g++.dg/bprob/g++-bprob-1.C execution: file g++-bprob-1.gcda does not exist, -O3 -fprofile-arcs
UNRESOLVED: g++.dg/bprob/g++-bprob-1.C compilation, -O3 -fbranch-probabilities
UNRESOLVED: g++.dg/bprob/g++-bprob-1.C execution, -O3 -fbranch-probabilities
FAIL: g++.dg/bprob/g++-bprob-1.C execution: file g++-bprob-1.gcda does not exist, -O3 -g -fprofile-arcs
UNRESOLVED: g++.dg/bprob/g++-bprob-1.C compilation, -O3 -g -fbranch-probabilities
UNRESOLVED: g++.dg/bprob/g++-bprob-1.C execution, -O3 -g -fbranch-probabilities
FAIL: g++.dg/bprob/g++-bprob-1.C execution: file g++-bprob-1.gcda does not exist, -Os -fprofile-arcs
UNRESOLVED: g++.dg/bprob/g++-bprob-1.C compilation, -Os -fbranch-probabilities
UNRESOLVED: g++.dg/bprob/g++-bprob-1.C execution, -Os -fbranch-probabilities
FAIL: g++.dg/bprob/g++-bprob-2.C execution: file g++-bprob-2.gcda does not exist, -g -fprofile-arcs
UNRESOLVED: g++.dg/bprob/g++-bprob-2.C compilation, -g -fbranch-probabilities
UNRESOLVED: g++.dg/bprob/g++-bprob-2.C execution, -g -fbranch-probabilities
FAIL: g++.dg/bprob/g++-bprob-2.C execution: file g++-bprob-2.gcda does not exist, -O0 -fprofile-arcs
UNRESOLVED: g++.dg/bprob/g++-bprob-2.C compilation, -O0 -fbranch-probabilities
UNRESOLVED: g++.dg/bprob/g++-bprob-2.C execution, -O0 -fbranch-probabilities
FAIL: g++.dg/bprob/g++-bprob-2.C execution: file g++-bprob-2.gcda does not exist, -O1 -fprofile-arcs
UNRESOLVED: g++.dg/bprob/g++-bprob-2.C compilation, -O1 -fbranch-probabilities
UNRESOLVED: g++.dg/bprob/g++-bprob-2.C execution, -O1 -fbranch-probabilities
FAIL: g++.dg/bprob/g++-bprob-2.C execution: file g++-bprob-2.gcda does not exist, -O2 -fprofile-arcs
UNRESOLVED: g++.dg/bprob/g++-bprob-2.C compilation, -O2 -fbranch-probabilities
UNRESOLVED: g++.dg/bprob/g++-bprob-2.C execution, -O2 -fbranch-probabilities
FAIL: g++.dg/bprob/g++-bprob-2.C execution: file g++-bprob-2.gcda does not exist, -O3 -fprofile-arcs
UNRESOLVED: g++.dg/bprob/g++-bprob-2.C compilation, -O3 -fbranch-probabilities
UNRESOLVED: g++.dg/bprob/g++-bprob-2.C execution, -O3 -fbranch-probabilities
FAIL: g++.dg/bprob/g++-bprob-2.C execution: file g++-bprob-2.gcda does not exist, -O3 -g -fprofile-arcs
UNRESOLVED: g++.dg/bprob/g++-bprob-2.C compilation, -O3 -g -fbranch-probabilities
UNRESOLVED: g++.dg/bprob/g++-bprob-2.C execution, -O3 -g -fbranch-probabilities
FAIL: g++.dg/bprob/g++-bprob-2.C execution: file g++-bprob-2.gcda does not exist, -Os -fprofile-arcs
UNRESOLVED: g++.dg/bprob/g++-bprob-2.C compilation, -Os -fbranch-probabilities
UNRESOLVED: g++.dg/bprob/g++-bprob-2.C execution, -Os -fbranch-probabilities
WARNING: Could not execute g++.dg/compat/struct-layout-1 generator
FAIL: g++.dg/eh/simd-2.C (test for excess errors)
XPASS: g++.dg/expr/anew4.C execution test
FAIL: g++.dg/ext/attribute-test-3.C (internal compiler error)
FAIL: g++.dg/ext/attribute-test-3.C (test for excess errors)
WARNING: g++.dg/ext/attribute-test-3.C compilation failed to produce executable
FAIL: g++.dg/ext/attribute-test-4.C (internal compiler error)
FAIL: g++.dg/ext/attribute-test-4.C (test for excess errors)
WARNING: g++.dg/ext/attribute-test-4.C compilation failed to produce executable
FAIL: g++.dg/vect/pr19951.cc (test for excess errors)
FAIL: g++.dg/vect/pr21218.cc (test for excess errors)
FAIL: g++.dg/vect/pr21734_1.cc (test for excess errors)
FAIL: g++.dg/vect/pr21734_2.cc (test for excess errors)
FAIL: g++.dg/vect/pr22543.cc (test for excess errors)
XPASS: g++.old-deja/g++.ext/arrnew2.C execution test
FAIL: g++.old-deja/g++.other/comdat5.C (test for excess errors)
=== g++ Summary ===
# of expected passes 12695
# of unexpected failures 25
# of unexpected successes 2
# of expected failures 64
# of unresolved testcases 28
# of unsupported tests 119
/temp/gnu_toolchain/build_area/gcc-trunk/obj_gcc-trunk_e500v1/gcc/testsuite/g++/../../g++ version 4.2.0 20060809 (experimental)
Compiler version: 4.2.0 20060809 (experimental)
Platform: powerpc-unknown-linux-gnuspe
configure flags: --prefix=/temp/gnu_toolchain/install_area/gcc-trunk/gcc-trunk-20060809-e500v1 --with-local-prefix=/temp/gnu_toolchain/install_area/gcc-trunk/gcc-trunk-20060809-e500v1 --enable-threads --target=powerpc-unknown-linux-gnuspe --disable-shared --disable-multilib --disable-linux-futex --enable-languages=c,c++
More information about the Gcc-testresults
mailing list