Results for 4.2.0 20060809 (experimental) testsuite on powerpc-unknown-linux-gnu
Edmar Wienskoski
ra8797@freescale.com
Thu Aug 10 18:08:00 GMT 2006
LAST_UPDATED:
Target is powerpc-unknown-linux-gnu
Host is x86_64-unknown-linux-gnu
=== gcc tests ===
Running target e300c3_ssh
WARNING: program timed out.
FAIL: gcc.c-torture/compile/20001226-1.c -O2 (test for excess errors)
WARNING: program timed out.
FAIL: gcc.c-torture/compile/20001226-1.c -O3 -fomit-frame-pointer (test for excess errors)
WARNING: program timed out.
FAIL: gcc.c-torture/compile/20001226-1.c -O3 -g (test for excess errors)
WARNING: program timed out.
FAIL: gcc.c-torture/compile/20001226-1.c -Os (test for excess errors)
WARNING: Could not execute gcc.dg/compat/struct-layout-1 generator
FAIL: gcc.dg/tree-prof/inliner-1.c compilation, -fprofile-generate
UNRESOLVED: gcc.dg/tree-prof/inliner-1.c execution, -fprofile-generate
UNRESOLVED: gcc.dg/tree-prof/inliner-1.c compilation, -fprofile-use
UNRESOLVED: gcc.dg/tree-prof/inliner-1.c execution, -fprofile-use
FAIL: gcc.dg/tree-prof/update-cunroll-2.c execution: file update-cunroll-2.gcda does not exist, -fprofile-generate
UNRESOLVED: gcc.dg/tree-prof/update-cunroll-2.c compilation, -fprofile-use
UNRESOLVED: gcc.dg/tree-prof/update-cunroll-2.c execution, -fprofile-use
FAIL: gcc.dg/tree-prof/update-loopch.c execution: file update-loopch.gcda does not exist, -fprofile-generate
UNRESOLVED: gcc.dg/tree-prof/update-loopch.c compilation, -fprofile-use
UNRESOLVED: gcc.dg/tree-prof/update-loopch.c execution, -fprofile-use
FAIL: gcc.dg/tree-prof/update-tailcall.c execution: file update-tailcall.gcda does not exist, -fprofile-generate
UNRESOLVED: gcc.dg/tree-prof/update-tailcall.c compilation, -fprofile-use
UNRESOLVED: gcc.dg/tree-prof/update-tailcall.c execution, -fprofile-use
FAIL: gcc.dg/tree-prof/val-prof-1.c compilation, -fprofile-generate
UNRESOLVED: gcc.dg/tree-prof/val-prof-1.c execution, -fprofile-generate
UNRESOLVED: gcc.dg/tree-prof/val-prof-1.c compilation, -fprofile-use
UNRESOLVED: gcc.dg/tree-prof/val-prof-1.c execution, -fprofile-use
FAIL: gcc.dg/tree-prof/val-prof-2.c compilation, -fprofile-generate
UNRESOLVED: gcc.dg/tree-prof/val-prof-2.c execution, -fprofile-generate
UNRESOLVED: gcc.dg/tree-prof/val-prof-2.c compilation, -fprofile-use
UNRESOLVED: gcc.dg/tree-prof/val-prof-2.c execution, -fprofile-use
FAIL: gcc.dg/tree-prof/val-prof-3.c compilation, -fprofile-generate
UNRESOLVED: gcc.dg/tree-prof/val-prof-3.c execution, -fprofile-generate
UNRESOLVED: gcc.dg/tree-prof/val-prof-3.c compilation, -fprofile-use
UNRESOLVED: gcc.dg/tree-prof/val-prof-3.c execution, -fprofile-use
FAIL: gcc.dg/tree-prof/val-prof-4.c compilation, -fprofile-generate
UNRESOLVED: gcc.dg/tree-prof/val-prof-4.c execution, -fprofile-generate
UNRESOLVED: gcc.dg/tree-prof/val-prof-4.c compilation, -fprofile-use
UNRESOLVED: gcc.dg/tree-prof/val-prof-4.c execution, -fprofile-use
FAIL: gcc.dg/tree-prof/val-prof-5.c compilation, -fprofile-generate
UNRESOLVED: gcc.dg/tree-prof/val-prof-5.c execution, -fprofile-generate
UNRESOLVED: gcc.dg/tree-prof/val-prof-5.c compilation, -fprofile-use
UNRESOLVED: gcc.dg/tree-prof/val-prof-5.c execution, -fprofile-use
FAIL: gcc.dg/vmx/varargs-1.c -O0 output pattern test, is 1, 1, 1, 1
FAIL: gcc.dg/vmx/varargs-1.c -O1 output pattern test, is 1, 1, 1, 1
FAIL: gcc.dg/vmx/varargs-1.c -O2 output pattern test, is 1, 1, 1, 1
FAIL: gcc.dg/vmx/varargs-1.c -O3 -fomit-frame-pointer output pattern test, is 1, 1, 1, 1
FAIL: gcc.dg/vmx/varargs-1.c -O3 -fomit-frame-pointer -funroll-loops output pattern test, is 1, 1, 1, 1
FAIL: gcc.dg/vmx/varargs-1.c -O3 -fomit-frame-pointer -funroll-all-loops -finline-functions output pattern test, is 1, 1, 1, 1
FAIL: gcc.dg/vmx/varargs-1.c -O3 -g output pattern test, is 1, 1, 1, 1
FAIL: gcc.dg/vmx/varargs-1.c -Os output pattern test, is 1, 1, 1, 1
FAIL: gcc.misc-tests/bprob-1.c execution: file bprob-1.gcda does not exist, -fprofile-arcs
UNRESOLVED: gcc.misc-tests/bprob-1.c compilation, -fbranch-probabilities
UNRESOLVED: gcc.misc-tests/bprob-1.c execution, -fbranch-probabilities
FAIL: gcc.misc-tests/bprob-2.c execution: file bprob-2.gcda does not exist, -fprofile-arcs
UNRESOLVED: gcc.misc-tests/bprob-2.c compilation, -fbranch-probabilities
UNRESOLVED: gcc.misc-tests/bprob-2.c execution, -fbranch-probabilities
FAIL: gcc.target/powerpc/ppc-fmadd-1.c scan-assembler-not f(add|sub|mul|neg)
=== gcc Summary ===
# of expected passes 41347
# of unexpected failures 24
# of expected failures 111
# of unresolved testcases 28
# of untested testcases 28
# of unsupported tests 402
/temp/gnu_toolchain/build_area/gcc-trunk/obj_gcc-trunk_e300c3/gcc/xgcc version 4.2.0 20060809 (experimental)
Host is x86_64-unknown-linux-gnu
=== g++ tests ===
Running target e300c3_ssh
FAIL: g++.dg/bprob/g++-bprob-1.C execution: file g++-bprob-1.gcda does not exist, -g -fprofile-arcs
UNRESOLVED: g++.dg/bprob/g++-bprob-1.C compilation, -g -fbranch-probabilities
UNRESOLVED: g++.dg/bprob/g++-bprob-1.C execution, -g -fbranch-probabilities
FAIL: g++.dg/bprob/g++-bprob-1.C execution: file g++-bprob-1.gcda does not exist, -O0 -fprofile-arcs
UNRESOLVED: g++.dg/bprob/g++-bprob-1.C compilation, -O0 -fbranch-probabilities
UNRESOLVED: g++.dg/bprob/g++-bprob-1.C execution, -O0 -fbranch-probabilities
FAIL: g++.dg/bprob/g++-bprob-1.C execution: file g++-bprob-1.gcda does not exist, -O1 -fprofile-arcs
UNRESOLVED: g++.dg/bprob/g++-bprob-1.C compilation, -O1 -fbranch-probabilities
UNRESOLVED: g++.dg/bprob/g++-bprob-1.C execution, -O1 -fbranch-probabilities
FAIL: g++.dg/bprob/g++-bprob-1.C execution: file g++-bprob-1.gcda does not exist, -O2 -fprofile-arcs
UNRESOLVED: g++.dg/bprob/g++-bprob-1.C compilation, -O2 -fbranch-probabilities
UNRESOLVED: g++.dg/bprob/g++-bprob-1.C execution, -O2 -fbranch-probabilities
FAIL: g++.dg/bprob/g++-bprob-1.C execution: file g++-bprob-1.gcda does not exist, -O3 -fprofile-arcs
UNRESOLVED: g++.dg/bprob/g++-bprob-1.C compilation, -O3 -fbranch-probabilities
UNRESOLVED: g++.dg/bprob/g++-bprob-1.C execution, -O3 -fbranch-probabilities
FAIL: g++.dg/bprob/g++-bprob-1.C execution: file g++-bprob-1.gcda does not exist, -O3 -g -fprofile-arcs
UNRESOLVED: g++.dg/bprob/g++-bprob-1.C compilation, -O3 -g -fbranch-probabilities
UNRESOLVED: g++.dg/bprob/g++-bprob-1.C execution, -O3 -g -fbranch-probabilities
FAIL: g++.dg/bprob/g++-bprob-1.C execution: file g++-bprob-1.gcda does not exist, -Os -fprofile-arcs
UNRESOLVED: g++.dg/bprob/g++-bprob-1.C compilation, -Os -fbranch-probabilities
UNRESOLVED: g++.dg/bprob/g++-bprob-1.C execution, -Os -fbranch-probabilities
FAIL: g++.dg/bprob/g++-bprob-2.C execution: file g++-bprob-2.gcda does not exist, -g -fprofile-arcs
UNRESOLVED: g++.dg/bprob/g++-bprob-2.C compilation, -g -fbranch-probabilities
UNRESOLVED: g++.dg/bprob/g++-bprob-2.C execution, -g -fbranch-probabilities
FAIL: g++.dg/bprob/g++-bprob-2.C execution: file g++-bprob-2.gcda does not exist, -O0 -fprofile-arcs
UNRESOLVED: g++.dg/bprob/g++-bprob-2.C compilation, -O0 -fbranch-probabilities
UNRESOLVED: g++.dg/bprob/g++-bprob-2.C execution, -O0 -fbranch-probabilities
FAIL: g++.dg/bprob/g++-bprob-2.C execution: file g++-bprob-2.gcda does not exist, -O1 -fprofile-arcs
UNRESOLVED: g++.dg/bprob/g++-bprob-2.C compilation, -O1 -fbranch-probabilities
UNRESOLVED: g++.dg/bprob/g++-bprob-2.C execution, -O1 -fbranch-probabilities
FAIL: g++.dg/bprob/g++-bprob-2.C execution: file g++-bprob-2.gcda does not exist, -O2 -fprofile-arcs
UNRESOLVED: g++.dg/bprob/g++-bprob-2.C compilation, -O2 -fbranch-probabilities
UNRESOLVED: g++.dg/bprob/g++-bprob-2.C execution, -O2 -fbranch-probabilities
FAIL: g++.dg/bprob/g++-bprob-2.C execution: file g++-bprob-2.gcda does not exist, -O3 -fprofile-arcs
UNRESOLVED: g++.dg/bprob/g++-bprob-2.C compilation, -O3 -fbranch-probabilities
UNRESOLVED: g++.dg/bprob/g++-bprob-2.C execution, -O3 -fbranch-probabilities
FAIL: g++.dg/bprob/g++-bprob-2.C execution: file g++-bprob-2.gcda does not exist, -O3 -g -fprofile-arcs
UNRESOLVED: g++.dg/bprob/g++-bprob-2.C compilation, -O3 -g -fbranch-probabilities
UNRESOLVED: g++.dg/bprob/g++-bprob-2.C execution, -O3 -g -fbranch-probabilities
FAIL: g++.dg/bprob/g++-bprob-2.C execution: file g++-bprob-2.gcda does not exist, -Os -fprofile-arcs
UNRESOLVED: g++.dg/bprob/g++-bprob-2.C compilation, -Os -fbranch-probabilities
UNRESOLVED: g++.dg/bprob/g++-bprob-2.C execution, -Os -fbranch-probabilities
WARNING: Could not execute g++.dg/compat/struct-layout-1 generator
FAIL: g++.old-deja/g++.other/comdat5.C (test for excess errors)
=== g++ Summary ===
# of expected passes 12776
# of unexpected failures 15
# of expected failures 66
# of unresolved testcases 28
# of unsupported tests 114
/temp/gnu_toolchain/build_area/gcc-trunk/obj_gcc-trunk_e300c3/gcc/testsuite/g++/../../g++ version 4.2.0 20060809 (experimental)
Compiler version: 4.2.0 20060809 (experimental)
Platform: powerpc-unknown-linux-gnu
configure flags: --prefix=/temp/gnu_toolchain/install_area/gcc-trunk/gcc-trunk-20060809-e300c3 --with-local-prefix=/temp/gnu_toolchain/install_area/gcc-trunk/gcc-trunk-20060809-e300c3 --enable-threads --target=powerpc-unknown-linux-gnu --disable-linux-futex --with-cpu=e300c3 --enable-languages=c,c++
More information about the Gcc-testresults
mailing list