Results for 4.1.2 20060808 (prerelease) testsuite on sparc-sun-solaris2.10
Kaveh R. Ghazi
ghazi@caipclassic.rutgers.edu
Thu Aug 10 00:25:00 GMT 2006
LAST_UPDATED:
Native configuration is sparc-sun-solaris2.10
=== g++ tests ===
Running target unix/-m64
FAIL: g++.dg/debug/debug9.C -gdwarf-21 (test for excess errors)
FAIL: g++.dg/debug/debug9.C -gdwarf-21 -O2 (test for excess errors)
FAIL: g++.dg/debug/debug9.C -gdwarf-21 -O3 (test for excess errors)
WARNING: g++.dg/other/ucnid-1.C compilation failed to produce executable
XPASS: g++.dg/tree-ssa/pr14814.C scan-tree-dump-times &this 0
=== g++ Summary for unix/-m64 ===
# of expected passes 12110
# of unexpected failures 3
# of unexpected successes 1
# of expected failures 68
# of unsupported tests 135
Running target unix/-fPIC
FAIL: g++.dg/debug/debug9.C -gdwarf-21 (test for excess errors)
FAIL: g++.dg/debug/debug9.C -gdwarf-21 -O2 (test for excess errors)
FAIL: g++.dg/debug/debug9.C -gdwarf-21 -O3 (test for excess errors)
WARNING: g++.dg/other/ucnid-1.C compilation failed to produce executable
XPASS: g++.dg/tree-ssa/pr14814.C scan-tree-dump-times &this 0
=== g++ Summary for unix/-fPIC ===
# of expected passes 12142
# of unexpected failures 3
# of unexpected successes 1
# of expected failures 68
# of unsupported tests 133
Running target unix/-fpic
FAIL: tmpdir-g++.dg-struct-layout-1/t002 cp_compat_x_tst.o-cp_compat_y_tst.o link
UNRESOLVED: tmpdir-g++.dg-struct-layout-1/t002 cp_compat_x_tst.o-cp_compat_y_tst.o execute
FAIL: g++.dg/debug/debug9.C -gdwarf-21 (test for excess errors)
FAIL: g++.dg/debug/debug9.C -gdwarf-21 -O2 (test for excess errors)
FAIL: g++.dg/debug/debug9.C -gdwarf-21 -O3 (test for excess errors)
WARNING: g++.dg/other/ucnid-1.C compilation failed to produce executable
XPASS: g++.dg/tree-ssa/pr14814.C scan-tree-dump-times &this 0
=== g++ Summary for unix/-fpic ===
# of expected passes 12140
# of unexpected failures 4
# of unexpected successes 1
# of expected failures 68
# of unresolved testcases 1
# of unsupported tests 133
Running target unix
FAIL: g++.dg/debug/debug9.C -gdwarf-21 (test for excess errors)
FAIL: g++.dg/debug/debug9.C -gdwarf-21 -O2 (test for excess errors)
FAIL: g++.dg/debug/debug9.C -gdwarf-21 -O3 (test for excess errors)
WARNING: g++.dg/other/ucnid-1.C compilation failed to produce executable
XPASS: g++.dg/tree-ssa/pr14814.C scan-tree-dump-times &this 0
=== g++ Summary for unix ===
# of expected passes 12142
# of unexpected failures 3
# of unexpected successes 1
# of expected failures 68
# of unsupported tests 133
=== g++ Summary ===
# of expected passes 48534
# of unexpected failures 13
# of unexpected successes 4
# of expected failures 272
# of unresolved testcases 1
# of unsupported tests 534
/caip/u12/kishgcc/gcc-testing/gcc-testing/41/build/gcc/testsuite/g++/../../g++ version 4.1.2 20060808 (prerelease)
=== gcc tests ===
Running target unix/-m64
WARNING: gcc.dg/ucnid-2.c compilation failed to produce executable
WARNING: gcc.dg/ucnid-3.c compilation failed to produce executable
WARNING: gcc.dg/ucnid-4.c compilation failed to produce executable
XPASS: gcc.dg/vect/pr20122.c scan-tree-dump-times vectorized 1 loops 2
XPASS: gcc.dg/vect/vect-105.c scan-tree-dump-times vectorized 1 loops 1
XPASS: gcc.dg/vect/vect-75.c scan-tree-dump-times vectorized 1 loops 1
=== gcc Summary for unix/-m64 ===
# of expected passes 37631
# of unexpected successes 3
# of expected failures 111
# of untested testcases 28
# of unsupported tests 385
Running target unix/-fPIC
FAIL: gcc.c-torture/execute/builtins/sprintf-chk.c execution, -O1
FAIL: gcc.c-torture/execute/builtins/sprintf-chk.c execution, -O2
FAIL: gcc.c-torture/execute/builtins/sprintf-chk.c execution, -O3 -fomit-frame-pointer
FAIL: gcc.c-torture/execute/builtins/sprintf-chk.c execution, -O3 -fomit-frame-pointer -funroll-loops
FAIL: gcc.c-torture/execute/builtins/sprintf-chk.c execution, -O3 -fomit-frame-pointer -funroll-all-loops -finline-functions
FAIL: gcc.c-torture/execute/builtins/sprintf-chk.c execution, -O3 -g
FAIL: gcc.c-torture/execute/builtins/sprintf-chk.c execution, -Os
FAIL: gcc.c-torture/execute/builtins/stpcpy-chk.c execution, -O1
FAIL: gcc.c-torture/execute/builtins/stpcpy-chk.c execution, -O2
FAIL: gcc.c-torture/execute/builtins/stpcpy-chk.c execution, -O3 -fomit-frame-pointer
FAIL: gcc.c-torture/execute/builtins/stpcpy-chk.c execution, -O3 -fomit-frame-pointer -funroll-loops
FAIL: gcc.c-torture/execute/builtins/stpcpy-chk.c execution, -O3 -fomit-frame-pointer -funroll-all-loops -finline-functions
FAIL: gcc.c-torture/execute/builtins/stpcpy-chk.c execution, -O3 -g
FAIL: gcc.c-torture/execute/builtins/stpcpy-chk.c execution, -Os
FAIL: gcc.c-torture/execute/builtins/strcpy-chk.c execution, -O1
FAIL: gcc.c-torture/execute/builtins/strcpy-chk.c execution, -O2
FAIL: gcc.c-torture/execute/builtins/strcpy-chk.c execution, -O3 -fomit-frame-pointer
FAIL: gcc.c-torture/execute/builtins/strcpy-chk.c execution, -O3 -fomit-frame-pointer -funroll-loops
FAIL: gcc.c-torture/execute/builtins/strcpy-chk.c execution, -O3 -fomit-frame-pointer -funroll-all-loops -finline-functions
FAIL: gcc.c-torture/execute/builtins/strcpy-chk.c execution, -O3 -g
FAIL: gcc.c-torture/execute/builtins/strcpy-chk.c execution, -Os
FAIL: gcc.dg/assign-warn-3.c (test for warnings, line 9)
FAIL: gcc.dg/assign-warn-3.c (test for warnings, line 13)
WARNING: gcc.dg/ucnid-2.c compilation failed to produce executable
WARNING: gcc.dg/ucnid-3.c compilation failed to produce executable
WARNING: gcc.dg/ucnid-4.c compilation failed to produce executable
FAIL: gcc.dg/torture/asm-subreg-1.c -O1 (test for excess errors)
FAIL: gcc.dg/torture/asm-subreg-1.c -O2 (test for excess errors)
FAIL: gcc.dg/torture/asm-subreg-1.c -O3 -fomit-frame-pointer (test for excess errors)
FAIL: gcc.dg/torture/asm-subreg-1.c -O3 -g (test for excess errors)
FAIL: gcc.dg/torture/asm-subreg-1.c -Os (test for excess errors)
FAIL: gcc.dg/tree-ssa/20030714-1.c scan-tree-dump-times if 4
FAIL: gcc.dg/tree-ssa/20030714-1.c scan-tree-dump-times ->code 2
FAIL: gcc.dg/tree-ssa/wholeprogram-1.c scan-tree-dump-not large_function
XPASS: gcc.dg/vect/pr20122.c scan-tree-dump-times vectorized 1 loops 2
XPASS: gcc.dg/vect/vect-105.c scan-tree-dump-times vectorized 1 loops 1
XPASS: gcc.dg/vect/vect-75.c scan-tree-dump-times vectorized 1 loops 1
=== gcc Summary for unix/-fPIC ===
# of expected passes 37592
# of unexpected failures 31
# of unexpected successes 3
# of expected failures 111
# of untested testcases 28
# of unsupported tests 387
Running target unix/-fpic
FAIL: gcc.c-torture/execute/builtins/sprintf-chk.c execution, -O1
FAIL: gcc.c-torture/execute/builtins/sprintf-chk.c execution, -O2
FAIL: gcc.c-torture/execute/builtins/sprintf-chk.c execution, -O3 -fomit-frame-pointer
FAIL: gcc.c-torture/execute/builtins/sprintf-chk.c execution, -O3 -fomit-frame-pointer -funroll-loops
FAIL: gcc.c-torture/execute/builtins/sprintf-chk.c execution, -O3 -fomit-frame-pointer -funroll-all-loops -finline-functions
FAIL: gcc.c-torture/execute/builtins/sprintf-chk.c execution, -O3 -g
FAIL: gcc.c-torture/execute/builtins/sprintf-chk.c execution, -Os
FAIL: gcc.c-torture/execute/builtins/stpcpy-chk.c execution, -O1
FAIL: gcc.c-torture/execute/builtins/stpcpy-chk.c execution, -O2
FAIL: gcc.c-torture/execute/builtins/stpcpy-chk.c execution, -O3 -fomit-frame-pointer
FAIL: gcc.c-torture/execute/builtins/stpcpy-chk.c execution, -O3 -fomit-frame-pointer -funroll-loops
FAIL: gcc.c-torture/execute/builtins/stpcpy-chk.c execution, -O3 -fomit-frame-pointer -funroll-all-loops -finline-functions
FAIL: gcc.c-torture/execute/builtins/stpcpy-chk.c execution, -O3 -g
FAIL: gcc.c-torture/execute/builtins/stpcpy-chk.c execution, -Os
FAIL: gcc.c-torture/execute/builtins/strcpy-chk.c execution, -O1
FAIL: gcc.c-torture/execute/builtins/strcpy-chk.c execution, -O2
FAIL: gcc.c-torture/execute/builtins/strcpy-chk.c execution, -O3 -fomit-frame-pointer
FAIL: gcc.c-torture/execute/builtins/strcpy-chk.c execution, -O3 -fomit-frame-pointer -funroll-loops
FAIL: gcc.c-torture/execute/builtins/strcpy-chk.c execution, -O3 -fomit-frame-pointer -funroll-all-loops -finline-functions
FAIL: gcc.c-torture/execute/builtins/strcpy-chk.c execution, -O3 -g
FAIL: gcc.c-torture/execute/builtins/strcpy-chk.c execution, -Os
FAIL: tmpdir-gcc.dg-struct-layout-1/t002 c_compat_x_tst.o-c_compat_y_tst.o link
UNRESOLVED: tmpdir-gcc.dg-struct-layout-1/t002 c_compat_x_tst.o-c_compat_y_tst.o execute
FAIL: gcc.dg/assign-warn-3.c (test for warnings, line 9)
FAIL: gcc.dg/assign-warn-3.c (test for warnings, line 13)
WARNING: gcc.dg/ucnid-2.c compilation failed to produce executable
WARNING: gcc.dg/ucnid-3.c compilation failed to produce executable
WARNING: gcc.dg/ucnid-4.c compilation failed to produce executable
FAIL: gcc.dg/tree-ssa/20030714-1.c scan-tree-dump-times if 4
FAIL: gcc.dg/tree-ssa/20030714-1.c scan-tree-dump-times ->code 2
FAIL: gcc.dg/tree-ssa/wholeprogram-1.c scan-tree-dump-not large_function
XPASS: gcc.dg/vect/pr20122.c scan-tree-dump-times vectorized 1 loops 2
XPASS: gcc.dg/vect/vect-105.c scan-tree-dump-times vectorized 1 loops 1
XPASS: gcc.dg/vect/vect-75.c scan-tree-dump-times vectorized 1 loops 1
=== gcc Summary for unix/-fpic ===
# of expected passes 37595
# of unexpected failures 27
# of unexpected successes 3
# of expected failures 111
# of unresolved testcases 1
# of untested testcases 28
# of unsupported tests 387
Running target unix
WARNING: gcc.dg/ucnid-2.c compilation failed to produce executable
WARNING: gcc.dg/ucnid-3.c compilation failed to produce executable
WARNING: gcc.dg/ucnid-4.c compilation failed to produce executable
XPASS: gcc.dg/vect/pr20122.c scan-tree-dump-times vectorized 1 loops 2
XPASS: gcc.dg/vect/vect-105.c scan-tree-dump-times vectorized 1 loops 1
XPASS: gcc.dg/vect/vect-75.c scan-tree-dump-times vectorized 1 loops 1
=== gcc Summary for unix ===
# of expected passes 37638
# of unexpected successes 3
# of expected failures 111
# of untested testcases 28
# of unsupported tests 382
=== gcc Summary ===
# of expected passes 150456
# of unexpected failures 58
# of unexpected successes 12
# of expected failures 444
# of unresolved testcases 1
# of untested testcases 112
# of unsupported tests 1541
/caip/u12/kishgcc/gcc-testing/gcc-testing/41/build/gcc/xgcc version 4.1.2 20060808 (prerelease)
=== gfortran tests ===
Running target unix/-m64
XPASS: gfortran.dg/vect/vect-5.f90 -O scan-tree-dump-times vectorized 2 loops 1
=== gfortran Summary for unix/-m64 ===
# of expected passes 13073
# of unexpected successes 1
# of expected failures 6
# of unsupported tests 31
Running target unix/-fPIC
=== gfortran Summary for unix/-fPIC ===
# of expected passes 13043
# of expected failures 6
# of unsupported tests 47
Running target unix/-fpic
FAIL: gfortran.dg/cray_pointers_2.f90 -O0 (test for excess errors)
WARNING: gfortran.dg/cray_pointers_2.f90 -O0 compilation failed to produce executable
=== gfortran Summary for unix/-fpic ===
# of expected passes 13041
# of unexpected failures 1
# of expected failures 6
# of unsupported tests 47
Running target unix
=== gfortran Summary for unix ===
# of expected passes 13043
# of expected failures 6
# of unsupported tests 47
=== gfortran Summary ===
# of expected passes 52200
# of unexpected failures 1
# of unexpected successes 1
# of expected failures 24
# of unsupported tests 172
/caip/u12/kishgcc/gcc-testing/gcc-testing/41/build/gcc/testsuite/gfortran/../../gfortran version 4.1.2 20060808 (prerelease)
=== obj-c++ tests ===
Running target unix/-m64
FAIL: obj-c++.dg/bitfield-1.mm (test for excess errors)
FAIL: obj-c++.dg/bitfield-4.mm (test for excess errors)
FAIL: obj-c++.dg/cxx-ivars-2.mm execution test
FAIL: obj-c++.dg/encode-3.mm execution test
FAIL: obj-c++.dg/encode-8.mm execution test
FAIL: obj-c++.dg/isa-field-1.mm (test for excess errors)
FAIL: obj-c++.dg/layout-1.mm (test for excess errors)
FAIL: obj-c++.dg/lookup-2.mm (test for excess errors)
WARNING: obj-c++.dg/lookup-2.mm compilation failed to produce executable
FAIL: obj-c++.dg/try-catch-2.mm (test for excess errors)
WARNING: obj-c++.dg/try-catch-2.mm compilation failed to produce executable
FAIL: obj-c++.dg/try-catch-9.mm (test for excess errors)
WARNING: obj-c++.dg/try-catch-9.mm compilation failed to produce executable
=== obj-c++ Summary for unix/-m64 ===
# of expected passes 419
# of unexpected failures 10
# of unsupported tests 13
Running target unix/-fPIC
FAIL: obj-c++.dg/cxx-ivars-2.mm execution test
FAIL: obj-c++.dg/encode-8.mm execution test
FAIL: obj-c++.dg/isa-field-1.mm (test for excess errors)
FAIL: obj-c++.dg/lookup-2.mm (test for excess errors)
WARNING: obj-c++.dg/lookup-2.mm compilation failed to produce executable
FAIL: obj-c++.dg/try-catch-2.mm (test for excess errors)
WARNING: obj-c++.dg/try-catch-2.mm compilation failed to produce executable
FAIL: obj-c++.dg/try-catch-9.mm (test for excess errors)
WARNING: obj-c++.dg/try-catch-9.mm compilation failed to produce executable
=== obj-c++ Summary for unix/-fPIC ===
# of expected passes 423
# of unexpected failures 6
# of unsupported tests 13
Running target unix/-fpic
FAIL: obj-c++.dg/cxx-ivars-2.mm execution test
FAIL: obj-c++.dg/encode-8.mm execution test
FAIL: obj-c++.dg/isa-field-1.mm (test for excess errors)
FAIL: obj-c++.dg/lookup-2.mm (test for excess errors)
WARNING: obj-c++.dg/lookup-2.mm compilation failed to produce executable
FAIL: obj-c++.dg/try-catch-2.mm (test for excess errors)
WARNING: obj-c++.dg/try-catch-2.mm compilation failed to produce executable
FAIL: obj-c++.dg/try-catch-9.mm (test for excess errors)
WARNING: obj-c++.dg/try-catch-9.mm compilation failed to produce executable
=== obj-c++ Summary for unix/-fpic ===
# of expected passes 423
# of unexpected failures 6
# of unsupported tests 13
Running target unix
FAIL: obj-c++.dg/cxx-ivars-2.mm execution test
FAIL: obj-c++.dg/encode-8.mm execution test
FAIL: obj-c++.dg/isa-field-1.mm (test for excess errors)
FAIL: obj-c++.dg/lookup-2.mm (test for excess errors)
WARNING: obj-c++.dg/lookup-2.mm compilation failed to produce executable
FAIL: obj-c++.dg/try-catch-2.mm (test for excess errors)
WARNING: obj-c++.dg/try-catch-2.mm compilation failed to produce executable
FAIL: obj-c++.dg/try-catch-9.mm (test for excess errors)
WARNING: obj-c++.dg/try-catch-9.mm compilation failed to produce executable
=== obj-c++ Summary for unix ===
# of expected passes 423
# of unexpected failures 6
# of unsupported tests 13
=== obj-c++ Summary ===
# of expected passes 1688
# of unexpected failures 28
# of unsupported tests 52
/caip/u12/kishgcc/gcc-testing/gcc-testing/41/build/gcc/testsuite/obj-c++/../../g++ version 4.1.2 20060808 (prerelease)
=== objc tests ===
Running target unix/-m64
=== objc Summary for unix/-m64 ===
# of expected passes 1686
# of unsupported tests 22
Running target unix/-fPIC
=== objc Summary for unix/-fPIC ===
# of expected passes 1686
# of unsupported tests 22
Running target unix/-fpic
=== objc Summary for unix/-fpic ===
# of expected passes 1686
# of unsupported tests 22
Running target unix
=== objc Summary for unix ===
# of expected passes 1686
# of unsupported tests 22
=== objc Summary ===
# of expected passes 6744
# of unsupported tests 88
/caip/u12/kishgcc/gcc-testing/gcc-testing/41/build/gcc/xgcc version 4.1.2 20060808 (prerelease)
=== treelang tests ===
Running target unix/-m64
=== treelang Summary for unix/-m64 ===
# of expected passes 50
Running target unix/-fPIC
=== treelang Summary for unix/-fPIC ===
# of expected passes 50
Running target unix/-fpic
=== treelang Summary for unix/-fpic ===
# of expected passes 50
Running target unix
=== treelang Summary for unix ===
# of expected passes 50
=== treelang Summary ===
# of expected passes 200
=== libffi tests ===
Running target unix/-m64
=== libffi Summary for unix/-m64 ===
# of expected passes 228
# of unsupported tests 2
Running target unix/-fPIC
=== libffi Summary for unix/-fPIC ===
# of expected passes 228
# of unsupported tests 2
Running target unix/-fpic
=== libffi Summary for unix/-fpic ===
# of expected passes 228
# of unsupported tests 2
Running target unix
=== libffi Summary for unix ===
# of expected passes 228
# of unsupported tests 2
=== libffi Summary ===
# of expected passes 912
# of unsupported tests 8
=== libjava tests ===
Running target unix/-m64
FAIL: Array_3 execution - gij test
FAIL: Array_3 execution - gij test
FAIL: Class_1 execution - source compiled test
FAIL: Class_1 execution - bytecode->native test
FAIL: Class_1 -O3 execution - source compiled test
FAIL: Class_1 -O3 execution - bytecode->native test
FAIL: ExtraClassLoader output - source compiled test
FAIL: ExtraClassLoader output - gij test
FAIL: ExtraClassLoader output - bytecode->native test
FAIL: ExtraClassLoader -O3 output - source compiled test
FAIL: ExtraClassLoader output - gij test
FAIL: ExtraClassLoader -O3 output - bytecode->native test
FAIL: FileHandleGcTest execution - source compiled test
FAIL: FileHandleGcTest execution - gij test
FAIL: FileHandleGcTest execution - bytecode->native test
FAIL: FileHandleGcTest -O3 execution - source compiled test
FAIL: FileHandleGcTest execution - gij test
FAIL: FileHandleGcTest -O3 execution - bytecode->native test
FAIL: InvokeInterface execution - bytecode->native test
FAIL: InvokeInterface -O3 execution - bytecode->native test
FAIL: PR12416 execution - bytecode->native test
FAIL: PR12416 -O3 execution - bytecode->native test
FAIL: PR260 execution - bytecode->native test
FAIL: PR260 -O3 execution - bytecode->native test
FAIL: SyncTest execution - bytecode->native test
FAIL: SyncTest -O3 execution - bytecode->native test
FAIL: Throw_2 execution - gij test
FAIL: Throw_2 execution - gij test
FAIL: invokethrow execution - bytecode->native test
FAIL: invokethrow -O3 execution - bytecode->native test
FAIL: pr179 execution - bytecode->native test
FAIL: pr179 -O3 execution - bytecode->native test
FAIL: pr8415 execution - bytecode->native test
FAIL: pr8415 -O3 execution - bytecode->native test
FAIL: stringconst2 output - source compiled test
FAIL: stringconst2 output - bytecode->native test
FAIL: stringconst2 -O3 output - source compiled test
FAIL: stringconst2 -O3 output - bytecode->native test
FAIL: pr21115 run
=== libjava Summary for unix/-m64 ===
# of expected passes 3993
# of unexpected failures 39
# of expected failures 10
# of untested testcases 37
Running target unix/-fPIC
FAIL: Array_3 execution - gij test
FAIL: Array_3 execution - gij test
FAIL: Class_1 execution - source compiled test
FAIL: Class_1 execution - bytecode->native test
FAIL: Class_1 -O3 execution - source compiled test
FAIL: Class_1 -O3 execution - bytecode->native test
FAIL: ExtraClassLoader output - source compiled test
FAIL: ExtraClassLoader output - gij test
FAIL: ExtraClassLoader output - bytecode->native test
FAIL: ExtraClassLoader -O3 output - source compiled test
FAIL: ExtraClassLoader output - gij test
FAIL: ExtraClassLoader -O3 output - bytecode->native test
FAIL: FileHandleGcTest execution - source compiled test
FAIL: FileHandleGcTest execution - gij test
FAIL: FileHandleGcTest execution - bytecode->native test
FAIL: FileHandleGcTest -O3 execution - source compiled test
FAIL: FileHandleGcTest execution - gij test
FAIL: FileHandleGcTest -O3 execution - bytecode->native test
FAIL: InvokeInterface execution - bytecode->native test
FAIL: InvokeInterface -O3 execution - bytecode->native test
FAIL: PR12416 execution - bytecode->native test
FAIL: PR12416 -O3 execution - bytecode->native test
FAIL: PR260 execution - bytecode->native test
FAIL: PR260 -O3 execution - bytecode->native test
FAIL: SyncTest execution - bytecode->native test
FAIL: SyncTest -O3 execution - bytecode->native test
FAIL: invokethrow execution - bytecode->native test
FAIL: invokethrow -O3 execution - bytecode->native test
FAIL: pr179 execution - bytecode->native test
FAIL: pr179 -O3 execution - bytecode->native test
FAIL: pr8415 execution - bytecode->native test
FAIL: pr8415 -O3 execution - bytecode->native test
FAIL: stringconst2 output - source compiled test
FAIL: stringconst2 output - bytecode->native test
FAIL: stringconst2 -O3 output - source compiled test
FAIL: stringconst2 -O3 output - bytecode->native test
FAIL: pr21115 run
=== libjava Summary for unix/-fPIC ===
# of expected passes 3997
# of unexpected failures 37
# of expected failures 10
# of untested testcases 35
Running target unix/-fpic
FAIL: Array_3 execution - gij test
FAIL: Array_3 execution - gij test
FAIL: Class_1 execution - source compiled test
FAIL: Class_1 execution - bytecode->native test
FAIL: Class_1 -O3 execution - source compiled test
FAIL: Class_1 -O3 execution - bytecode->native test
FAIL: ExtraClassLoader output - source compiled test
FAIL: ExtraClassLoader output - gij test
FAIL: ExtraClassLoader output - bytecode->native test
FAIL: ExtraClassLoader -O3 output - source compiled test
FAIL: ExtraClassLoader output - gij test
FAIL: ExtraClassLoader -O3 output - bytecode->native test
FAIL: FileHandleGcTest execution - source compiled test
FAIL: FileHandleGcTest execution - gij test
FAIL: FileHandleGcTest execution - bytecode->native test
FAIL: FileHandleGcTest -O3 execution - source compiled test
FAIL: FileHandleGcTest execution - gij test
FAIL: FileHandleGcTest -O3 execution - bytecode->native test
FAIL: InvokeInterface execution - bytecode->native test
FAIL: InvokeInterface -O3 execution - bytecode->native test
FAIL: PR12416 execution - bytecode->native test
FAIL: PR12416 -O3 execution - bytecode->native test
FAIL: PR260 execution - bytecode->native test
FAIL: PR260 -O3 execution - bytecode->native test
FAIL: SyncTest execution - bytecode->native test
FAIL: SyncTest -O3 execution - bytecode->native test
FAIL: invokethrow execution - bytecode->native test
FAIL: invokethrow -O3 execution - bytecode->native test
FAIL: pr179 execution - bytecode->native test
FAIL: pr179 -O3 execution - bytecode->native test
FAIL: pr8415 execution - bytecode->native test
FAIL: pr8415 -O3 execution - bytecode->native test
FAIL: stringconst2 output - source compiled test
FAIL: stringconst2 output - bytecode->native test
FAIL: stringconst2 -O3 output - source compiled test
FAIL: stringconst2 -O3 output - bytecode->native test
FAIL: pr21115 run
=== libjava Summary for unix/-fpic ===
# of expected passes 3997
# of unexpected failures 37
# of expected failures 10
# of untested testcases 35
Running target unix
FAIL: Array_3 execution - gij test
FAIL: Array_3 execution - gij test
FAIL: Class_1 execution - source compiled test
FAIL: Class_1 execution - bytecode->native test
FAIL: Class_1 -O3 execution - source compiled test
FAIL: Class_1 -O3 execution - bytecode->native test
FAIL: ExtraClassLoader output - source compiled test
FAIL: ExtraClassLoader output - gij test
FAIL: ExtraClassLoader output - bytecode->native test
FAIL: ExtraClassLoader -O3 output - source compiled test
FAIL: ExtraClassLoader output - gij test
FAIL: ExtraClassLoader -O3 output - bytecode->native test
FAIL: FileHandleGcTest execution - source compiled test
FAIL: FileHandleGcTest execution - gij test
FAIL: FileHandleGcTest execution - bytecode->native test
FAIL: FileHandleGcTest -O3 execution - source compiled test
FAIL: FileHandleGcTest execution - gij test
FAIL: FileHandleGcTest -O3 execution - bytecode->native test
FAIL: InvokeInterface execution - bytecode->native test
FAIL: InvokeInterface -O3 execution - bytecode->native test
FAIL: PR12416 execution - bytecode->native test
FAIL: PR12416 -O3 execution - bytecode->native test
FAIL: PR260 execution - bytecode->native test
FAIL: PR260 -O3 execution - bytecode->native test
FAIL: SyncTest execution - bytecode->native test
FAIL: SyncTest -O3 execution - bytecode->native test
FAIL: invokethrow execution - bytecode->native test
FAIL: invokethrow -O3 execution - bytecode->native test
FAIL: pr179 execution - bytecode->native test
FAIL: pr179 -O3 execution - bytecode->native test
FAIL: pr8415 execution - bytecode->native test
FAIL: pr8415 -O3 execution - bytecode->native test
FAIL: stringconst2 output - source compiled test
FAIL: stringconst2 output - bytecode->native test
FAIL: stringconst2 -O3 output - source compiled test
FAIL: stringconst2 -O3 output - bytecode->native test
FAIL: pr21115 run
=== libjava Summary for unix ===
# of expected passes 3997
# of unexpected failures 37
# of expected failures 10
# of untested testcases 35
=== libjava Summary ===
# of expected passes 15984
# of unexpected failures 150
# of expected failures 40
# of untested testcases 142
=== libstdc++ tests ===
Running target unix/-m64
FAIL: 22_locale/num_put/put/wchar_t/14220.cc execution test
XPASS: 27_io/basic_istream/extractors_arithmetic/char/12.cc execution test
XPASS: 27_io/basic_istream/extractors_arithmetic/wchar_t/12.cc execution test
XPASS: 27_io/fpos/14320-1.cc execution test
=== libstdc++ Summary for unix/-m64 ===
# of expected passes 3397
# of unexpected failures 1
# of unexpected successes 3
# of expected failures 11
# of unsupported tests 321
Running target unix/-fPIC
XPASS: 27_io/basic_istream/extractors_arithmetic/char/12.cc execution test
XPASS: 27_io/basic_istream/extractors_arithmetic/wchar_t/12.cc execution test
=== libstdc++ Summary for unix/-fPIC ===
# of expected passes 3398
# of unexpected successes 2
# of expected failures 12
# of unsupported tests 321
Running target unix/-fpic
XPASS: 27_io/basic_istream/extractors_arithmetic/char/12.cc execution test
XPASS: 27_io/basic_istream/extractors_arithmetic/wchar_t/12.cc execution test
=== libstdc++ Summary for unix/-fpic ===
# of expected passes 3398
# of unexpected successes 2
# of expected failures 12
# of unsupported tests 321
Running target unix
XPASS: 27_io/basic_istream/extractors_arithmetic/char/12.cc execution test
XPASS: 27_io/basic_istream/extractors_arithmetic/wchar_t/12.cc execution test
=== libstdc++ Summary for unix ===
# of expected passes 3398
# of unexpected successes 2
# of expected failures 12
# of unsupported tests 321
=== libstdc++ Summary ===
# of expected passes 13591
# of unexpected failures 1
# of unexpected successes 9
# of expected failures 47
# of unsupported tests 1284
Compiler version: 4.1.2 20060808 (prerelease)
Platform: sparc-sun-solaris2.10
configure flags: --verbose --with-local-prefix=/tmp/local --without-libiconv-prefix --with-mpfr=/caip/u12/kishgcc/gcc-testing/_gmp --enable-languages=c,c++,fortran,java,objc,obj-c++,treelang
More information about the Gcc-testresults
mailing list