Results for 4.2.0 20060807 (experimental) testsuite on hppa2.0w-hp-hpux11.11
CodeSourcery Automatic Testing System
gcc@codesourcery.com
Mon Aug 7 18:57:00 GMT 2006
LAST_UPDATED: Mon Aug 7 07:16:47 UTC 2006 (/trunk revision 115990)
Native configuration is hppa2.0w-hp-hpux11.11
=== g++ tests ===
Running target unix
=== g++ Summary ===
# of expected passes 12355
# of expected failures 71
# of unsupported tests 178
/scratch/gcc/nightly-2006-08-07-mainline/hppa2.0w-hp-hpux11.11/build_gcc/install/bin/c++ version 4.2.0 20060807 (experimental)
=== gcc tests ===
Running target unix
WARNING: program timed out.
FAIL: gcc.c-torture/compile/20001226-1.c -O2 (test for excess errors)
WARNING: program timed out.
FAIL: gcc.c-torture/compile/20001226-1.c -O3 -fomit-frame-pointer (test for excess errors)
WARNING: program timed out.
FAIL: gcc.c-torture/compile/20001226-1.c -O3 -g (test for excess errors)
WARNING: program timed out.
FAIL: gcc.c-torture/compile/20001226-1.c -Os (test for excess errors)
=== gcc Summary ===
# of expected passes 38777
# of unexpected failures 4
# of expected failures 81
# of untested testcases 28
# of unsupported tests 483
/scratch/gcc/nightly-2006-08-07-mainline/hppa2.0w-hp-hpux11.11/build_gcc/install/bin/gcc version 4.2.0 20060807 (experimental)
=== libstdc++ tests ===
Running target unix
FAIL: 26_numerics/cmath/c99_classification_macros_c.cc (test for excess errors)
=== libstdc++ Summary ===
# of expected passes 3674
# of unexpected failures 1
# of expected failures 13
# of unsupported tests 329
Compiler version: 4.2.0 20060807 (experimental)
Platform: hppa2.0w-hp-hpux11.11
configure flags: --disable-nls --build=hppa2.0w-hp-hpux11.11 --host=hppa2.0w-hp-hpux11.11 --target=hppa2.0w-hp-hpux11.11 --enable-languages=c,c++ --enable-shared --enable-threads --disable-libmudflap --disable-libssp --disable-libgomp --disable-libstdcxx-pch --with-gnu-as --with-as=/scratch/gcc/nightly-2006-08-07-mainline/hppa2.0w-hp-hpux11.11/build_gcc/install/bin/as --without-gnu-ld --with-ld=/usr/ccs/bin/ld --prefix=/scratch/gcc/nightly-2006-08-07-mainline/hppa2.0w-hp-hpux11.11/build_gcc/install
More information about the Gcc-testresults
mailing list