Results for 4.2.0 20060805 (experimental) testsuite on i686-pc-cygwin
Tim Prince
timothyprince@sbcglobal.net
Sun Aug 6 19:22:00 GMT 2006
LAST_UPDATED: Obtained from SVN: trunk revision 115951
Native configuration is i686-pc-cygwin
=== g++ tests ===
Running target unix
FAIL: g++.dg/abi/local1.C execution test
FAIL: g++.dg/abi/rtti1.C scan-assembler-dem-not \\ntypeinfo for A[: \\t\\n]
FAIL: g++.dg/abi/thunk4.C scan-assembler .weak[ \\t]_?_ZThn._N7Derived3FooEv
FAIL: g++.dg/eh/crossjump1.C (test for excess errors)
WARNING: g++.dg/eh/crossjump1.C compilation failed to produce executable
FAIL: g++.dg/ext/dllimport7.C C++ specific error (test for errors, line 24)
FAIL: g++.dg/ext/visibility/class1.C scan-assembler InitEv@PLT
FAIL: g++.dg/ext/visibility/class1.C scan-assembler InitEv@PLT
FAIL: g++.dg/opt/complex3.C (internal compiler error)
FAIL: g++.dg/opt/complex3.C (test for excess errors)
FAIL: g++.dg/opt/vt1.C scan-assembler-not
section[^\\n\\r]*_ZTV1S[^\\n\\r]*"[^w"\\n\\r]*"
FAIL: g++.dg/other/unused1.C scan-assembler stringz?\\t"class2"
FAIL: g++.dg/other/unused1.C scan-assembler stringz?\\t"printer"
FAIL: g++.dg/pch/externc-1.C -g assembly comparison
FAIL: g++.dg/pch/externc-1.C -O2 -g assembly comparison
FAIL: g++.dg/pch/static-1.C -g assembly comparison
FAIL: g++.dg/pch/static-1.C -O2 -g assembly comparison
FAIL: g++.dg/pch/system-1.C -g assembly comparison
FAIL: g++.dg/pch/system-1.C -O2 -g assembly comparison
FAIL: g++.dg/pch/system-2.C -g assembly comparison
FAIL: g++.dg/pch/system-2.C -O2 -g assembly comparison
FAIL: g++.dg/pch/uninst.C -g assembly comparison
FAIL: g++.dg/pch/uninst.C -O2 -g assembly comparison
FAIL: g++.dg/pch/wchar-1.C -g assembly comparison
FAIL: g++.dg/pch/wchar-1.C -O2 -g assembly comparison
FAIL: g++.old-deja/g++.eh/badalloc1.C execution test
XPASS: g++.old-deja/g++.ext/attrib5.C execution test
FAIL: g++.old-deja/g++.other/init18.C execution test
FAIL: g++.old-deja/g++.other/init19.C execution test
FAIL: g++.old-deja/g++.other/init5.C execution test
=== g++ Summary ===
# of expected passes 13095
# of unexpected failures 28
# of unexpected successes 1
# of expected failures 68
# of unsupported tests 162
/cygdrive/c/gnu/gcc-4.2-20060729/xp/gcc/testsuite/g++/../../g++ version
4.2.0 20060805 (experimental)
=== gcc tests ===
Running target unix
FAIL: gcc.c-torture/compile/20001226-1.c (test for excess errors)
FAIL: largefile.c (test for excess errors)
FAIL: largefile.c (test for excess errors)
FAIL: largefile.c (test for excess errors)
FAIL: largefile.c (test for excess errors)
FAIL: largefile.c (test for excess errors)
FAIL: largefile.c (test for excess errors)
FAIL: largefile.c (test for excess errors)
FAIL: gcc.dg/tree-ssa/loop-1.c scan-assembler-times foo 5
FAIL: compiler driver --coverage option(s) (compiler options)
FAIL: gcc.target/i386/pic-1.c (test for errors, line 10)
=== gcc Summary ===
# of expected passes 42325
# of unexpected failures 11
# of expected failures 111
# of untested testcases 35
# of unsupported tests 345
/cygdrive/c/gnu/gcc-4.2-20060729/xp/gcc/xgcc version 4.2.0 20060805
(experimental)
=== gfortran tests ===
Running target unix
FAIL: gfortran.dg/direct_io_6.f90 execution test
FAIL: gfortran.dg/direct_io_6.f90 execution test
FAIL: gfortran.dg/direct_io_6.f90 execution test
FAIL: gfortran.dg/direct_io_6.f90 execution test
FAIL: gfortran.dg/direct_io_6.f90 execution test
FAIL: gfortran.dg/direct_io_6.f90 execution test
FAIL: gfortran.dg/direct_io_6.f90 execution test
FAIL: gfortran.dg/direct_io_6.f90 execution test
=== gfortran Summary ===
# of expected passes 13747
# of unexpected failures 8
# of expected failures 7
# of unsupported tests 86
/cygdrive/c/gnu/gcc-4.2-20060729/xp/gcc/testsuite/gfortran/../../gfortran
version 4.2.0 20060805 (experimental)
Compiler version: 4.2.0 20060805 (experimental)
Platform: i686-pc-cygwin
configure flags: '--enable-languages=fortran objc treelang c c++'
--enable-threads=posix --enable-sjlj-exceptions --disable-libmudflap
--disable-shared --enable-maintainer-mode --prefix=/usr/local/gcc42
--enable-bootstrap --enable-languages=c,c++,fortran,objc,treelang
More information about the Gcc-testresults
mailing list