Results for 4.2.0 20060728 (experimental) testsuite on hppa2.0w-hp-hpux11.00
John David Anglin
dave@hiauly2.hia.nrc.ca
Thu Aug 3 18:37:00 GMT 2006
LAST_UPDATED: Fri Jul 28 15:11:33 UTC 2006 (revision 115793M)
=== acats tests ===
FAIL: c35507m
Native configuration is hppa2.0w-hp-hpux11.00
=== g++ tests ===
Running target unix
FAIL: g++.dg/eh/spbp.C (test for excess errors)
WARNING: g++.dg/eh/spbp.C compilation failed to produce executable
FAIL: g++.dg/other/unused1.C scan-assembler stringz?\\t"class2"
FAIL: g++.dg/other/unused1.C scan-assembler stringz?\\t"printer"
=== g++ Summary ===
# of expected passes 12283
# of unexpected failures 3
# of expected failures 70
# of unsupported tests 176
/home/gnu/gcc/objdir/gcc/testsuite/g++/../../g++ version 4.2.0 20060728 (experimental)
=== gcc tests ===
Running target unix
WARNING: program timed out.
FAIL: gcc.c-torture/compile/20001226-1.c -O1 (test for excess errors)
WARNING: program timed out.
FAIL: gcc.c-torture/compile/20001226-1.c -O2 (test for excess errors)
WARNING: program timed out.
FAIL: gcc.c-torture/compile/20001226-1.c -O3 -fomit-frame-pointer (test for excess errors)
WARNING: program timed out.
FAIL: gcc.c-torture/compile/20001226-1.c -O3 -g (test for excess errors)
WARNING: program timed out.
FAIL: gcc.c-torture/compile/20001226-1.c -Os (test for excess errors)
FAIL: gcc.c-torture/execute/builtin-bitops-1.c execution, -O3 -fomit-frame-pointer -funroll-loops
FAIL: gcc.c-torture/execute/builtin-bitops-1.c execution, -O3 -fomit-frame-pointer -funroll-all-loops -finline-functions
XPASS: gcc.dg/cpp/cmdlne-dI-M.c scan-file (^|\\\\n)cmdlne-dI-M.*:[^\\\\n]*cmdlne-dI-M.c
XPASS: gcc.dg/cpp/cmdlne-dM-M.c scan-file (^|\\\\n)cmdlne-dM-M[^\\\\n]*:[^\\\\n]*cmdlne-dM-M.c
FAIL: gcc.dg/tree-prof/inliner-1.c compilation, -fprofile-use (internal compiler error)
UNRESOLVED: gcc.dg/tree-prof/inliner-1.c execution, -fprofile-use
FAIL: gcc.dg/tree-prof/val-prof-1.c compilation, -fprofile-use (internal compiler error)
UNRESOLVED: gcc.dg/tree-prof/val-prof-1.c execution, -fprofile-use
FAIL: gcc.dg/tree-prof/val-prof-2.c compilation, -fprofile-use (internal compiler error)
UNRESOLVED: gcc.dg/tree-prof/val-prof-2.c execution, -fprofile-use
FAIL: gcc.dg/tree-prof/val-prof-3.c compilation, -fprofile-use (internal compiler error)
UNRESOLVED: gcc.dg/tree-prof/val-prof-3.c execution, -fprofile-use
FAIL: gcc.dg/tree-prof/val-prof-4.c compilation, -fprofile-use (internal compiler error)
UNRESOLVED: gcc.dg/tree-prof/val-prof-4.c execution, -fprofile-use
FAIL: gcc.dg/tree-prof/val-prof-5.c compilation, -fprofile-use (internal compiler error)
UNRESOLVED: gcc.dg/tree-prof/val-prof-5.c execution, -fprofile-use
=== gcc Summary ===
# of expected passes 38716
# of unexpected failures 13
# of unexpected successes 2
# of expected failures 79
# of unresolved testcases 6
# of untested testcases 28
# of unsupported tests 481
/home/gnu/gcc/objdir/gcc/xgcc version 4.2.0 20060728 (experimental)
=== gfortran tests ===
Running target unix
FAIL: gfortran.dg/direct_io_6.f90 -O0 execution test
FAIL: gfortran.dg/direct_io_6.f90 -O1 execution test
FAIL: gfortran.dg/direct_io_6.f90 -O2 execution test
FAIL: gfortran.dg/direct_io_6.f90 -O3 -fomit-frame-pointer execution test
FAIL: gfortran.dg/direct_io_6.f90 -O3 -fomit-frame-pointer -funroll-loops execution test
FAIL: gfortran.dg/direct_io_6.f90 -O3 -fomit-frame-pointer -funroll-all-loops -finline-functions execution test
FAIL: gfortran.dg/direct_io_6.f90 -O3 -g execution test
FAIL: gfortran.dg/direct_io_6.f90 -Os execution test
FAIL: gfortran.dg/secnds.f -O0 execution test
=== gfortran Summary ===
# of expected passes 13615
# of unexpected failures 9
# of expected failures 6
# of unsupported tests 97
/home/gnu/gcc/objdir/gcc/testsuite/gfortran/../../gfortran version 4.2.0 20060728 (experimental)
=== gnat tests ===
Running target unix
=== gnat Summary ===
# of expected passes 20
=== obj-c++ tests ===
Running target unix
FAIL: obj-c++.dg/bitfield-1.mm (internal compiler error)
FAIL: obj-c++.dg/bitfield-1.mm (test for excess errors)
WARNING: obj-c++.dg/bitfield-1.mm compilation failed to produce executable
FAIL: obj-c++.dg/comp-types-10.mm (internal compiler error)
FAIL: obj-c++.dg/comp-types-10.mm (test for excess errors)
FAIL: obj-c++.dg/cxx-ivars-2.mm execution test
FAIL: obj-c++.dg/dwarf-2.mm (test for excess errors)
ERROR: obj-c++.dg/dwarf-2.mm: error executing dg-final: couldn't open "dwarf-2.s": no such file or directory
UNRESOLVED: obj-c++.dg/dwarf-2.mm: error executing dg-final: couldn't open "dwarf-2.s": no such file or directory
FAIL: obj-c++.dg/encode-3.mm (test for excess errors)
FAIL: obj-c++.dg/encode-8.mm execution test
FAIL: obj-c++.dg/isa-field-1.mm (test for excess errors)
FAIL: obj-c++.dg/lookup-2.mm (test for excess errors)
WARNING: obj-c++.dg/lookup-2.mm compilation failed to produce executable
FAIL: obj-c++.dg/try-catch-2.mm (test for excess errors)
WARNING: obj-c++.dg/try-catch-2.mm compilation failed to produce executable
FAIL: obj-c++.dg/try-catch-9.mm (internal compiler error)
FAIL: obj-c++.dg/try-catch-9.mm (test for excess errors)
WARNING: obj-c++.dg/try-catch-9.mm compilation failed to produce executable
=== obj-c++ Summary ===
# of expected passes 423
# of unexpected failures 13
# of unresolved testcases 1
# of unsupported tests 13
/home/gnu/gcc/objdir/gcc/testsuite/obj-c++/../../g++ version 4.2.0 20060728 (experimental)
=== objc tests ===
Running target unix
FAIL: objc.dg/dwarf-1.m (test for excess errors)
ERROR: objc.dg/dwarf-1.m: error executing dg-final: couldn't open "dwarf-1.s": no such file or directory
UNRESOLVED: objc.dg/dwarf-1.m: error executing dg-final: couldn't open "dwarf-1.s": no such file or directory
FAIL: objc.dg/dwarf-2.m (test for excess errors)
ERROR: objc.dg/dwarf-2.m: error executing dg-final: couldn't open "dwarf-2.s": no such file or directory
UNRESOLVED: objc.dg/dwarf-2.m: error executing dg-final: couldn't open "dwarf-2.s": no such file or directory
=== objc Summary ===
# of expected passes 1748
# of unexpected failures 2
# of expected failures 7
# of unresolved testcases 2
# of unsupported tests 25
/home/gnu/gcc/objdir/gcc/xgcc version 4.2.0 20060728 (experimental)
=== libffi tests ===
Running target unix
=== libffi Summary ===
# of expected passes 1084
# of unsupported tests 8
=== libgomp tests ===
Running target unix
FAIL: libgomp.fortran/vla6.f90 -O0 execution test
=== libgomp Summary ===
# of expected passes 1265
# of unexpected failures 1
# of unsupported tests 118
=== libjava tests ===
Running target unix
FAIL: LargeFile execution - source compiled test
FAIL: LargeFile execution - gij test
FAIL: LargeFile execution - bytecode->native test
FAIL: LargeFile execution - gij test
FAIL: LargeFile -findirect-dispatch execution - bytecode->native test
FAIL: LargeFile -O3 execution - source compiled test
FAIL: LargeFile execution - gij test
FAIL: LargeFile -O3 execution - bytecode->native test
FAIL: LargeFile execution - gij test
FAIL: LargeFile -O3 -findirect-dispatch execution - bytecode->native test
FAIL: PR18699 execution - source compiled test
FAIL: PR18699 execution - gij test
FAIL: PR18699 execution - bytecode->native test
FAIL: PR18699 execution - gij test
FAIL: PR18699 -findirect-dispatch execution - bytecode->native test
FAIL: PR18699 -O3 execution - source compiled test
FAIL: PR18699 execution - gij test
FAIL: PR18699 -O3 execution - bytecode->native test
FAIL: PR18699 execution - gij test
FAIL: PR18699 -O3 -findirect-dispatch execution - bytecode->native test
FAIL: PR27908 execution - source compiled test
FAIL: PR27908 execution - gij test
FAIL: PR27908 execution - bytecode->native test
FAIL: PR27908 execution - gij test
FAIL: PR27908 -findirect-dispatch execution - bytecode->native test
FAIL: PR27908 -O3 execution - source compiled test
FAIL: PR27908 execution - gij test
FAIL: PR27908 -O3 execution - bytecode->native test
FAIL: PR27908 execution - gij test
FAIL: PR27908 -O3 -findirect-dispatch execution - bytecode->native test
FAIL: Process_1 execution - source compiled test
FAIL: Process_1 execution - gij test
FAIL: Process_1 execution - bytecode->native test
FAIL: Process_1 execution - gij test
FAIL: Process_1 -findirect-dispatch execution - bytecode->native test
FAIL: Process_1 -O3 execution - source compiled test
FAIL: Process_1 execution - gij test
FAIL: Process_1 -O3 execution - bytecode->native test
FAIL: Process_1 execution - gij test
FAIL: Process_1 -O3 -findirect-dispatch execution - bytecode->native test
FAIL: Process_2 execution - source compiled test
FAIL: Process_2 execution - gij test
FAIL: Process_2 execution - bytecode->native test
FAIL: Process_2 execution - gij test
FAIL: Process_2 -findirect-dispatch execution - bytecode->native test
FAIL: Process_2 -O3 execution - source compiled test
FAIL: Process_2 execution - gij test
FAIL: Process_2 -O3 execution - bytecode->native test
FAIL: Process_2 execution - gij test
FAIL: Process_2 -O3 -findirect-dispatch execution - bytecode->native test
FAIL: Process_3 execution - source compiled test
FAIL: Process_3 execution - gij test
FAIL: Process_3 execution - bytecode->native test
FAIL: Process_3 execution - gij test
FAIL: Process_3 -findirect-dispatch execution - bytecode->native test
FAIL: Process_3 -O3 execution - source compiled test
FAIL: Process_3 execution - gij test
FAIL: Process_3 -O3 execution - bytecode->native test
FAIL: Process_3 execution - gij test
FAIL: Process_3 -O3 -findirect-dispatch execution - bytecode->native test
FAIL: Process_4 execution - source compiled test
FAIL: Process_4 execution - gij test
FAIL: Process_4 execution - bytecode->native test
FAIL: Process_4 execution - gij test
FAIL: Process_4 -findirect-dispatch execution - bytecode->native test
FAIL: Process_4 -O3 execution - source compiled test
FAIL: Process_4 execution - gij test
FAIL: Process_4 -O3 execution - bytecode->native test
FAIL: Process_4 execution - gij test
FAIL: Process_4 -O3 -findirect-dispatch execution - bytecode->native test
FAIL: Process_5 execution - source compiled test
FAIL: Process_5 execution - gij test
FAIL: Process_5 execution - bytecode->native test
FAIL: Process_5 execution - gij test
FAIL: Process_5 -findirect-dispatch execution - bytecode->native test
FAIL: Process_5 -O3 execution - source compiled test
FAIL: Process_5 execution - gij test
FAIL: Process_5 -O3 execution - bytecode->native test
FAIL: Process_5 execution - gij test
FAIL: Process_5 -O3 -findirect-dispatch execution - bytecode->native test
FAIL: Process_6 execution - source compiled test
FAIL: Process_6 execution - gij test
FAIL: Process_6 execution - bytecode->native test
FAIL: Process_6 execution - gij test
FAIL: Process_6 -findirect-dispatch execution - bytecode->native test
FAIL: Process_6 -O3 execution - source compiled test
FAIL: Process_6 execution - gij test
FAIL: Process_6 -O3 execution - bytecode->native test
FAIL: Process_6 execution - gij test
FAIL: Process_6 -O3 -findirect-dispatch execution - bytecode->native test
FAIL: StackTrace2 execution - source compiled test
FAIL: StackTrace2 execution - bytecode->native test
FAIL: StackTrace2 -findirect-dispatch execution - bytecode->native test
FAIL: StackTrace2 -O3 execution - source compiled test
FAIL: StackTrace2 -O3 execution - bytecode->native test
FAIL: StackTrace2 -O3 -findirect-dispatch execution - bytecode->native test
FAIL: Thread_HoldsLock output - source compiled test
FAIL: Thread_HoldsLock output - gij test
FAIL: Thread_HoldsLock output - bytecode->native test
FAIL: Thread_HoldsLock output - gij test
FAIL: Thread_HoldsLock -findirect-dispatch output - bytecode->native test
FAIL: Thread_HoldsLock -O3 output - source compiled test
FAIL: Thread_HoldsLock output - gij test
FAIL: Thread_HoldsLock -O3 output - bytecode->native test
FAIL: Thread_HoldsLock output - gij test
FAIL: Thread_HoldsLock -O3 -findirect-dispatch output - bytecode->native test
FAIL: pr16789 output - source compiled test
FAIL: pr16789 output - gij test
FAIL: pr16789 output - bytecode->native test
FAIL: pr16789 output - gij test
FAIL: pr16789 -findirect-dispatch output - bytecode->native test
FAIL: pr16789 -O3 output - source compiled test
FAIL: pr16789 output - gij test
FAIL: pr16789 -O3 output - bytecode->native test
FAIL: pr16789 output - gij test
FAIL: pr16789 -O3 -findirect-dispatch output - bytecode->native test
FAIL: stacktrace execution - source compiled test
FAIL: stacktrace execution - bytecode->native test
FAIL: stacktrace -findirect-dispatch execution - bytecode->native test
FAIL: stacktrace -O3 execution - source compiled test
FAIL: stacktrace -O3 execution - bytecode->native test
FAIL: stacktrace -O3 -findirect-dispatch execution - bytecode->native test
=== libjava Summary ===
# of expected passes 6505
# of unexpected failures 122
# of expected failures 12
# of untested testcases 310
=== libstdc++ tests ===
Running target unix
WARNING: program timed out.
FAIL: ext/pb_ds/regression/hash_data_map_rand.cc (test for excess errors)
WARNING: ext/pb_ds/regression/hash_data_map_rand.cc compilation failed to produce executable
WARNING: program timed out.
FAIL: ext/pb_ds/regression/hash_no_data_map_rand.cc (test for excess errors)
WARNING: ext/pb_ds/regression/hash_no_data_map_rand.cc compilation failed to produce executable
WARNING: program timed out.
FAIL: ext/pb_ds/regression/priority_queue_rand.cc (test for excess errors)
WARNING: ext/pb_ds/regression/priority_queue_rand.cc compilation failed to produce executable
WARNING: program timed out.
FAIL: ext/pb_ds/regression/tree_data_map_rand.cc (test for excess errors)
WARNING: ext/pb_ds/regression/tree_data_map_rand.cc compilation failed to produce executable
WARNING: program timed out.
FAIL: ext/pb_ds/regression/tree_no_data_map_rand.cc (test for excess errors)
WARNING: ext/pb_ds/regression/tree_no_data_map_rand.cc compilation failed to produce executable
WARNING: program timed out.
FAIL: ext/pb_ds/regression/trie_data_map_rand.cc (test for excess errors)
WARNING: ext/pb_ds/regression/trie_data_map_rand.cc compilation failed to produce executable
WARNING: program timed out.
FAIL: ext/pb_ds/regression/trie_no_data_map_rand.cc (test for excess errors)
WARNING: ext/pb_ds/regression/trie_no_data_map_rand.cc compilation failed to produce executable
=== libstdc++ Summary ===
# of expected passes 2863
# of unexpected failures 7
# of expected failures 11
# of unsupported tests 145
Compiler version: 4.2.0 20060728 (experimental)
Platform: hppa2.0w-hp-hpux11.00
configure flags: --with-gnu-as --with-as=/opt/gnu/bin/as --enable-shared --with-local-prefix=/opt/gnu --prefix=/opt/gnu/gcc/gcc-4.2.0 --with-gmp=/opt/gnu/gcc/gcc-4.2.0 --enable-debug=no --disable-nls --enable-threads=single --enable-languages=c,ada,c++,fortran,java,objc,obj-c++
More information about the Gcc-testresults
mailing list