Results for 4.1.0 testsuite on i686-pc-linux-gnu
Aaron W. LaFramboise
aaronavay62@aaronwl.com
Wed Apr 26 23:30:00 GMT 2006
Pentium 4 1.4GHz
Linux 2.6.16.9
glibc 2.4
LAST_UPDATED: Obtained from SVN: tags/gcc_4_1_0_release revision 111560
=== acats tests ===
=== acats Summary ===
# of expected passes 2316
# of unexpected failures 0
Native configuration is i686-pc-linux-gnu
=== g++ tests ===
Running target unix
XPASS: g++.dg/tree-ssa/pr14814.C scan-tree-dump-times &this 0
XPASS: g++.old-deja/g++.other/init5.C execution test
=== g++ Summary ===
# of expected passes 12006
# of unexpected successes 2
# of expected failures 66
# of unsupported tests 66
/usr/src/gcc/build/objdir/gcc/testsuite/../g++ version 4.1.0
=== gcc tests ===
Running target unix
=== gcc Summary ===
# of expected passes 38156
# of expected failures 101
# of untested testcases 28
# of unsupported tests 243
/usr/src/gcc/build/objdir/gcc/xgcc version 4.1.0
=== gfortran tests ===
Running target unix
XPASS: gfortran.dg/csqrt_2.f -O0 execution test
XPASS: gfortran.dg/csqrt_2.f -O1 execution test
XPASS: gfortran.dg/csqrt_2.f -O2 execution test
XPASS: gfortran.dg/csqrt_2.f -O3 -fomit-frame-pointer execution test
XPASS: gfortran.dg/csqrt_2.f -O3 -fomit-frame-pointer -funroll-loops execution test
XPASS: gfortran.dg/csqrt_2.f -O3 -fomit-frame-pointer -funroll-all-loops -finline-functions execution test
XPASS: gfortran.dg/csqrt_2.f -O3 -g execution test
XPASS: gfortran.dg/csqrt_2.f -Os execution test
=== gfortran Summary ===
# of expected passes 11655
# of unexpected successes 8
# of expected failures 7
# of unsupported tests 16
/usr/src/gcc/build/objdir/gcc/testsuite/../gfortran version 4.1.0
=== obj-c++ tests ===
Running target unix
FAIL: obj-c++.dg/cxx-ivars-2.mm execution test
FAIL: obj-c++.dg/encode-8.mm execution test
FAIL: obj-c++.dg/isa-field-1.mm (test for excess errors)
FAIL: obj-c++.dg/lookup-2.mm (test for excess errors)
WARNING: obj-c++.dg/lookup-2.mm compilation failed to produce executable
FAIL: obj-c++.dg/try-catch-2.mm (test for excess errors)
WARNING: obj-c++.dg/try-catch-2.mm compilation failed to produce executable
FAIL: obj-c++.dg/try-catch-9.mm (test for excess errors)
WARNING: obj-c++.dg/try-catch-9.mm compilation failed to produce executable
=== obj-c++ Summary ===
# of expected passes 423
# of unexpected failures 6
# of unsupported tests 13
/usr/src/gcc/build/objdir/gcc/testsuite/../g++ version 4.1.0
=== objc tests ===
Running target unix
=== objc Summary ===
# of expected passes 1684
# of unsupported tests 22
/usr/src/gcc/build/objdir/gcc/xgcc version 4.1.0
=== treelang tests ===
Running target unix
=== treelang Summary ===
# of expected passes 50
=== libffi tests ===
Running target unix
=== libffi Summary ===
# of expected passes 228
# of unsupported tests 2
=== libjava tests ===
Running target unix
=== libjava Summary ===
# of expected passes 4011
# of expected failures 10
# of untested testcases 8
=== libmudflap tests ===
Running target unix
=== libmudflap Summary ===
# of expected passes 1789
=== libstdc++ tests ===
Running target unix
FAIL: 23_containers/deque/explicit_instantiation/3.cc (test for excess errors)
FAIL: 23_containers/list/explicit_instantiation/3.cc (test for excess errors)
FAIL: 23_containers/map/explicit_instantiation/3.cc (test for excess errors)
FAIL: 23_containers/multimap/explicit_instantiation/3.cc (test for excess errors)
FAIL: 23_containers/multiset/explicit_instantiation/3.cc (test for excess errors)
FAIL: 23_containers/set/explicit_instantiation/3.cc (test for excess errors)
FAIL: 23_containers/vector/explicit_instantiation/3.cc (test for excess errors)
XPASS: 26_numerics/cmath/c99_classification_macros_c.cc (test for excess errors)
FAIL: tr1/6_containers/unordered/23781.cc (test for excess errors)
FAIL: tr1/6_containers/unordered/erase/24061-map.cc (test for excess errors)
WARNING: tr1/6_containers/unordered/erase/24061-map.cc compilation failed to produce executable
FAIL: tr1/6_containers/unordered/erase/24061-multimap.cc (test for excess errors)
WARNING: tr1/6_containers/unordered/erase/24061-multimap.cc compilation failed to produce executable
FAIL: tr1/6_containers/unordered/erase/24061-multiset.cc (test for excess errors)
WARNING: tr1/6_containers/unordered/erase/24061-multiset.cc compilation failed to produce executable
FAIL: tr1/6_containers/unordered/erase/24061-set.cc (test for excess errors)
WARNING: tr1/6_containers/unordered/erase/24061-set.cc compilation failed to produce executable
FAIL: tr1/6_containers/unordered/find/map1.cc (test for excess errors)
WARNING: tr1/6_containers/unordered/find/map1.cc compilation failed to produce executable
FAIL: tr1/6_containers/unordered/find/multimap1.cc (test for excess errors)
WARNING: tr1/6_containers/unordered/find/multimap1.cc compilation failed to produce executable
FAIL: tr1/6_containers/unordered/find/multiset1.cc (test for excess errors)
WARNING: tr1/6_containers/unordered/find/multiset1.cc compilation failed to produce executable
FAIL: tr1/6_containers/unordered/find/set1.cc (test for excess errors)
WARNING: tr1/6_containers/unordered/find/set1.cc compilation failed to produce executable
FAIL: tr1/6_containers/unordered/hashtable/23053.cc (test for excess errors)
FAIL: tr1/6_containers/unordered/hashtable/23465.cc (test for excess errors)
WARNING: tr1/6_containers/unordered/hashtable/23465.cc compilation failed to produce executable
FAIL: tr1/6_containers/unordered/hashtable/24054.cc (test for excess errors)
WARNING: tr1/6_containers/unordered/hashtable/24054.cc compilation failed to produce executable
FAIL: tr1/6_containers/unordered/hashtable/24064.cc (test for excess errors)
WARNING: tr1/6_containers/unordered/hashtable/24064.cc compilation failed to produce executable
FAIL: tr1/6_containers/unordered/hashtable/26127.cc (test for excess errors)
FAIL: tr1/6_containers/unordered/insert/24061-map.cc (test for excess errors)
WARNING: tr1/6_containers/unordered/insert/24061-map.cc compilation failed to produce executable
FAIL: tr1/6_containers/unordered/insert/24061-multimap.cc (test for excess errors)
WARNING: tr1/6_containers/unordered/insert/24061-multimap.cc compilation failed to produce executable
FAIL: tr1/6_containers/unordered/insert/24061-multiset.cc (test for excess errors)
WARNING: tr1/6_containers/unordered/insert/24061-multiset.cc compilation failed to produce executable
FAIL: tr1/6_containers/unordered/insert/24061-set.cc (test for excess errors)
WARNING: tr1/6_containers/unordered/insert/24061-set.cc compilation failed to produce executable
FAIL: tr1/6_containers/unordered/insert/array_syntax.cc (test for excess errors)
WARNING: tr1/6_containers/unordered/insert/array_syntax.cc compilation failed to produce executable
FAIL: tr1/6_containers/unordered/insert/map_range.cc (test for excess errors)
WARNING: tr1/6_containers/unordered/insert/map_range.cc compilation failed to produce executable
FAIL: tr1/6_containers/unordered/insert/map_single.cc (test for excess errors)
WARNING: tr1/6_containers/unordered/insert/map_single.cc compilation failed to produce executable
FAIL: tr1/6_containers/unordered/insert/multimap_range.cc (test for excess errors)
WARNING: tr1/6_containers/unordered/insert/multimap_range.cc compilation failed to produce executable
FAIL: tr1/6_containers/unordered/insert/multimap_single.cc (test for excess errors)
WARNING: tr1/6_containers/unordered/insert/multimap_single.cc compilation failed to produce executable
FAIL: tr1/6_containers/unordered/insert/multiset_range.cc (test for excess errors)
WARNING: tr1/6_containers/unordered/insert/multiset_range.cc compilation failed to produce executable
FAIL: tr1/6_containers/unordered/insert/multiset_single.cc (test for excess errors)
WARNING: tr1/6_containers/unordered/insert/multiset_single.cc compilation failed to produce executable
FAIL: tr1/6_containers/unordered/insert/set_range.cc (test for excess errors)
WARNING: tr1/6_containers/unordered/insert/set_range.cc compilation failed to produce executable
FAIL: tr1/6_containers/unordered/insert/set_single.cc (test for excess errors)
WARNING: tr1/6_containers/unordered/insert/set_single.cc compilation failed to produce executable
FAIL: tr1/6_containers/unordered/instantiate/map.cc (test for excess errors)
FAIL: tr1/6_containers/unordered/instantiate/multimap.cc (test for excess errors)
FAIL: tr1/6_containers/unordered/instantiate/multiset.cc (test for excess errors)
FAIL: tr1/6_containers/unordered/instantiate/set.cc (test for excess errors)
FAIL: tr1/6_containers/unordered/types/map_iterator.cc (test for excess errors)
FAIL: tr1/6_containers/unordered/types/multimap_iterator.cc (test for excess errors)
FAIL: tr1/6_containers/unordered/types/multiset_iterator.cc (test for excess errors)
FAIL: tr1/6_containers/unordered/types/set_iterator.cc (test for excess errors)
=== libstdc++ Summary ===
# of expected passes 3333
# of unexpected failures 42
# of unexpected successes 1
# of expected failures 12
# of unsupported tests 315
Compiler version: 4.1.0
Platform: i686-pc-linux-gnu
configure flags: --prefix=/usr --enable-threads --with-system-zlib --enable-__cxa_atexit --enable-concept-checks --enable-symvers --enable-languages=c,ada,c++,fortran,java,objc,obj-c++,treelang
More information about the Gcc-testresults
mailing list