Results for 4.2.0 20060426 (experimental) testsuite on powerpc64-suse-linux-gnu
Andreas Schwab
schwab@suse.de
Wed Apr 26 21:45:00 GMT 2006
LAST_UPDATED: Wed Apr 26 11:47:33 UTC 2006 (revision 113267M)
=== acats tests ===
FAIL: c35507m
FAIL: cd2a23e
FAIL: cxh1001
=== acats Summary ===
# of expected passes 2314
# of unexpected failures 3
Native configuration is powerpc64-suse-linux-gnu
=== g++ tests ===
Running target unix/-m64
=== g++ Summary for unix/-m64 ===
# of expected passes 12452
# of expected failures 67
# of unsupported tests 108
Running target unix
FAIL: g++.old-deja/g++.law/profile1.C execution test
=== g++ Summary for unix ===
# of expected passes 12511
# of unexpected failures 1
# of expected failures 67
# of unsupported tests 94
=== g++ Summary ===
# of expected passes 24963
# of unexpected failures 1
# of expected failures 134
# of unsupported tests 202
/tmp/cvs/gcc-20060426/Build/gcc/testsuite/g++/../../g++ version 4.2.0 20060426 (experimental)
=== gcc tests ===
Running target unix/-m64
FAIL: gcc.dg/cleanup-10.c execution test
FAIL: gcc.dg/cleanup-11.c execution test
FAIL: gcc.dg/cleanup-8.c execution test
FAIL: gcc.dg/cleanup-9.c execution test
FAIL: gcc.dg/gomp/pr25989.c (test for excess errors)
XPASS: gcc.dg/tree-ssa/sra-2.c scan-tree-dump-times link_error 0
FAIL: gcc.dg/vect/pr20122.c scan-tree-dump-times vectorized 1 loops 2
=== gcc Summary for unix/-m64 ===
# of expected passes 40029
# of unexpected failures 6
# of unexpected successes 1
# of expected failures 111
# of untested testcases 28
# of unsupported tests 439
Running target unix
FAIL: gcc.dg/20020103-1.c scan-assembler-not LC[0-9]
FAIL: gcc.dg/cleanup-10.c execution test
FAIL: gcc.dg/cleanup-11.c execution test
FAIL: gcc.dg/cleanup-8.c execution test
FAIL: gcc.dg/cleanup-9.c execution test
WARNING: program timed out.
FAIL: gcc.dg/nest.c execution test
WARNING: program timed out.
FAIL: gcc.dg/nested-func-4.c execution test
FAIL: gcc.dg/gomp/pr25989.c (test for excess errors)
FAIL: gcc.dg/vect/pr20122.c scan-tree-dump-times vectorized 1 loops 2
FAIL: gcc.target/powerpc/doloop-1.c scan-assembler bdnz
=== gcc Summary for unix ===
# of expected passes 40203
# of unexpected failures 10
# of expected failures 110
# of untested testcases 28
# of unsupported tests 360
=== gcc Summary ===
# of expected passes 80232
# of unexpected failures 16
# of unexpected successes 1
# of expected failures 221
# of untested testcases 56
# of unsupported tests 799
/tmp/cvs/gcc-20060426/Build/gcc/xgcc version 4.2.0 20060426 (experimental)
=== gfortran tests ===
Running target unix/-m64
XPASS: gfortran.dg/csqrt_2.f -O0 execution test
XPASS: gfortran.dg/csqrt_2.f -O1 execution test
XPASS: gfortran.dg/csqrt_2.f -O2 execution test
XPASS: gfortran.dg/csqrt_2.f -O3 -fomit-frame-pointer execution test
XPASS: gfortran.dg/csqrt_2.f -O3 -fomit-frame-pointer -funroll-loops execution test
XPASS: gfortran.dg/csqrt_2.f -O3 -fomit-frame-pointer -funroll-all-loops -finline-functions execution test
XPASS: gfortran.dg/csqrt_2.f -O3 -g execution test
XPASS: gfortran.dg/csqrt_2.f -Os execution test
=== gfortran Summary for unix/-m64 ===
# of expected passes 12838
# of unexpected successes 8
# of expected failures 10
# of unsupported tests 66
Running target unix
XPASS: gfortran.dg/csqrt_2.f -O0 execution test
XPASS: gfortran.dg/csqrt_2.f -O1 execution test
XPASS: gfortran.dg/csqrt_2.f -O2 execution test
XPASS: gfortran.dg/csqrt_2.f -O3 -fomit-frame-pointer execution test
XPASS: gfortran.dg/csqrt_2.f -O3 -fomit-frame-pointer -funroll-loops execution test
XPASS: gfortran.dg/csqrt_2.f -O3 -fomit-frame-pointer -funroll-all-loops -finline-functions execution test
XPASS: gfortran.dg/csqrt_2.f -O3 -g execution test
XPASS: gfortran.dg/csqrt_2.f -Os execution test
=== gfortran Summary for unix ===
# of expected passes 12809
# of unexpected successes 8
# of expected failures 7
# of unsupported tests 82
=== gfortran Summary ===
# of expected passes 25647
# of unexpected successes 16
# of expected failures 17
# of unsupported tests 148
/tmp/cvs/gcc-20060426/Build/gcc/testsuite/gfortran/../../gfortran version 4.2.0 20060426 (experimental)
=== objc tests ===
Running target unix/-m64
=== objc Summary for unix/-m64 ===
# of expected passes 1752
# of expected failures 7
# of unsupported tests 24
Running target unix
=== objc Summary for unix ===
# of expected passes 1752
# of expected failures 7
# of unsupported tests 24
=== objc Summary ===
# of expected passes 3504
# of expected failures 14
# of unsupported tests 48
/tmp/cvs/gcc-20060426/Build/gcc/xgcc version 4.2.0 20060426 (experimental)
=== libffi tests ===
Running target unix/-m64
=== libffi Summary for unix/-m64 ===
# of expected passes 1072
# of unsupported tests 8
Running target unix
=== libffi Summary for unix ===
# of expected passes 1072
# of unsupported tests 8
=== libffi Summary ===
# of expected passes 2144
# of unsupported tests 16
=== libgomp tests ===
Running target unix/-m64
=== libgomp Summary for unix/-m64 ===
# of expected passes 1376
Running target unix
=== libgomp Summary for unix ===
# of expected passes 1376
=== libgomp Summary ===
# of expected passes 2752
=== libjava tests ===
Running target unix/-m64
XPASS: PR26858 execution - source compiled test
XPASS: PR26858 output - source compiled test
XPASS: PR26858 execution - bytecode->native test
XPASS: PR26858 output - bytecode->native test
XPASS: PR26858 -O3 execution - source compiled test
XPASS: PR26858 -O3 output - source compiled test
XPASS: PR26858 -O3 execution - bytecode->native test
XPASS: PR26858 -O3 output - bytecode->native test
=== libjava Summary for unix/-m64 ===
# of expected passes 4149
# of unexpected successes 8
# of expected failures 12
# of untested testcases 10
Running target unix
XPASS: PR26858 execution - source compiled test
XPASS: PR26858 output - source compiled test
XPASS: PR26858 execution - bytecode->native test
XPASS: PR26858 output - bytecode->native test
XPASS: PR26858 -O3 execution - source compiled test
XPASS: PR26858 -O3 output - source compiled test
XPASS: PR26858 -O3 execution - bytecode->native test
XPASS: PR26858 -O3 output - bytecode->native test
=== libjava Summary for unix ===
# of expected passes 4149
# of unexpected successes 8
# of expected failures 12
# of untested testcases 10
=== libjava Summary ===
# of expected passes 8298
# of unexpected successes 16
# of expected failures 24
# of untested testcases 20
=== libmudflap tests ===
Running target unix/-m64
FAIL: libmudflap.c/fail27-frag.c output pattern test
FAIL: libmudflap.c/fail27-frag.c (-static) output pattern test
FAIL: libmudflap.c/fail27-frag.c (-O2) output pattern test
FAIL: libmudflap.c/fail27-frag.c (-O3) output pattern test
=== libmudflap Summary for unix/-m64 ===
# of expected passes 1810
# of unexpected failures 4
Running target unix
WARNING: program timed out.
FAIL: libmudflap.cth/pass37-frag.c (rerun 1) execution test
FAIL: libmudflap.cth/pass37-frag.c (rerun 1) output pattern test
WARNING: program timed out.
FAIL: libmudflap.cth/pass37-frag.c (rerun 2) execution test
FAIL: libmudflap.cth/pass37-frag.c (rerun 2) output pattern test
=== libmudflap Summary for unix ===
# of expected passes 1810
# of unexpected failures 4
=== libmudflap Summary ===
# of expected passes 3620
# of unexpected failures 8
=== libstdc++ tests ===
Running target unix/-m64
FAIL: abi_check
FAIL: 25_algorithms/prev_permutation/1.cc execution test
XPASS: 26_numerics/cmath/c99_classification_macros_c.cc (test for excess errors)
XPASS: 27_io/fpos/14320-1.cc execution test
=== libstdc++ Summary for unix/-m64 ===
# of expected passes 3539
# of unexpected failures 2
# of unexpected successes 2
# of expected failures 11
# of unsupported tests 315
Running target unix
FAIL: abi_check
FAIL: 25_algorithms/prev_permutation/1.cc execution test
XPASS: 26_numerics/cmath/c99_classification_macros_c.cc (test for excess errors)
=== libstdc++ Summary for unix ===
# of expected passes 4169
# of unexpected failures 2
# of unexpected successes 1
# of expected failures 12
=== libstdc++ Summary ===
# of expected passes 7708
# of unexpected failures 4
# of unexpected successes 3
# of expected failures 23
# of unsupported tests 315
Compiler version: 4.2.0 20060426 (experimental)
Platform: powerpc64-suse-linux-gnu
configure flags: --prefix=/tmp/cvs/gcc-20060426/Build/root --host=powerpc64-suse-linux --enable-shared --enable-threads --enable-__cxa_atexit --with-system-zlib --with-cpu=default32 --enable-languages=c,ada,c++,fortran,java,objc
More information about the Gcc-testresults
mailing list