Results for 4.2.0 20060423 (experimental) testsuite on hppa2.0w-hp-hpux11.11
CodeSourcery Automatic Testing System
gcc@codesourcery.com
Sun Apr 23 18:05:00 GMT 2006
LAST_UPDATED: Sun Apr 23 07:15:32 UTC 2006 (/trunk revision 113191)
Native configuration is hppa2.0w-hp-hpux11.11
=== g++ tests ===
Running target unix
FAIL: g++.dg/eh/spbp.C (test for excess errors)
WARNING: g++.dg/eh/spbp.C compilation failed to produce executable
FAIL: g++.old-deja/g++.other/init18.C (test for excess errors)
WARNING: g++.old-deja/g++.other/init18.C compilation failed to produce executable
FAIL: g++.old-deja/g++.other/init19.C execution test
FAIL: g++.old-deja/g++.other/init5.C execution test
=== g++ Summary ===
# of expected passes 11933
# of unexpected failures 4
# of expected failures 67
# of unsupported tests 164
/scratch/gcc/nightly-2006-04-23-mainline/hppa2.0w-hp-hpux11.11/build_gcc/install/bin/c++ version 4.2.0 20060423 (experimental)
=== gcc tests ===
Running target unix
WARNING: program timed out.
FAIL: gcc.c-torture/compile/20001226-1.c -O3 -g (test for excess errors)
FAIL: gcc.c-torture/compile/pr23237.c -O0 (test for excess errors)
FAIL: gcc.c-torture/compile/pr23237.c -O1 (test for excess errors)
FAIL: gcc.c-torture/compile/pr23237.c -O2 (test for excess errors)
FAIL: gcc.c-torture/compile/pr23237.c -O3 -fomit-frame-pointer (test for excess errors)
FAIL: gcc.c-torture/compile/pr23237.c -O3 -fomit-frame-pointer -funroll-loops (test for excess errors)
FAIL: gcc.c-torture/compile/pr23237.c -O3 -fomit-frame-pointer -funroll-all-loops -finline-functions (test for excess errors)
FAIL: gcc.c-torture/compile/pr23237.c -O3 -g (test for excess errors)
FAIL: gcc.c-torture/compile/pr23237.c -Os (test for excess errors)
FAIL: gcc.c-torture/execute/builtin-bitops-1.c execution, -O3 -fomit-frame-pointer -funroll-loops
FAIL: gcc.c-torture/execute/builtin-bitops-1.c execution, -O3 -fomit-frame-pointer -funroll-all-loops -finline-functions
FAIL: gcc.dg/gomp/pr25989.c (test for excess errors)
FAIL: gcc.dg/torture/pr24626-1.c -O2 (test for excess errors)
FAIL: gcc.dg/torture/pr24626-1.c -O3 -fomit-frame-pointer (test for excess errors)
FAIL: gcc.dg/torture/pr24626-1.c -O3 -g (test for excess errors)
FAIL: gcc.dg/torture/pr24626-1.c -Os (test for excess errors)
FAIL: gcc.dg/torture/pr24626-2.c -O2 (test for excess errors)
FAIL: gcc.dg/torture/pr24626-2.c -O3 -fomit-frame-pointer (test for excess errors)
FAIL: gcc.dg/torture/pr24626-2.c -O3 -g (test for excess errors)
FAIL: gcc.dg/torture/pr24626-3.c -O2 (test for excess errors)
FAIL: gcc.dg/torture/pr24626-3.c -O3 -fomit-frame-pointer (test for excess errors)
FAIL: gcc.dg/torture/pr24626-3.c -O3 -g (test for excess errors)
FAIL: gcc.dg/torture/pr24626-3.c -Os (test for excess errors)
=== gcc Summary ===
# of expected passes 37357
# of unexpected failures 23
# of expected failures 81
# of untested testcases 28
# of unsupported tests 462
/scratch/gcc/nightly-2006-04-23-mainline/hppa2.0w-hp-hpux11.11/build_gcc/install/bin/gcc version 4.2.0 20060423 (experimental)
=== libstdc++ tests ===
Running target unix
FAIL: 26_numerics/cmath/c99_classification_macros_c.cc (test for excess errors)
=== libstdc++ Summary ===
# of expected passes 3512
# of unexpected failures 1
# of expected failures 12
# of unsupported tests 329
Compiler version: 4.2.0 20060423 (experimental)
Platform: hppa2.0w-hp-hpux11.11
configure flags: --disable-nls --build=hppa2.0w-hp-hpux11.11 --host=hppa2.0w-hp-hpux11.11 --target=hppa2.0w-hp-hpux11.11 --enable-languages=c,c++ --enable-shared --enable-threads --disable-libmudflap --disable-libssp --disable-libgomp --disable-libstdcxx-pch --with-gnu-as --with-as=/scratch/gcc/nightly-2006-04-23-mainline/hppa2.0w-hp-hpux11.11/build_gcc/install/bin/as --without-gnu-ld --with-ld=/usr/ccs/bin/ld --prefix=/scratch/gcc/nightly-2006-04-23-mainline/hppa2.0w-hp-hpux11.11/build_gcc/install
More information about the Gcc-testresults
mailing list