Results for 4.1.1 20060417 (prerelease) testsuite on x86_64-redhat-linux-gnu
Grigory Zagorodnev
grigory_zagorodnev@linux.intel.com
Mon Apr 17 14:29:00 GMT 2006
LAST_UPDATED: Mon Apr 17 10:33:09 UTC 2006 (revision 113003)
Native configuration is x86_64-redhat-linux-gnu
=== gcc tests ===
Running target unix
FAIL: gcc.dg/visibility-11.c scan-assembler memcpy@PLT
=== gcc Summary ===
# of expected passes 38110
# of unexpected failures 1
# of expected failures 100
# of untested testcases 28
# of unsupported tests 357
/home/testbot/bootstrap/002198/bld/gcc/xgcc version 4.1.1 20060417 (prerelease)
=== gfortran tests ===
Running target unix
=== gfortran Summary ===
# of expected passes 12362
# of expected failures 16
# of unsupported tests 16
/home/testbot/bootstrap/002198/bld/gcc/testsuite/gfortran/../../gfortran version 4.1.1 20060417 (prerelease)
=== g++ tests ===
Running target unix
XPASS: g++.dg/tree-ssa/pr14814.C scan-tree-dump-times &this 0
XPASS: g++.old-deja/g++.other/init5.C execution test
=== g++ Summary ===
# of expected passes 11959
# of unexpected successes 2
# of expected failures 66
# of unsupported tests 95
/home/testbot/bootstrap/002198/bld/gcc/testsuite/g++/../../g++ version 4.1.1 20060417 (prerelease)
=== objc tests ===
Running target unix
=== objc Summary ===
# of expected passes 1684
# of unsupported tests 22
/home/testbot/bootstrap/002198/bld/gcc/xgcc version 4.1.1 20060417 (prerelease)
=== libffi tests ===
Running target unix
=== libffi Summary ===
# of expected passes 228
# of unsupported tests 2
=== libjava tests ===
Running target unix
=== libjava Summary ===
# of expected passes 4035
# of expected failures 10
# of untested testcases 8
=== libmudflap tests ===
Running target unix
=== libmudflap Summary ===
# of expected passes 1789
=== libstdc++ tests ===
Running target unix
XPASS: 26_numerics/cmath/c99_classification_macros_c.cc (test for excess errors)
XPASS: 27_io/fpos/14320-1.cc execution test
=== libstdc++ Summary ===
# of expected passes 4039
# of unexpected successes 2
# of expected failures 11
Compiler version: 4.1.1 20060417 (prerelease)
Platform: x86_64-redhat-linux-gnu
configure flags: --prefix=/home/testbot/bootstrap/002198/usr --program-suffix=-41 -enable-shared --enable-threads=posix --enable-checking --with-system-zlib --enable-__cxa_atexit --host=x86_64-redhat-linux --enable-languages=c,c++,fortran,java,objc
More information about the Gcc-testresults
mailing list