Results for 4.2.0 20060401 (experimental) testsuite on sparc-unknown-linux-gnu
Christian Joensson
christian.joensson@gmail.com
Thu Apr 6 08:03:00 GMT 2006
Aurora SPARC Linux release 2.0b2+corona UltraSparc IIi (Sabre) sun4u:
binutils-2.16.91.0.3-2.sparc
bison-2.1-1.1.sparc
dejagnu-1.4.4-2.noarch
expect-5.43.0-2.1.sparc
gcc-4.1.0-0.23.sparc
package gcc4 is not installed
glibc-2.3.90-39.sparcv9
glibc-devel-2.3.90-39.sparc
glibc-headers-2.3.90-39.sparc
glibc-kernheaders-2.6-20sparc.sparc
gmp-4.1.4-3sparc.sparc
gmp-devel-4.1.4-3sparc.sparc
kernel-2.6.13-1.1603sp11.sparc64
package kernel-devel is not installed
package kernel-smp is not installed
libgcc-4.1.0-0.23.sparc
libstdc++-4.1.0-0.23.sparc
libstdc++-devel-4.1.0-0.23.sparc
make-3.80-5.sparc
package nptl-devel is not installed
tcl-8.4.11-1.1.sparc
LAST_UPDATED: Obtained from SVN: trunk revision 112606
Native configuration is sparc-unknown-linux-gnu
=== gcc tests ===
Running target unix
FAIL: gcc.dg/torture/pr26565.c -O0 execution test
XPASS: gcc.dg/vect/pr20122.c scan-tree-dump-times vectorized 1 loops 2
XPASS: gcc.dg/vect/vect-105.c scan-tree-dump-times vectorized 1 loops 1
XPASS: gcc.dg/vect/vect-75.c scan-tree-dump-times vectorized 1 loops 1
=== gcc Summary ===
# of expected passes 38460
# of unexpected failures 1
# of unexpected successes 3
# of expected failures 121
# of untested testcases 28
# of unsupported tests 389
/usr/local/src/trunk/objdir32/gcc/xgcc version 4.2.0 20060401 (experimental)
=== gfortran tests ===
Running target unix
FAIL: gfortran.dg/advance.f90 -O1 execution test
FAIL: gfortran.dg/advance.f90 -O2 execution test
FAIL: gfortran.dg/advance.f90 -O3 -fomit-frame-pointer execution test
FAIL: gfortran.dg/advance.f90 -O3 -fomit-frame-pointer -funroll-loops
execution test
FAIL: gfortran.dg/advance.f90 -O3 -fomit-frame-pointer
-funroll-all-loops -finline-functions execution test
FAIL: gfortran.dg/advance.f90 -O3 -g execution test
FAIL: gfortran.dg/advance.f90 -Os execution test
FAIL: gfortran.dg/comma.f -O0 execution test
FAIL: gfortran.dg/convert_implied_open.f90 -O2 execution test
FAIL: gfortran.dg/convert_implied_open.f90 -O3 -fomit-frame-pointer
execution test
FAIL: gfortran.dg/convert_implied_open.f90 -O3 -fomit-frame-pointer
-funroll-loops execution test
FAIL: gfortran.dg/convert_implied_open.f90 -O3 -fomit-frame-pointer
-funroll-all-loops -finline-functions execution test
FAIL: gfortran.dg/convert_implied_open.f90 -O3 -g execution test
FAIL: gfortran.dg/convert_implied_open.f90 -Os execution test
XPASS: gfortran.dg/csqrt_2.f -O0 execution test
XPASS: gfortran.dg/csqrt_2.f -O1 execution test
XPASS: gfortran.dg/csqrt_2.f -O2 execution test
XPASS: gfortran.dg/csqrt_2.f -O3 -fomit-frame-pointer execution test
XPASS: gfortran.dg/csqrt_2.f -O3 -fomit-frame-pointer -funroll-loops
execution test
XPASS: gfortran.dg/csqrt_2.f -O3 -fomit-frame-pointer
-funroll-all-loops -finline-functions execution test
XPASS: gfortran.dg/csqrt_2.f -O3 -g execution test
XPASS: gfortran.dg/csqrt_2.f -Os execution test
FAIL: gfortran.dg/endfile_2.f90 -O0 execution test
FAIL: gfortran.dg/endfile_2.f90 -O1 execution test
FAIL: gfortran.dg/endfile_2.f90 -O2 execution test
FAIL: gfortran.dg/endfile_2.f90 -O3 -fomit-frame-pointer execution test
FAIL: gfortran.dg/endfile_2.f90 -O3 -fomit-frame-pointer
-funroll-loops execution test
FAIL: gfortran.dg/endfile_2.f90 -O3 -fomit-frame-pointer
-funroll-all-loops -finline-functions execution test
FAIL: gfortran.dg/endfile_2.f90 -O3 -g execution test
FAIL: gfortran.dg/endfile_2.f90 -Os execution test
FAIL: gfortran.dg/iostat_2.f90 -O0 execution test
FAIL: gfortran.dg/iostat_2.f90 -O1 execution test
FAIL: gfortran.dg/noadv_size.f90 -O0 execution test
FAIL: gfortran.dg/noadv_size.f90 -O2 execution test
FAIL: gfortran.dg/noadv_size.f90 -O3 -fomit-frame-pointer execution test
FAIL: gfortran.dg/noadv_size.f90 -O3 -fomit-frame-pointer
-funroll-loops execution test
FAIL: gfortran.dg/noadv_size.f90 -O3 -fomit-frame-pointer
-funroll-all-loops -finline-functions execution test
FAIL: gfortran.dg/noadv_size.f90 -O3 -g execution test
FAIL: gfortran.dg/noadv_size.f90 -Os execution test
FAIL: gfortran.dg/read_many_1.f -O0 execution test
FAIL: gfortran.dg/read_many_1.f -O1 execution test
FAIL: gfortran.dg/read_size_noadvance.f90 -O0 execution test
FAIL: gfortran.dg/read_size_noadvance.f90 -O1 execution test
FAIL: gfortran.dg/read_size_noadvance.f90 -O2 execution test
FAIL: gfortran.dg/read_size_noadvance.f90 -O3 -fomit-frame-pointer
execution test
FAIL: gfortran.dg/read_size_noadvance.f90 -O3 -fomit-frame-pointer
-funroll-loops execution test
FAIL: gfortran.dg/read_size_noadvance.f90 -O3 -fomit-frame-pointer
-funroll-all-loops -finline-functions execution test
FAIL: gfortran.dg/read_size_noadvance.f90 -O3 -g execution test
FAIL: gfortran.dg/read_size_noadvance.f90 -Os execution test
FAIL: gfortran.dg/tl_editing.f90 -O0 execution test
FAIL: gfortran.fortran-torture/execute/seq_io.f90 execution, -O0
FAIL: gfortran.fortran-torture/execute/seq_io.f90 execution, -O1
FAIL: gfortran.fortran-torture/execute/seq_io.f90 execution, -O2
FAIL: gfortran.fortran-torture/execute/seq_io.f90 execution, -O3
-fomit-frame-pointer
FAIL: gfortran.fortran-torture/execute/seq_io.f90 execution, -O3
-fomit-frame-pointer -funroll-loops
FAIL: gfortran.fortran-torture/execute/seq_io.f90 execution, -O3
-fomit-frame-pointer -funroll-all-loops -finline-functions
FAIL: gfortran.fortran-torture/execute/seq_io.f90 execution, -O3 -g
FAIL: gfortran.fortran-torture/execute/seq_io.f90 execution, -Os
FAIL: gfortran.fortran-torture/execute/unopened_unit_1.f90 execution, -O0
=== gfortran Summary ===
# of expected passes 12521
# of unexpected failures 51
# of unexpected successes 8
# of expected failures 8
# of unsupported tests 103
/usr/local/src/trunk/objdir32/gcc/testsuite/gfortran/../../gfortran
version 4.2.0 20060401 (experimental)
=== g++ tests ===
Running target unix
FAIL: g++.dg/init/ctor4.C (test for excess errors)
FAIL: g++.dg/parse/register1.C (test for excess errors)
FAIL: g++.old-deja/g++.brendan/warnings4.C (test for excess errors)
FAIL: g++.old-deja/g++.jason/overload34.C (test for excess errors)
FAIL: g++.old-deja/g++.mike/p11110.C (test for excess errors)
=== g++ Summary ===
# of expected passes 12316
# of unexpected failures 5
# of expected failures 67
# of unsupported tests 107
/usr/local/src/trunk/objdir32/gcc/testsuite/g++/../../g++ version
4.2.0 20060401 (experimental)
=== obj-c++ tests ===
Running target unix
FAIL: obj-c++.dg/comp-types-10.mm (test for excess errors)
FAIL: obj-c++.dg/cxx-ivars-2.mm execution test
FAIL: obj-c++.dg/encode-3.mm (test for excess errors)
FAIL: obj-c++.dg/encode-8.mm execution test
FAIL: obj-c++.dg/isa-field-1.mm (test for excess errors)
FAIL: obj-c++.dg/lookup-2.mm (test for excess errors)
WARNING: obj-c++.dg/lookup-2.mm compilation failed to produce executable
FAIL: obj-c++.dg/try-catch-2.mm (test for excess errors)
WARNING: obj-c++.dg/try-catch-2.mm compilation failed to produce executable
FAIL: obj-c++.dg/try-catch-9.mm (test for excess errors)
WARNING: obj-c++.dg/try-catch-9.mm compilation failed to produce executable
=== obj-c++ Summary ===
# of expected passes 425
# of unexpected failures 8
# of unsupported tests 13
/usr/local/src/trunk/objdir32/gcc/testsuite/obj-c++/../../g++ version
4.2.0 20060401 (experimental)
=== objc tests ===
Running target unix
=== objc Summary ===
# of expected passes 1752
# of expected failures 7
# of unsupported tests 24
/usr/local/src/trunk/objdir32/gcc/xgcc version 4.2.0 20060401 (experimental)
=== treelang tests ===
Running target unix
=== treelang Summary ===
# of expected passes 50
=== libffi tests ===
Running target unix
=== libffi Summary ===
# of expected passes 1064
# of unsupported tests 8
=== libgomp tests ===
Running target unix
=== libgomp Summary ===
# of expected passes 1376
=== libjava tests ===
Running target unix
XPASS: PR26858 execution - source compiled test
XPASS: PR26858 output - source compiled test
XPASS: PR26858 execution - bytecode->native test
XPASS: PR26858 output - bytecode->native test
XPASS: PR26858 -O3 execution - source compiled test
XPASS: PR26858 -O3 output - source compiled test
XPASS: PR26858 -O3 execution - bytecode->native test
XPASS: PR26858 -O3 output - bytecode->native test
=== libjava Summary ===
# of expected passes 4095
# of unexpected successes 8
# of expected failures 12
# of untested testcases 10
=== libmudflap tests ===
Running target unix
FAIL: libmudflap.c/pass54-frag.c execution test
FAIL: libmudflap.c/pass54-frag.c execution test
FAIL: libmudflap.c/pass54-frag.c (-static) execution test
FAIL: libmudflap.c/pass54-frag.c (-static) execution test
=== libmudflap Summary ===
# of expected passes 1785
# of unexpected failures 4
=== libstdc++ tests ===
Running target unix
FAIL: abi_check
FAIL: 22_locale/money_get/get/char/11.cc execution test
FAIL: 22_locale/money_get/get/char/12.cc execution test
FAIL: 22_locale/money_get/get/char/13.cc execution test
FAIL: 22_locale/money_get/get/char/15.cc execution test
FAIL: 22_locale/money_get/get/char/16.cc execution test
FAIL: 22_locale/money_get/get/char/3.cc execution test
FAIL: 22_locale/money_get/get/char/4.cc execution test
FAIL: 22_locale/money_get/get/char/5.cc execution test
FAIL: 22_locale/money_get/get/char/wrapped_env.cc execution test
FAIL: 22_locale/money_get/get/char/wrapped_locale.cc execution test
FAIL: 22_locale/money_get/get/wchar_t/11.cc execution test
FAIL: 22_locale/money_get/get/wchar_t/12.cc execution test
FAIL: 22_locale/money_get/get/wchar_t/13.cc execution test
FAIL: 22_locale/money_get/get/wchar_t/15.cc execution test
FAIL: 22_locale/money_get/get/wchar_t/16.cc execution test
FAIL: 22_locale/money_get/get/wchar_t/3.cc execution test
FAIL: 22_locale/money_get/get/wchar_t/4.cc execution test
FAIL: 22_locale/money_get/get/wchar_t/5.cc execution test
FAIL: 22_locale/money_get/get/wchar_t/wrapped_env.cc execution test
FAIL: 22_locale/money_get/get/wchar_t/wrapped_locale.cc execution test
FAIL: 22_locale/num_get/get/char/1.cc execution test
FAIL: 22_locale/num_get/get/char/10.cc execution test
FAIL: 22_locale/num_get/get/char/4.cc execution test
FAIL: 22_locale/num_get/get/char/wrapped_env.cc execution test
FAIL: 22_locale/num_get/get/char/wrapped_locale.cc execution test
FAIL: 22_locale/num_get/get/wchar_t/1.cc execution test
FAIL: 22_locale/num_get/get/wchar_t/10.cc execution test
FAIL: 22_locale/num_get/get/wchar_t/4.cc execution test
FAIL: 22_locale/num_get/get/wchar_t/wrapped_env.cc execution test
FAIL: 22_locale/num_get/get/wchar_t/wrapped_locale.cc execution test
FAIL: 25_algorithms/prev_permutation/1.cc execution test
XPASS: 26_numerics/cmath/c99_classification_macros_c.cc (test for excess errors)
FAIL: 26_numerics/complex/complex_inserters_extractors.cc execution test
FAIL: 27_io/basic_istream/extractors_arithmetic/char/01.cc execution test
FAIL: 27_io/basic_istream/extractors_arithmetic/char/12.cc execution test
FAIL: 27_io/basic_istream/extractors_arithmetic/wchar_t/01.cc execution test
FAIL: 27_io/basic_istream/extractors_arithmetic/wchar_t/12.cc execution test
=== libstdc++ Summary ===
# of expected passes 4136
# of unexpected failures 37
# of unexpected successes 1
# of expected failures 12
Compiler version: 4.2.0 20060401 (experimental)
Platform: sparc-unknown-linux-gnu
configure flags: sparc-linux --enable-__cxa_atexit --enable-shared
--disable-multilib
--enable-languages=c,c++,fortran,java,objc,obj-c++,treelang
Counting all warnings,
there are 55 warnings in stage0 of this bootstrap.
Number of warnings per file:
14 gcc/fixincludes/fixincl.x
9 gengtype-lex.c
6 treelang/lex.c
6 libmudflap/mf-runtime.c
3 libjava/classpath/native/jni/midi-alsa/gnu_javax_sound_midi_alsa_AlsaPortDevice.c
2 libtool
2 libjava/classpath/native/jni/midi-alsa/gnu_javax_sound_midi_alsa_AlsaMidiDeviceProvider.c
2 libgfortran/io/list_read.c
2 gcc/boehm-gc/os_dep.c
1 libobjc/thr.c
1 libobjc/sendmsg.c
1 libobjc/Object.m
1 libjava/prims.cc
1 libjava/gnu/gcj/io/shs.cc
1 libgfortran/io/read.c
1 gcc/unwind-pe.h
1 gcc/coretypes.h
1 gcc/boehm-gc/mark_rts.c
Number of warning types:
15 old-style function definition
7 string length \`???' is greater than the length \`???' ISO C90
compilers are required to support
7 string length \`???' is greater than the length \`???' ISO C89
compilers are required to support
5 the address of \`???', will always evaluate as \`???'
2 unused variable \`???'
2 \`???' is ignored for convenience libraries
2 \`???' is deprecated (declared at /usr/include/signal.h:184)
2 format \`???' expects type \`???', but argument 6 has type \`???'
2 format \`???' expects type \`???', but argument 4 has type \`???'
2 format \`???' expects type \`???', but argument 15 has type \`???'
1 unused parameter \`???'
1 this is the location of the previous definition
1 \`rtx' redefined
1 function returns address of local variable
1 \`???' function does return
1 \`???' defined but not used
1 \`???' declared \`???' but never defined
1 comparison of distinct pointer types lacks a cast
1 argument \`???' might be clobbered by \`???' or \`???'
Counting all warnings,
there are 0 warnings in stage3 of this bootstrap.
Number of warnings per file:
Number of warning types:
More information about the Gcc-testresults
mailing list