Results for 4.2.0 20060403 (experimental) testsuite on i686-pc-linux-gnu
CodeSourcery Automatic Testing System
gcc@codesourcery.com
Mon Apr 3 11:06:00 GMT 2006
LAST_UPDATED: Mon Apr 3 07:16:25 UTC 2006 (/trunk revision 112634)
Native configuration is i686-pc-linux-gnu
=== g++ tests ===
Running target unix
FAIL: g++.dg/init/ctor4.C (test for excess errors)
FAIL: g++.dg/parse/register1.C (test for excess errors)
FAIL: g++.old-deja/g++.brendan/warnings4.C (test for excess errors)
FAIL: g++.old-deja/g++.jason/overload34.C (test for excess errors)
FAIL: g++.old-deja/g++.mike/p11110.C (test for excess errors)
=== g++ Summary ===
# of expected passes 12389
# of unexpected failures 5
# of expected failures 67
# of unsupported tests 69
/scratch/gcc/nightly-2006-04-03-mainline/i686-pc-linux-gnu/build_gcc/install/bin/c++ version 4.2.0 20060403 (experimental)
=== gcc tests ===
Running target unix
WARNING: program timed out.
FAIL: gcc.c-torture/compile/20001226-1.c -O0 (test for excess errors)
WARNING: program timed out.
FAIL: gcc.c-torture/compile/20001226-1.c -Os (test for excess errors)
=== gcc Summary ===
# of expected passes 39251
# of unexpected failures 2
# of expected failures 112
# of untested testcases 28
# of unsupported tests 267
/scratch/gcc/nightly-2006-04-03-mainline/i686-pc-linux-gnu/build_gcc/install/bin/gcc version 4.2.0 20060403 (experimental)
=== libstdc++ tests ===
Running target unix
=== libstdc++ Summary ===
# of expected passes 4168
# of expected failures 13
# of unsupported tests 2
Compiler version: 4.2.0 20060403 (experimental)
Platform: i686-pc-linux-gnu
configure flags: --disable-nls --build=i686-pc-linux-gnu --host=i686-pc-linux-gnu --target=i686-pc-linux-gnu --enable-languages=c,c++ --enable-shared --enable-threads --disable-libmudflap --disable-libssp --disable-libgomp --disable-libstdcxx-pch --with-gnu-as --with-as=/scratch/gcc/nightly-2006-04-03-mainline/i686-pc-linux-gnu/build_gcc/install/bin/as --with-gnu-ld --with-ld=/scratch/gcc/nightly-2006-04-03-mainline/i686-pc-linux-gnu/build_gcc/install/bin/ld --prefix=/scratch/gcc/nightly-2006-04-03-mainline/i686-pc-linux-gnu/build_gcc/install
More information about the Gcc-testresults
mailing list