Results for 4.1.1 20060331 (prerelease) gcc testsuite on arm-unknown-elf
mstein
mstein@phenix.rootshell.be
Sun Apr 2 05:00:00 GMT 2006
Ubuntu 5 on pentium3-smp
cross tool versions:
GNU assembler 2.16.91 20060319
GNU gdb 6.4.50.20060319-cvs
GNU ld version 2.16.91 20060319
GNU Make 3.80
expect version 5.42.1
host gcc version: gcc (GCC) 4.2.0 20060329 (experimental)
LAST_UPDATED: Fri Mar 31 23:24:56 UTC 2006 (revision 112593M)
Target is arm-unknown-elf
Host is i686-pc-linux-gnu
=== gcc tests ===
Running target arm-sim/-mthumb
XPASS: gcc.c-torture/execute/941014-1.c execution, -O0
FAIL: gcc.dg/intmax_t-1.c (test for errors, line )
FAIL: gcc.dg/pragma-pack-3.c execution test
FAIL: gcc.dg/sibcall-3.c execution test
FAIL: gcc.dg/sibcall-4.c execution test
XPASS: gcc.dg/tree-ssa/20040204-1.c scan-tree-dump-times link_error 0
=== gcc Summary ===
# of expected passes 36875
# of unexpected failures 4
# of unexpected successes 2
# of expected failures 76
# of untested testcases 28
# of unsupported tests 350
/home/mstein/sim/arm-elf/build/gcc/xgcc version 4.1.1 20060331 (prerelease)
Compiler version: 4.1.1 20060331 (prerelease) gcc
Platform: arm-unknown-elf
configure flags: --target=arm-elf --prefix=/n/07/mstein/cross-local --disable-nls --disable-build-warnings --with-ld=/n/07/mstein/cross-local/bin/arm-elf-ld --with-as=/n/07/mstein/cross-local/bin/arm-elf-as --disable-libssp --enable-languages=c
More information about the Gcc-testresults
mailing list