[Fwd: Results for 4.1.0 20050925 (experimental) testsuite on i686-pc-linux-gnu]
Joern RENNECKE
joern.rennecke@st.com
Mon Sep 26 18:19:00 GMT 2005
-------- Original Message --------
Subject: Results for 4.1.0 20050925 (experimental) testsuite on
i686-pc-linux-gnu
Date: Mon, 26 Sep 2005 19:12:15 +0100
From: Joern Rennecke <renneckej@bristol.st.com>
To: joern.rennecke@st.com
LAST_UPDATED: 2005-09-25 23:00 UTC
Native configuration is i686-pc-linux-gnu
=== gcc tests ===
Running target unix
=== gcc Summary ===
# of expected passes 37380
# of expected failures 96
# of untested testcases 28
# of unsupported tests 344
/mnt/scratch/nightly/2005-09-25/i686/gcc/xgcc version 4.1.0 20050925 (experimental)
=== g++ tests ===
Running target unix
FAIL: g++.dg/other/i386-1.C execution test
=== g++ Summary ===
# of expected passes 11397
# of unexpected failures 1
# of expected failures 67
# of unsupported tests 62
/mnt/scratch/nightly/2005-09-25/i686/gcc/testsuite/../g++ version 4.1.0 20050925 (experimental)
=== objc tests ===
Running target unix
=== objc Summary ===
# of expected passes 1672
# of unsupported tests 22
/mnt/scratch/nightly/2005-09-25/i686/gcc/xgcc version 4.1.0 20050925 (experimental)
=== libjava tests ===
Running target unix
=== libjava Summary ===
# of expected passes 3968
# of expected failures 10
# of untested testcases 8
=== libstdc++ tests ===
Running target unix
FAIL: 23_containers/set/explicit_instantiation/2.cc (test for excess errors)
XPASS: 26_numerics/cmath/c99_classification_macros_c.cc (test for excess errors)
=== libstdc++ Summary ===
# of expected passes 1585
# of unexpected failures 1
# of unexpected successes 1
# of expected failures 6
# of unsupported tests 4
Compiler version: 4.1.0 20050925 (experimental)
Platform: i686-pc-linux-gnu
configure flags: --with-arch=i686 --enable-languages=c,c++,java,objc
More information about the Gcc-testresults
mailing list