Results for 4.1.0 20050919 (experimental) testsuite on x86_64-unknown-linux-gnu, -ftree-vectorize
Andrew Pinski
pinskia@physics.uc.edu
Mon Sep 26 13:18:00 GMT 2005
LAST_UPDATED: Mon Sep 19 17:21:00 UTC 2005
=== acats tests ===
FAIL: c34007p
FAIL: c34007r
FAIL: c45282b
FAIL: c45651a
FAIL: c48009e
FAIL: c52103x
FAIL: c52104x
FAIL: c52104y
FAIL: c64104c
FAIL: ca11c01
FAIL: cd10002
FAIL: cdd2a02
=== acats Summary ===
# of expected passes 2307
# of unexpected failures 12
Native configuration is x86_64-unknown-linux-gnu
=== gcc tests ===
Running target unix/-ftree-vectorize
FAIL: gcc.c-torture/execute/builtin-bitops-1.c compilation, -O3
-fomit-frame-pointer
UNRESOLVED: gcc.c-torture/execute/builtin-bitops-1.c execution, -O3
-fomit-frame-pointer
FAIL: gcc.c-torture/execute/builtin-bitops-1.c compilation, -O3
-fomit-frame-pointer -funroll-loops
UNRESOLVED: gcc.c-torture/execute/builtin-bitops-1.c execution, -O3
-fomit-frame-pointer -funroll-loops
FAIL: gcc.c-torture/execute/builtin-bitops-1.c compilation, -O3
-fomit-frame-pointer -funroll-all-loops -finline-functions
UNRESOLVED: gcc.c-torture/execute/builtin-bitops-1.c execution, -O3
-fomit-frame-pointer -funroll-all-loops -finline-functions
FAIL: gcc.c-torture/execute/builtin-bitops-1.c compilation, -O3 -g
UNRESOLVED: gcc.c-torture/execute/builtin-bitops-1.c execution, -O3 -g
FAIL: gcc.dg/cpp/arith-3.c (test for bogus messages, line 257)
FAIL: gcc.dg/i386-cadd.c scan-assembler sbb
FAIL: gcc.dg/register-var-3.c (test for errors, line 3)
FAIL: gcc.dg/register-var-3.c (test for errors, line 4)
FAIL: gcc.dg/register-var-3.c (test for errors, line 5)
FAIL: gcc.dg/register-var-3.c (test for errors, line 6)
FAIL: gcc.dg/register-var-3.c (test for errors, line 7)
FAIL: gcc.dg/register-var-3.c (test for errors, line 8)
FAIL: gcc.dg/register-var-3.c (test for errors, line 9)
FAIL: gcc.dg/register-var-3.c (test for excess errors)
FAIL: gcc.dg/tree-ssa/loop-3.c scan-tree-dump-times step: 1
=== gcc Summary ===
# of expected passes 37218
# of unexpected failures 15
# of expected failures 100
# of unresolved testcases 4
# of untested testcases 28
# of unsupported tests 457
/home/pinskia/src/onetest/gcc/objdir/gcc/xgcc version 4.1.0 20050919
(experimental)
=== gfortran tests ===
Running target unix/-ftree-vectorize
=== gfortran Summary ===
# of expected passes 9441
# of expected failures 7
# of unsupported tests 16
/home/pinskia/src/onetest/gcc/objdir/gcc/testsuite/../gfortran version
4.1.0 20050919 (experimental)
=== g++ tests ===
Running target unix/-ftree-vectorize
FAIL: g++.dg/init/struct3.C (test for excess errors)
=== g++ Summary ===
# of expected passes 11304
# of unexpected failures 1
# of expected failures 67
# of unsupported tests 92
/home/pinskia/src/onetest/gcc/objdir/gcc/testsuite/../g++ version
4.1.0 20050919 (experimental)
=== obj-c++ tests ===
Running target unix/-ftree-vectorize
FAIL: obj-c++.dg/bitfield-1.mm (test for excess errors)
FAIL: obj-c++.dg/bitfield-4.mm (test for excess errors)
FAIL: obj-c++.dg/comp-types-10.mm (test for excess errors)
FAIL: obj-c++.dg/cxx-ivars-2.mm execution test
FAIL: obj-c++.dg/encode-3.mm execution test
FAIL: obj-c++.dg/encode-4.mm (test for excess errors)
WARNING: obj-c++.dg/encode-4.mm compilation failed to produce executable
FAIL: obj-c++.dg/encode-5.mm (test for excess errors)
WARNING: obj-c++.dg/encode-5.mm compilation failed to produce executable
FAIL: obj-c++.dg/encode-6.mm (test for excess errors)
WARNING: obj-c++.dg/encode-6.mm compilation failed to produce executable
FAIL: obj-c++.dg/encode-8.mm execution test
FAIL: obj-c++.dg/isa-field-1.mm (test for excess errors)
FAIL: obj-c++.dg/layout-1.mm (test for excess errors)
FAIL: obj-c++.dg/lookup-2.mm (test for excess errors)
WARNING: obj-c++.dg/lookup-2.mm compilation failed to produce executable
FAIL: obj-c++.dg/method-19.mm (test for excess errors)
WARNING: obj-c++.dg/method-19.mm compilation failed to produce
executable
FAIL: obj-c++.dg/try-catch-2.mm (test for excess errors)
WARNING: obj-c++.dg/try-catch-2.mm compilation failed to produce
executable
FAIL: obj-c++.dg/try-catch-9.mm (test for excess errors)
WARNING: obj-c++.dg/try-catch-9.mm compilation failed to produce
executable
=== obj-c++ Summary ===
# of expected passes 408
# of unexpected failures 15
# of unsupported tests 13
/home/pinskia/src/onetest/gcc/objdir/gcc/testsuite/../g++ version
4.1.0 20050919 (experimental)
=== objc tests ===
Running target unix/-ftree-vectorize
FAIL: objc/execute/exceptions/catchall-1.m execution, -Os
-fgnu-runtime
FAIL: objc/execute/exceptions/local-variables-1.m execution, -Os
-fgnu-runtime
=== objc Summary ===
# of expected passes 1670
# of unexpected failures 2
# of unsupported tests 22
/home/pinskia/src/onetest/gcc/objdir/gcc/xgcc version 4.1.0 20050919
(experimental)
=== libffi tests ===
Running target unix/-ftree-vectorize
=== libffi Summary ===
# of expected passes 228
# of unsupported tests 2
=== libjava tests ===
Running target unix/-ftree-vectorize
=== libjava Summary ===
# of expected passes 3968
# of expected failures 10
# of untested testcases 8
=== libmudflap tests ===
Running target unix/-ftree-vectorize
FAIL: libmudflap.c/pass36-frag.c (-static) output pattern test
FAIL: libmudflap.c/pass36-frag.c (-static) output pattern test
=== libmudflap Summary ===
# of expected passes 1777
# of unexpected failures 2
=== libstdc++ tests ===
Running target unix/-ftree-vectorize
FAIL: abi_check
XPASS: 26_numerics/cmath/c99_classification_macros_c.cc (test for
excess errors)
XPASS: 27_io/fpos/14320-1.cc execution test
FAIL: ext/pb_assoc/example/erase_if.cc execution test
=== libstdc++ Summary ===
# of expected passes 3293
# of unexpected failures 2
# of unexpected successes 2
# of expected failures 14
# of unsupported tests 319
Compiler version: 4.1.0 20050919 (experimental)
Platform: x86_64-unknown-linux-gnu
configure flags: --prefix=/home/pinskia/onetest.autovec
--disable-multilib
--enable-languages=c,ada,c++,fortran,java,objc,obj-c++
More information about the Gcc-testresults
mailing list