[Fwd: Results for 4.1.0 20050920 (experimental) testsuite on i686-pc-linux-gnu]
Joern RENNECKE
joern.rennecke@st.com
Thu Sep 22 18:11:00 GMT 2005
-------- Original Message --------
Subject: Results for 4.1.0 20050920 (experimental) testsuite on
i686-pc-linux-gnu
Date: Thu, 22 Sep 2005 19:05:27 +0100
From: Joern Rennecke <renneckej@bristol.st.com>
To: joern.rennecke@st.com
LAST_UPDATED: 2005-09-20 22:00 UTC
Native configuration is i686-pc-linux-gnu
=== gcc tests ===
Running target unix
WARNING: program timed out.
FAIL: gcc.c-torture/compile/20001226-1.c -O3 -g (test for excess errors)
=== gcc Summary ===
# of expected passes 37377
# of unexpected failures 1
# of expected failures 96
# of untested testcases 28
# of unsupported tests 344
/mnt/scratch/nightly/2005-09-20/i686/gcc/xgcc version 4.1.0 20050920 (experimental)
=== g++ tests ===
Running target unix
FAIL: g++.dg/other/i386-1.C execution test
=== g++ Summary ===
# of expected passes 11392
# of unexpected failures 1
# of expected failures 67
# of unsupported tests 62
/mnt/scratch/nightly/2005-09-20/i686/gcc/testsuite/../g++ version 4.1.0 20050920 (experimental)
=== objc tests ===
Running target unix
=== objc Summary ===
# of expected passes 1672
# of unsupported tests 22
/mnt/scratch/nightly/2005-09-20/i686/gcc/xgcc version 4.1.0 20050920 (experimental)
=== libjava tests ===
Running target unix
=== libjava Summary ===
# of expected passes 3968
# of expected failures 10
# of untested testcases 8
=== libstdc++ tests ===
Running target unix
XPASS: 26_numerics/cmath/c99_classification_macros_c.cc (test for excess errors)
=== libstdc++ Summary ===
# of expected passes 1586
# of unexpected successes 1
# of expected failures 6
# of unsupported tests 4
Compiler version: 4.1.0 20050920 (experimental)
Platform: i686-pc-linux-gnu
configure flags: --with-arch=i686 --enable-languages=c,c++,java,objc
More information about the Gcc-testresults
mailing list