Results for 4.1.0 20050912 (experimental) testsuite on s390-ibm-linux-gnu
Andreas Krebbel
krebbel1@de.ibm.com
Mon Sep 12 15:05:00 GMT 2005
LAST_UPDATED: Mon Sep 12 13:09:49 UTC 2005
Native configuration is s390-ibm-linux-gnu
=== g++ tests ===
Running target unix
FAIL: g++.dg/template/array3.C (test for excess errors)
XPASS: g++.old-deja/g++.other/init5.C execution test
=== g++ Summary ===
# of expected passes 11281
# of unexpected failures 1
# of unexpected successes 1
# of expected failures 66
# of unsupported tests 100
/build/gcc-4.1-build/gcc/testsuite/../g++ version 4.1.0 20050912 (experimental)
=== gcc tests ===
Running target unix
XPASS: gcc.dg/cpp/cmdlne-dI-M.c scan-file (^|\\\\n)cmdlne-dI-M.*:[^\\\\n]*cmdlne-dI-M.c
XPASS: gcc.dg/cpp/cmdlne-dM-M.c scan-file (^|\\\\n)cmdlne-dM-M[^\\\\n]*:[^\\\\n]*cmdlne-dM-M.c
XPASS: gcc.dg/tree-ssa/20040204-1.c scan-tree-dump-times link_error 0
=== gcc Summary ===
# of expected passes 36283
# of unexpected successes 3
# of expected failures 73
# of untested testcases 28
# of unsupported tests 520
/build/gcc-4.1-build/gcc/xgcc version 4.1.0 20050912 (experimental)
=== gfortran tests ===
Running target unix
=== gfortran Summary ===
# of expected passes 9045
# of expected failures 1
# of unsupported tests 34
/build/gcc-4.1-build/gcc/testsuite/../gfortran version 4.1.0 20050912 (experimental)
=== objc tests ===
Running target unix
=== objc Summary ===
# of expected passes 1672
# of unsupported tests 22
/build/gcc-4.1-build/gcc/xgcc version 4.1.0 20050912 (experimental)
=== libffi tests ===
Running target unix
=== libffi Summary ===
# of expected passes 228
# of unsupported tests 2
=== libjava tests ===
Running target unix
=== libjava Summary ===
# of expected passes 3968
# of expected failures 10
# of untested testcases 8
=== libmudflap tests ===
Running target unix
=== libmudflap Summary ===
# of expected passes 1779
=== libstdc++ tests ===
Running target unix
XPASS: 26_numerics/cmath/c99_classification_macros_c.cc (test for excess errors)
=== libstdc++ Summary ===
# of expected passes 1594
# of unexpected successes 1
# of expected failures 6
Compiler version: 4.1.0 20050912 (experimental)
Platform: s390-ibm-linux-gnu
configure flags: --prefix=/build/gcc-4.1-install --enable-shared --with-system-zlib --enable-threads=posix --enable-__cxa_atexit --enable-checking=release --program-suffix=-4.1 --enable-languages=c,c++,f95,java,objc
More information about the Gcc-testresults
mailing list