Results for 4.0.2 20050911 (prerelease) testsuite on sparc-sun-solaris2.10
Eric Botcazou
eric@linux.site
Sun Sep 11 18:21:00 GMT 2005
LAST_UPDATED: Sun Sep 11 05:45:06 UTC 2005
Native configuration is sparc-sun-solaris2.10
=== g++ tests ===
Running target unix
FAIL: g++.dg/other/error8.C (test for errors, line 8)
FAIL: g++.dg/other/error8.C (test for errors, line 9)
FAIL: g++.dg/other/error8.C duplicate error messages (test for bogus messages, line 8)
FAIL: g++.dg/other/error8.C duplicate error messages (test for bogus messages, line 9)
FAIL: g++.dg/template/union1.C (test for excess errors)
WARNING: g++.dg/template/union1.C compilation failed to produce executable
=== g++ Summary for unix ===
# of expected passes 10984
# of unexpected failures 5
# of expected failures 69
# of unsupported tests 117
Running target unix/-m64
FAIL: g++.dg/other/error8.C (test for errors, line 8)
FAIL: g++.dg/other/error8.C (test for errors, line 9)
FAIL: g++.dg/other/error8.C duplicate error messages (test for bogus messages, line 8)
FAIL: g++.dg/other/error8.C duplicate error messages (test for bogus messages, line 9)
FAIL: g++.dg/template/union1.C (test for excess errors)
WARNING: g++.dg/template/union1.C compilation failed to produce executable
=== g++ Summary for unix/-m64 ===
# of expected passes 10952
# of unexpected failures 5
# of expected failures 69
# of unsupported tests 119
=== g++ Summary ===
# of expected passes 21936
# of unexpected failures 10
# of expected failures 138
# of unsupported tests 236
/opt/build/eric/gcc-4_0-branch/gcc/testsuite/../g++ version 4.0.2 20050911 (prerelease)
=== gcc tests ===
Running target unix
=== gcc Summary for unix ===
# of expected passes 34676
# of expected failures 95
# of untested testcases 28
# of unsupported tests 549
Running target unix/-m64
=== gcc Summary for unix/-m64 ===
# of expected passes 34671
# of expected failures 95
# of untested testcases 28
# of unsupported tests 551
=== gcc Summary ===
# of expected passes 69347
# of expected failures 190
# of untested testcases 56
# of unsupported tests 1100
/opt/build/eric/gcc-4_0-branch/gcc/xgcc version 4.0.2 20050911 (prerelease)
=== gfortran tests ===
Running target unix
=== gfortran Summary for unix ===
# of expected passes 8171
# of expected failures 1
# of unsupported tests 17
Running target unix/-m64
=== gfortran Summary for unix/-m64 ===
# of expected passes 8171
# of expected failures 1
# of unsupported tests 17
=== gfortran Summary ===
# of expected passes 16342
# of expected failures 2
# of unsupported tests 34
/opt/build/eric/gcc-4_0-branch/gcc/testsuite/../gfortran version 4.0.2 20050911 (prerelease)
=== objc tests ===
Running target unix
=== objc Summary for unix ===
# of expected passes 1536
# of unsupported tests 10
Running target unix/-m64
=== objc Summary for unix/-m64 ===
# of expected passes 1536
# of unsupported tests 10
=== objc Summary ===
# of expected passes 3072
# of unsupported tests 20
/opt/build/eric/gcc-4_0-branch/gcc/xgcc version 4.0.2 20050911 (prerelease)
=== libffi tests ===
Running target unix
=== libffi Summary for unix ===
# of expected passes 219
# of unsupported tests 2
Running target unix/-m64
=== libffi Summary for unix/-m64 ===
# of expected passes 219
# of unsupported tests 2
=== libffi Summary ===
# of expected passes 438
# of unsupported tests 4
=== libjava tests ===
Running target unix
FAIL: Array_3 execution - gij test
FAIL: Array_3 execution - gij test
FAIL: FileHandleGcTest execution - source compiled test
FAIL: FileHandleGcTest execution - gij test
FAIL: FileHandleGcTest execution - bytecode->native test
FAIL: FileHandleGcTest -O3 execution - source compiled test
FAIL: FileHandleGcTest execution - gij test
FAIL: FileHandleGcTest -O3 execution - bytecode->native test
=== libjava Summary for unix ===
# of expected passes 3798
# of unexpected failures 8
# of expected failures 14
# of untested testcases 24
Running target unix/-m64
FAIL: Array_3 execution - gij test
FAIL: Array_3 execution - gij test
FAIL: FileHandleGcTest execution - source compiled test
FAIL: FileHandleGcTest execution - gij test
FAIL: FileHandleGcTest execution - bytecode->native test
FAIL: FileHandleGcTest -O3 execution - source compiled test
FAIL: FileHandleGcTest execution - gij test
FAIL: FileHandleGcTest -O3 execution - bytecode->native test
FAIL: Throw_2 execution - gij test
FAIL: Throw_2 execution - gij test
=== libjava Summary for unix/-m64 ===
# of expected passes 3794
# of unexpected failures 10
# of expected failures 14
# of untested testcases 26
=== libjava Summary ===
# of expected passes 7592
# of unexpected failures 18
# of expected failures 28
# of untested testcases 50
=== libstdc++ tests ===
Running target unix
XPASS: 27_io/basic_istream/extractors_arithmetic/char/12.cc execution test
XPASS: 27_io/basic_istream/extractors_arithmetic/wchar_t/12.cc execution test
=== libstdc++ Summary for unix ===
# of expected passes 3662
# of unexpected successes 2
# of expected failures 12
Running target unix/-m64
XPASS: 27_io/basic_istream/extractors_arithmetic/char/12.cc execution test
XPASS: 27_io/basic_istream/extractors_arithmetic/wchar_t/12.cc execution test
XPASS: 27_io/fpos/14320-1.cc execution test
FAIL: ext/array_allocator/2.cc execution test
=== libstdc++ Summary for unix/-m64 ===
# of expected passes 3661
# of unexpected failures 1
# of unexpected successes 3
# of expected failures 11
=== libstdc++ Summary ===
# of expected passes 7323
# of unexpected failures 1
# of unexpected successes 5
# of expected failures 23
Compiler version: 4.0.2 20050911 (prerelease)
Platform: sparc-sun-solaris2.10
configure flags: --prefix=/opt/build/eric/local/gcc-4_0-branch --with-gmp=/opt/build/eric/local --with-mpfr=/opt/build/eric/local --with-local-prefix=/opt/build/eric/local --enable-languages=c,c++,f95,java,objc
BOOT_CFLAGS=-g -O2
More information about the Gcc-testresults
mailing list