Results for 4.0.2 20050911 (prerelease) testsuite on sparc-sun-solaris2.6
Eric Botcazou
eric@linux.site
Sun Sep 11 18:20:00 GMT 2005
LAST_UPDATED: Sun Sep 11 05:45:06 UTC 2005
Native configuration is sparc-sun-solaris2.6
=== g++ tests ===
Running target unix
FAIL: g++.dg/other/error8.C (test for errors, line 8)
FAIL: g++.dg/other/error8.C (test for errors, line 9)
FAIL: g++.dg/other/error8.C duplicate error messages (test for bogus messages, line 8)
FAIL: g++.dg/other/error8.C duplicate error messages (test for bogus messages, line 9)
FAIL: g++.dg/template/union1.C (test for excess errors)
WARNING: g++.dg/template/union1.C compilation failed to produce executable
FAIL: g++.dg/pch/externc-1.C -g assembly comparison
FAIL: g++.dg/pch/externc-1.C -O2 -g assembly comparison
FAIL: g++.dg/pch/static-1.C -g assembly comparison
FAIL: g++.dg/pch/static-1.C -O2 -g assembly comparison
FAIL: g++.dg/pch/system-1.C -g assembly comparison
FAIL: g++.dg/pch/system-1.C -O2 -g assembly comparison
FAIL: g++.dg/pch/system-2.C -g assembly comparison
FAIL: g++.dg/pch/system-2.C -O2 -g assembly comparison
FAIL: g++.dg/pch/uninst.C -g assembly comparison
FAIL: g++.dg/pch/uninst.C -O2 -g assembly comparison
FAIL: g++.dg/pch/wchar-1.C -g assembly comparison
FAIL: g++.dg/pch/wchar-1.C -O2 -g assembly comparison
=== g++ Summary ===
# of expected passes 10752
# of unexpected failures 17
# of expected failures 69
# of unsupported tests 117
/opt/build/eric/gcc-4_0-branch/gcc/testsuite/../g++ version 4.0.2 20050911 (prerelease)
=== gcc tests ===
Running target unix
=== gcc Summary ===
# of expected passes 34304
# of expected failures 94
# of untested testcases 28
# of unsupported tests 550
/opt/build/eric/gcc-4_0-branch/gcc/xgcc version 4.0.2 20050911 (prerelease)
=== gfortran tests ===
Running target unix
=== gfortran Summary ===
# of expected passes 8171
# of expected failures 1
# of unsupported tests 17
/opt/build/eric/gcc-4_0-branch/gcc/testsuite/../gfortran version 4.0.2 20050911 (prerelease)
=== objc tests ===
Running target unix
=== objc Summary ===
# of expected passes 1536
# of unsupported tests 10
/opt/build/eric/gcc-4_0-branch/gcc/xgcc version 4.0.2 20050911 (prerelease)
=== libstdc++ tests ===
Running target unix
WARNING: program timed out.
FAIL: 21_strings/basic_string/cons/char/1.cc execution test
FAIL: 22_locale/ctype/is/char/1.cc execution test
FAIL: 27_io/basic_filebuf/sgetn/char/1-in.cc execution test
FAIL: 27_io/basic_filebuf/sgetn/char/1-io.cc execution test
FAIL: 27_io/basic_filebuf/sgetn/char/2-in.cc execution test
FAIL: 27_io/basic_filebuf/sgetn/char/2-io.cc execution test
FAIL: 27_io/basic_istream/readsome/char/6746-2.cc execution test
=== libstdc++ Summary ===
# of expected passes 2581
# of unexpected failures 7
# of expected failures 12
Compiler version: 4.0.2 20050911 (prerelease)
Platform: sparc-sun-solaris2.6
configure flags: --prefix=/opt/build/eric/local/gcc-4_0-branch --with-gmp=/opt/build/eric/local --with-mpfr=/opt/build/eric/local --with-local-prefix=/opt/build/eric/local --enable-languages=c,c++,f95,java,objc
BOOT_CFLAGS=-g -O2
More information about the Gcc-testresults
mailing list