Results for 4.1.0 20050907 (experimental) testsuite on alphaev67-unknown-linux-gnu
Richard Henderson
rth@twiddle.net
Wed Sep 7 16:21:00 GMT 2005
LAST_UPDATED: Wed Sep 7 02:01:51 UTC 2005
Native configuration is alphaev67-unknown-linux-gnu
=== libffi tests ===
Running target unix
=== libffi Summary ===
# of expected passes 228
# of unsupported tests 2
=== libjava tests ===
Running target unix
=== libjava Summary ===
# of expected passes 3968
# of expected failures 10
# of untested testcases 8
=== libstdc++ tests ===
Running target unix
FAIL: abi_check
FAIL: 23_containers/set/explicit_instantiation/1.cc (test for excess errors)
FAIL: 23_containers/set/explicit_instantiation/2.cc (test for excess errors)
FAIL: 26_numerics/cstdlib/13943.cc (test for excess errors)
WARNING: 26_numerics/cstdlib/13943.cc compilation failed to produce executable
XPASS: 27_io/fpos/14320-1.cc execution test
=== libstdc++ Summary ===
# of expected passes 3253
# of unexpected failures 4
# of unexpected successes 1
# of expected failures 13
# of unsupported tests 319
=== g++ tests ===
Running target unix
FAIL: g++.dg/tls/diag-1.C (test for excess errors)
=== g++ Summary ===
# of expected passes 11256
# of unexpected failures 1
# of expected failures 67
# of unsupported tests 101
/home/rth/work/gcc/bld-cron/gcc/testsuite/../g++ version 4.1.0 20050907 (experimental)
=== gcc tests ===
Running target unix
FAIL: gcc.dg/vect/vect-22.c scan-tree-dump-times vectorized 4 loops 1
FAIL: gcc.dg/vect/vect-91.c scan-tree-dump-times vectorized 1 loops 3
=== gcc Summary ===
# of expected passes 36546
# of unexpected failures 2
# of expected failures 92
# of untested testcases 28
# of unsupported tests 586
/home/rth/work/gcc/bld-cron/gcc/xgcc version 4.1.0 20050907 (experimental)
=== gfortran tests ===
Running target unix
=== gfortran Summary ===
# of expected passes 8471
# of expected failures 5
# of unsupported tests 31
/home/rth/work/gcc/bld-cron/gcc/testsuite/../gfortran version 4.1.0 20050907 (experimental)
=== objc tests ===
Running target unix
=== objc Summary ===
# of expected passes 1668
# of unsupported tests 23
/home/rth/work/gcc/bld-cron/gcc/xgcc version 4.1.0 20050907 (experimental)
Compiler version: 4.1.0 20050907 (experimental)
Platform: alphaev67-unknown-linux-gnu
configure flags: --disable-libmudflap --prefix=/home/rth/work/gcc/run-41 --enable-languages=c,c++,f95,java,objc
More information about the Gcc-testresults
mailing list