Results for 3.3.6 testsuite on hppa2.0w-hp-hpux11.00
Rainer Emrich
r.emrich@de.tecosim.com
Fri Sep 2 07:46:00 GMT 2005
LAST_UPDATED: May 03, 2005 Obtained from ftp mirror.
Native configuration is hppa2.0w-hp-hpux11.00
=== g++ tests ===
Running target unix/
FAIL: g++.dg/compat/break/bitfield7 x_tst.o compile
UNRESOLVED: g++.dg/compat/break/bitfield7 x_tst.o-y_tst.o link
UNRESOLVED: g++.dg/compat/break/bitfield7 x_tst.o-y_tst.o execute
XPASS: g++.pt/static3.C (test for excess errors)
XPASS: g++.pt/static3.C Execution test
XPASS: g++.pt/static6.C (test for excess errors)
=== g++ Summary for unix/ ===
# of expected passes 8062
# of unexpected failures 1
# of unexpected successes 3
# of expected failures 101
# of unresolved testcases 2
# of untested testcases 23
# of unsupported tests 30
Running target unix/-mpa-risc-2-0
FAIL: g++.dg/compat/break/bitfield7 x_tst.o compile
UNRESOLVED: g++.dg/compat/break/bitfield7 x_tst.o-y_tst.o link
UNRESOLVED: g++.dg/compat/break/bitfield7 x_tst.o-y_tst.o execute
XPASS: g++.pt/static3.C (test for excess errors)
XPASS: g++.pt/static3.C Execution test
XPASS: g++.pt/static6.C (test for excess errors)
=== g++ Summary for unix/-mpa-risc-2-0 ===
# of expected passes 8062
# of unexpected failures 1
# of unexpected successes 3
# of expected failures 101
# of unresolved testcases 2
# of untested testcases 23
# of unsupported tests 30
=== g++ Summary ===
# of expected passes 16124
# of unexpected failures 2
# of unexpected successes 6
# of expected failures 202
# of unresolved testcases 4
# of untested testcases 46
# of unsupported tests 60
/c3600-1/disk1/SCRATCH/gcc-build/HP-UX/hppa2.0w-hp-hpux11.00/gcc-3.3.6/gcc-3.3.6/gcc/testsuite/../g++
version 3.3.6
=== g77 tests ===
Running target unix/
=== g77 Summary for unix/ ===
# of expected passes 1720
# of unsupported tests 8
Running target unix/-mpa-risc-2-0
=== g77 Summary for unix/-mpa-risc-2-0 ===
# of expected passes 1720
# of unsupported tests 8
=== g77 Summary ===
# of expected passes 3440
# of unsupported tests 16
/c3600-1/disk1/SCRATCH/gcc-build/HP-UX/hppa2.0w-hp-hpux11.00/gcc-3.3.6/gcc-3.3.6/gcc/testsuite/../g77
version 3.3.6
=== gcc tests ===
Running target unix/
FAIL: gcc.dg/duff-2.c (test for excess errors)
UNRESOLVED: weak-1.c
UNRESOLVED: weak-2.c
UNRESOLVED: wkali-1.c
UNRESOLVED: wkali-2.c
UNRESOLVED: gcc.dg/weak
=== gcc Summary for unix/ ===
# of expected passes 20930
# of unexpected failures 1
# of expected failures 67
# of unresolved testcases 5
# of unsupported tests 205
Running target unix/-mpa-risc-2-0
FAIL: gcc.c-torture/execute/20010122-1.c execution, -O0
FAIL: gcc.c-torture/execute/20010122-1.c execution, -O1
FAIL: gcc.c-torture/execute/20010122-1.c execution, -O2
FAIL: gcc.c-torture/execute/20010122-1.c execution, -O3 -g
FAIL: gcc.c-torture/execute/20010122-1.c execution, -Os
FAIL: gcc.dg/duff-2.c (test for excess errors)
UNRESOLVED: weak-1.c
UNRESOLVED: weak-2.c
UNRESOLVED: wkali-1.c
UNRESOLVED: wkali-2.c
UNRESOLVED: gcc.dg/weak
=== gcc Summary for unix/-mpa-risc-2-0 ===
# of expected passes 20925
# of unexpected failures 6
# of expected failures 67
# of unresolved testcases 5
# of unsupported tests 205
=== gcc Summary ===
# of expected passes 41855
# of unexpected failures 7
# of expected failures 134
# of unresolved testcases 10
# of unsupported tests 410
/c3600-1/disk1/SCRATCH/gcc-build/HP-UX/hppa2.0w-hp-hpux11.00/gcc-3.3.6/gcc-3.3.6/gcc/xgcc
version 3.3.6
=== objc tests ===
Running target unix/
=== objc Summary for unix/ ===
# of expected passes 1166
Running target unix/-mpa-risc-2-0
=== objc Summary for unix/-mpa-risc-2-0 ===
# of expected passes 1166
=== objc Summary ===
# of expected passes 2332
/c3600-1/disk1/SCRATCH/gcc-build/HP-UX/hppa2.0w-hp-hpux11.00/gcc-3.3.6/gcc-3.3.6/gcc/xgcc
version 3.3.6
=== libstdc++-v3 tests ===
Running target unix/
FAIL: 26_numerics/c99_classification_macros_c.cc (test for excess errors)
=== libstdc++-v3 Summary for unix/ ===
# of expected passes 417
# of unexpected failures 1
# of expected failures 17
# of unsupported tests 6
Running target unix/-mpa-risc-2-0
FAIL: 26_numerics/c99_classification_macros_c.cc (test for excess errors)
=== libstdc++-v3 Summary for unix/-mpa-risc-2-0 ===
# of expected passes 417
# of unexpected failures 1
# of expected failures 17
# of unsupported tests 6
=== libstdc++-v3 Summary ===
# of expected passes 834
# of unexpected failures 2
# of expected failures 34
# of unsupported tests 12
Compiler version: 3.3.6
Platform: hppa2.0w-hp-hpux11.00
configure flags: --host=hppa2.0w-hp-hpux11.00
--prefix=/SCRATCH/gcc-build/HP-UX/hppa2.0w-hp-hpux11.00/install
--with-gnu-as
--with-as=/SCRATCH/gcc-build/HP-UX/hppa2.0w-hp-hpux11.00/install/bin/as
--with-ld=/usr/ccs/bin/ld --enable-threads=single --disable-shared
--disable-nls --enable-languages=c,c++,objc,f77
binutils:
binutils-2.16.1
Build system:
HP-UX c3600-1 B.11.00 A 9000/785 unknown unknown HP-UX
cc for building:
gcc -mpa-risc-2-0
gcc (GCC) 3.3.6
Copyright (C) 2003 Free Software Foundation, Inc.
This is free software; see the source for copying conditions. There is NO
warranty; not even for MERCHANTABILITY or FITNESS FOR A PARTICULAR PURPOSE.
as for building:
GNU assembler 2.16.1
Copyright 2005 Free Software Foundation, Inc.
This program is free software; you may redistribute it under the terms of
the GNU General Public License. This program has absolutely no warranty.
This assembler was configured for a target of \`hppa2.0w-hp-hpux11.00'.
ld for building:
92453-07 linker command s800.sgs ld PA64 B.11.43 REL 050124
/usr/ccs/bin/ld: Usage: /usr/ccs/bin/ld [options] [flags] files
/usr/ccs/bin/ld: 92453-07 linker linker ld B.11.43 050125
More information about the Gcc-testresults
mailing list