Results for 4.1.0 20051026 (experimental) testsuite on s390-ibm-linux-gnu

Andreas Krebbel krebbel1@de.ibm.com
Mon Oct 31 10:31:00 GMT 2005


LAST_UPDATED: Mon Oct 31 00:37:13 UTC 2005

Native configuration is s390-ibm-linux-gnu

		=== g++ tests ===


Running target unix
XPASS: g++.old-deja/g++.other/init5.C execution test

		=== g++ Summary ===

# of expected passes		11456
# of unexpected successes	1
# of expected failures		66
# of unsupported tests		103
/build/BUILD/gcc-4.1.0/obj-s390-redhat-linux/gcc/testsuite/../g++  version 4.1.0 20051026 (experimental)

		=== gcc tests ===


Running target unix
XPASS: gcc.dg/tree-ssa/20040204-1.c scan-tree-dump-times link_error 0

		=== gcc Summary ===

# of expected passes		36550
# of unexpected successes	1
# of expected failures		74
# of untested testcases		28
# of unsupported tests		522
/build/BUILD/gcc-4.1.0/obj-s390-redhat-linux/gcc/xgcc  version 4.1.0 20051026 (experimental)

		=== gfortran tests ===


Running target unix

		=== gfortran Summary ===

# of expected passes		9950
# of expected failures		9
# of unsupported tests		50
/build/BUILD/gcc-4.1.0/obj-s390-redhat-linux/gcc/testsuite/../gfortran  version 4.1.0 20051026 (experimental)

		=== obj-c++ tests ===


Running target unix
FAIL: obj-c++.dg/cxx-ivars-2.mm execution test
FAIL: obj-c++.dg/encode-8.mm execution test
FAIL: obj-c++.dg/isa-field-1.mm (test for excess errors)
FAIL: obj-c++.dg/lookup-2.mm (test for excess errors)
WARNING: obj-c++.dg/lookup-2.mm compilation failed to produce executable
FAIL: obj-c++.dg/try-catch-2.mm (test for excess errors)
WARNING: obj-c++.dg/try-catch-2.mm compilation failed to produce executable
FAIL: obj-c++.dg/try-catch-9.mm (test for excess errors)
WARNING: obj-c++.dg/try-catch-9.mm compilation failed to produce executable

		=== obj-c++ Summary ===

# of expected passes		423
# of unexpected failures	6
# of unsupported tests		13
/build/BUILD/gcc-4.1.0/obj-s390-redhat-linux/gcc/testsuite/../g++  version 4.1.0 20051026 (experimental)

		=== objc tests ===


Running target unix

		=== objc Summary ===

# of expected passes		1672
# of unsupported tests		22
/build/BUILD/gcc-4.1.0/obj-s390-redhat-linux/gcc/xgcc  version 4.1.0 20051026 (experimental)

		=== libffi tests ===


Running target unix

		=== libffi Summary ===

# of expected passes		228
# of unsupported tests		2
		=== libjava tests ===


Running target unix

		=== libjava Summary ===

# of expected passes		3986
# of expected failures		10
# of untested testcases		8
		=== libmudflap tests ===


Running target unix

		=== libmudflap Summary ===

# of expected passes		1789
		=== libstdc++ tests ===


Running target unix
XPASS: 26_numerics/cmath/c99_classification_macros_c.cc (test for excess errors)

		=== libstdc++ Summary ===

# of expected passes		1643
# of unexpected successes	1
# of expected failures		6

Compiler version: 4.1.0 20051026 (experimental) 
Platform: s390-ibm-linux-gnu
configure flags: --prefix=/usr --mandir=/usr/share/man --infodir=/usr/share/info --enable-shared --enable-threads=posix --enable-checking=release --with-system-zlib --enable-__cxa_atexit --disable-libunwind-exceptions --host=s390-redhat-linux --enable-languages=c,c++,fortran,java,objc,obj-c++



More information about the Gcc-testresults mailing list