Results for 4.0.3 20051029 (prerelease) testsuite on x86_64-unknown-linux-gnu
Toon Moene
toon@moene.indiv.nluug.nl
Sun Oct 30 10:06:00 GMT 2005
LAST_UPDATED: Sat Oct 29 18:27:39 UTC 2005
=== acats tests ===
=== acats Summary ===
# of expected passes 2320
# of unexpected failures 0
Native configuration is x86_64-unknown-linux-gnu
=== gcc tests ===
Running target unix
FAIL: gcc.dg/setjmp-2.c (test for excess errors)
WARNING: gcc.dg/setjmp-2.c compilation failed to produce executable
FAIL: gcc.dg/short-compare-1.c (test for excess errors)
WARNING: gcc.dg/short-compare-1.c compilation failed to produce executable
FAIL: gcc.dg/short-compare-2.c (test for excess errors)
WARNING: gcc.dg/short-compare-2.c compilation failed to produce executable
XPASS: gcc.dg/vect/vect-22.c scan-tree-dump-times vectorized 3 loops 1
=== gcc Summary ===
# of expected passes 35053
# of unexpected failures 3
# of unexpected successes 1
# of expected failures 98
# of untested testcases 28
# of unsupported tests 442
/home/toon/compilers/obj-40/gcc/xgcc version 4.0.3 20051029 (prerelease)
=== gfortran tests ===
Running target unix
=== gfortran Summary ===
# of expected passes 8459
# of expected failures 1
# of unsupported tests 16
/home/toon/compilers/obj-40/gcc/testsuite/../gfortran version 4.0.3 20051029 (prerelease)
=== g++ tests ===
Running target unix
=== g++ Summary ===
# of expected passes 11147
# of expected failures 69
# of unsupported tests 91
/home/toon/compilers/obj-40/gcc/testsuite/../g++ version 4.0.3 20051029 (prerelease)
=== objc tests ===
Running target unix
=== objc Summary ===
# of expected passes 1536
# of unsupported tests 10
/home/toon/compilers/obj-40/gcc/xgcc version 4.0.3 20051029 (prerelease)
=== libffi tests ===
Running target unix
=== libffi Summary ===
# of expected passes 219
# of unsupported tests 2
=== libjava tests ===
Running target unix
=== libjava Summary ===
# of expected passes 3874
# of expected failures 10
# of untested testcases 8
=== libmudflap tests ===
Running target unix
=== libmudflap Summary ===
# of expected passes 1288
=== libstdc++ tests ===
Running target unix
FAIL: abi_check
XPASS: 22_locale/locale/cons/12658_thread-1.cc execution test
XPASS: 26_numerics/cmath/c99_classification_macros_c.cc (test for excess errors)
XPASS: 27_io/fpos/14320-1.cc execution test
=== libstdc++ Summary ===
# of expected passes 3690
# of unexpected failures 1
# of unexpected successes 3
# of expected failures 11
Compiler version: 4.0.3 20051029 (prerelease)
Platform: x86_64-unknown-linux-gnu
configure flags: --disable-nls --disable-multilib --prefix=/usr/rel --enable-languages=c,ada,c++,f95,java,objc
More information about the Gcc-testresults
mailing list