Results for 4.1.0 20051023 (experimental) testsuite on s390-ibm-linux-gnu
Matthias Klose
doko@debian.org
Sun Oct 30 00:47:00 GMT 2005
LAST_UPDATED: So Okt 23 09:48:15 UTC 2005
Native configuration is s390-ibm-linux-gnu
=== g++ tests ===
Running target unix
XPASS: g++.old-deja/g++.other/init5.C execution test
=== g++ Summary ===
# of expected passes 11456
# of unexpected successes 1
# of expected failures 66
# of unsupported tests 103
/build/buildd/gcc-snapshot-20051023/build/gcc/testsuite/../g++ version 4.1.0 20051023 (experimental)
=== gcc tests ===
Running target unix
XPASS: gcc.dg/tree-ssa/20040204-1.c scan-tree-dump-times link_error 0
=== gcc Summary ===
# of expected passes 36547
# of unexpected successes 1
# of expected failures 74
# of untested testcases 28
# of unsupported tests 522
/build/buildd/gcc-snapshot-20051023/build/gcc/xgcc version 4.1.0 20051023 (experimental)
=== gfortran tests ===
Running target unix
=== gfortran Summary ===
# of expected passes 9674
# of expected failures 9
# of unsupported tests 50
/build/buildd/gcc-snapshot-20051023/build/gcc/testsuite/../gfortran version 4.1.0 20051023 (experimental)
=== obj-c++ tests ===
Running target unix
FAIL: obj-c++.dg/comp-types-10.mm (test for excess errors)
FAIL: obj-c++.dg/cxx-ivars-2.mm execution test
FAIL: obj-c++.dg/encode-8.mm execution test
FAIL: obj-c++.dg/isa-field-1.mm (test for excess errors)
FAIL: obj-c++.dg/lookup-2.mm (test for excess errors)
WARNING: obj-c++.dg/lookup-2.mm compilation failed to produce executable
FAIL: obj-c++.dg/try-catch-2.mm (test for excess errors)
WARNING: obj-c++.dg/try-catch-2.mm compilation failed to produce executable
FAIL: obj-c++.dg/try-catch-9.mm (test for excess errors)
WARNING: obj-c++.dg/try-catch-9.mm compilation failed to produce executable
=== obj-c++ Summary ===
# of expected passes 422
# of unexpected failures 7
# of unsupported tests 13
/build/buildd/gcc-snapshot-20051023/build/gcc/testsuite/../g++ version 4.1.0 20051023 (experimental)
=== objc tests ===
Running target unix
=== objc Summary ===
# of expected passes 1672
# of unsupported tests 22
/build/buildd/gcc-snapshot-20051023/build/gcc/xgcc version 4.1.0 20051023 (experimental)
=== treelang tests ===
Running target unix
=== treelang Summary ===
# of expected passes 50
=== libffi tests ===
Running target unix
=== libffi Summary ===
# of expected passes 228
# of unsupported tests 2
=== libjava tests ===
Running target unix
=== libjava Summary ===
# of expected passes 3986
# of expected failures 10
# of untested testcases 8
=== libmudflap tests ===
Running target unix
=== libmudflap Summary ===
# of expected passes 1789
=== libstdc++ tests ===
Running target unix
XPASS: 26_numerics/cmath/c99_classification_macros_c.cc (test for excess errors)
=== libstdc++ Summary ===
# of expected passes 3360
# of unexpected successes 1
# of expected failures 15
# of unsupported tests 315
Compiler version: 4.1.0 20051023 (experimental)
Platform: s390-ibm-linux-gnu
configure flags: -v --prefix=/usr/lib/gcc-snapshot --enable-shared --with-system-zlib --disable-nls --enable-__cxa_atexit --enable-libstdcxx-allocator=mt --enable-clocale=gnu --enable-libstdcxx-debug --enable-java-gc=boehm --enable-java-awt=gtk --enable-gtk-cairo --with-java-home=/usr/lib/gcc-snapshot/jre --enable-mpfr --disable-werror s390-linux-gnu --enable-languages=c,c++,fortran,java,objc,obj-c++,treelang
BOOT_CFLAGS=-O2
Build Dependencies:
Desired=Unknown/Install/Remove/Purge/Hold
| Status=Not/Installed/Config-files/Unpacked/Failed-config/Half-installed
|/ Err?=(none)/Hold/Reinst-required/X=both-problems (Status,Err: uppercase=bad)
||/ Name Version Description
+++-==============-===================-==============================================
ii binutils 2.16.1cvs20050902-1 The GNU assembler, linker and binary utilities
Patches that Debian applied in this version:
Counting all warnings,
there are 42 warnings in stage3 of this bootstrap.
Number of warnings per file:
11 treelang/lex.c
11 gengtype-lex.c
6 gcc/config/s390/s390.md
4 gcc/libgcc2.h
4 gcc/config/s390/fixdfdi.h
3 gcc/gcc.c
2 gcc/objc/lang-specs.h
1 gcc/java/jvspec.c
Number of warning types:
22 no previous prototype for `???'
6 string length `???' is greater than the length `???' ISO C89 compilers are required to support
4 this is the location of the previous definition
4 source missing a mode?
2 operand 2 missing mode?
2 `__fixsfdi' redefined
2 `__fixdfdi' redefined
More information about the Gcc-testresults
mailing list