Results for 4.1.0 20051022 (experimental) testsuite on i686-pc-linux-gnu

David Kredba kredba@math.cas.cz
Sun Oct 23 17:11:00 GMT 2005


LAST_UPDATED: Obtained from CVS:  -D2005-10-22 17:43 UTC

Native configuration is i686-pc-linux-gnu

                 === gcc tests ===


Running target unix
WARNING: program timed out.
FAIL: gcc.c-torture/compile/20001226-1.c  -O0  (test for excess errors)
FAIL: gcc.dg/ipa/ipa-5.c scan-ipa-dump-times versioned function 2
FAIL: gcc.dg/ipa/ipa-5.c scan-ipa-dump-times propagating const 2

                 === gcc Summary ===

# of expected passes            37612
# of unexpected failures        3
# of expected failures          96
# of untested testcases         28
# of unsupported tests          344
/home/dave2/gcc/gcc-4.1-20051022-obj/gcc/xgcc  version 4.1.0 20051022 
(experimental)

                 === gfortran tests ===


Running target unix
FAIL: gfortran.fortran-torture/execute/elemental.f90 execution,  -O3 
-fomit-frame-pointer -funroll-loops
FAIL: gfortran.fortran-torture/execute/elemental.f90 execution,  -O3 
-fomit-frame-pointer -funroll-all-loops -finline-functions

                 === gfortran Summary ===

# of expected passes            9706
# of unexpected failures        2
# of expected failures          12
# of unsupported tests          16
/home/dave2/gcc/gcc-4.1-20051022-obj/gcc/testsuite/../gfortran  version 
4.1.0 20051022 (experimental)

                 === g++ tests ===


Running target unix
XPASS: g++.old-deja/g++.other/init5.C execution test

                 === g++ Summary ===

# of expected passes            11537
# of unexpected successes       1
# of expected failures          66
# of unsupported tests          63
/home/dave2/gcc/gcc-4.1-20051022-obj/gcc/testsuite/../g++  version 4.1.0 
20051022 (experimental)

                 === objc tests ===


Running target unix

                 === objc Summary ===

# of expected passes            1672
# of unsupported tests          22
/home/dave2/gcc/gcc-4.1-20051022-obj/gcc/xgcc  version 4.1.0 20051022 
(experimental)

                 === treelang tests ===


Running target unix

                 === treelang Summary ===

# of expected passes            50
                 === libffi tests ===


Running target unix

                 === libffi Summary ===

# of expected passes            228
# of unsupported tests          2
                 === libjava tests ===


Running target unix

                 === libjava Summary ===

# of expected passes            3986
# of expected failures          10
# of untested testcases         8
                 === libmudflap tests ===


Running target unix

                 === libmudflap Summary ===

# of expected passes            1789
                 === libstdc++ tests ===


Running target unix
XPASS: 26_numerics/cmath/c99_classification_macros_c.cc (test for excess 
errors)

                 === libstdc++ Summary ===

# of expected passes            3360
# of unexpected successes       1
# of expected failures          15
# of unsupported tests          315

Compiler version: 4.1.0 20051022 (experimental)
Platform: i686-pc-linux-gnu
configure flags: --prefix=/home/dave2/local/gcc-4.1-20051022 
--enable-shared --enable-threads=posix --enable-__cxa_atexit 
--enable-nls --with-system-zlib 
--enable-languages=c,ada,c++,fortran,java,objc,treelang



More information about the Gcc-testresults mailing list