Results for 4.1.0 20051019 (experimental) testsuite on i686-pc-cygwin
Christian Joensson
christian.joensson@gmail.com
Thu Oct 20 17:43:00 GMT 2005
Windows XP/SP2 cygwin on pentium3 dual i686:
binutils 20050610-1
bison 20030307-1
cygwin 1.5.18-1
dejagnu 20021217-2
expect 20030128-1
gcc 3.4.4-1
gmp 4.1.4-2
make 3.80-1
tcltk 20030901-1
LAST_UPDATED: Wed Oct 19 06:10:25 UTC 2005
=== acats tests ===
FAIL: c23003b
FAIL: c23003g
FAIL: c23003i
FAIL: c32001e
FAIL: c34007p
FAIL: c34007r
FAIL: c37010a
FAIL: c41104a
FAIL: c45281a
FAIL: c45532j
FAIL: c45532l
FAIL: c45532m
FAIL: c45532n
FAIL: c45532o
FAIL: c45532p
FAIL: c48006b
FAIL: c52103x
FAIL: c52104x
FAIL: c52104y
FAIL: c62003a
FAIL: c62003b
FAIL: c64103e
FAIL: c64103f
FAIL: c64104i
FAIL: c64104j
FAIL: c64104k
FAIL: c64104l
FAIL: c64104m
FAIL: c64104n
FAIL: c64105b
FAIL: c95086b
FAIL: c96005d
FAIL: cb4001a
FAIL: cc3017c
FAIL: cc3120a
FAIL: cdd2a02
FAIL: ce3806g
FAIL: ce3806h
FAIL: ce3810b
FAIL: cxa5a09
FAIL: cxaa008
FAIL: cxac002
FAIL: cxf2001
FAIL: cxf2002
FAIL: cxf2003
FAIL: cxf2004
FAIL: cxf2005
FAIL: cxf2a02
FAIL: cxg2002
FAIL: cxg2003
FAIL: cxg2004
FAIL: cxg2006
FAIL: cxg2007
FAIL: cxg2010
FAIL: cxg2011
FAIL: cxg2012
FAIL: cxg2013
FAIL: cxg2015
FAIL: cxg2016
FAIL: cxg2017
FAIL: cxg2018
FAIL: cxg2019
FAIL: cxg2020
FAIL: cxg2021
FAIL: cxg2022
=== acats Summary ===
# of expected passes 1899
# of unexpected failures 65
# of unsupported tests 355
Native configuration is i686-pc-cygwin
=== g++ tests ===
Running target unix
FAIL: g++.dg/abi/local1.C execution test
FAIL: g++.dg/abi/rtti1.C scan-assembler-dem-not \\ntypeinfo for A[: \\t\\n]
WARNING: program timed out.
FAIL: g++.dg/eh/cleanup1.C (test for excess errors)
FAIL: g++.dg/init/array15.C execution test
FAIL: g++.dg/opt/complex3.C (test for excess errors)
FAIL: g++.dg/opt/vt1.C scan-assembler-not
section[^\\n\\r]*_ZTV1S[^\\n\\r]*"[^w"\\n\\r]*"
FAIL: g++.dg/other/i386-1.C execution test
FAIL: g++.dg/pch/externc-1.C -g assembly comparison
FAIL: g++.dg/pch/externc-1.C -O2 -g assembly comparison
FAIL: g++.dg/pch/static-1.C -g assembly comparison
FAIL: g++.dg/pch/static-1.C -O2 -g assembly comparison
FAIL: g++.dg/pch/system-1.C -g assembly comparison
FAIL: g++.dg/pch/system-1.C -O2 -g assembly comparison
FAIL: g++.dg/pch/system-2.C -g assembly comparison
FAIL: g++.dg/pch/system-2.C -O2 -g assembly comparison
FAIL: g++.dg/pch/uninst.C -g assembly comparison
FAIL: g++.dg/pch/uninst.C -O2 -g assembly comparison
FAIL: g++.dg/pch/wchar-1.C -g assembly comparison
FAIL: g++.dg/pch/wchar-1.C -O2 -g assembly comparison
FAIL: g++.old-deja/g++.eh/badalloc1.C execution test
XPASS: g++.old-deja/g++.ext/attrib5.C execution test
=== g++ Summary ===
# of expected passes 11693
# of unexpected failures 20
# of unexpected successes 1
# of expected failures 67
# of unsupported tests 114
/usr/local/src/trunk/objdir/gcc/testsuite/../g++ version 4.1.0
20051019 (experimental)
=== gcc tests ===
Running target unix
FAIL: gcc.c-torture/compile/20001226-1.c (test for excess errors)
FAIL: gcc.c-torture/compile/packed-1.c (test for excess errors)
FAIL: gcc.dg/20021014-1.c (test for excess errors)
WARNING: gcc.dg/20021014-1.c compilation failed to produce executable
FAIL: gcc.dg/i386-pic-1.c (test for errors, line 10)
FAIL: gcc.dg/i386-sse-vect-types.c (test for errors, line 17)
FAIL: gcc.dg/pr17957.c (test for excess errors)
=== gfortran tests ===
Running target unix
FAIL: gfortran.dg/large_real_kind_2.F90 (test for excess errors)
WARNING: gfortran.dg/large_real_kind_2.F90 compilation failed to
produce executable
FAIL: gfortran.dg/large_real_kind_2.F90 (test for excess errors)
WARNING: gfortran.dg/large_real_kind_2.F90 compilation failed to
produce executable
FAIL: gfortran.dg/large_real_kind_2.F90 (test for excess errors)
WARNING: gfortran.dg/large_real_kind_2.F90 compilation failed to
produce executable
FAIL: gfortran.dg/large_real_kind_2.F90 (test for excess errors)
WARNING: gfortran.dg/large_real_kind_2.F90 compilation failed to
produce executable
FAIL: gfortran.dg/large_real_kind_2.F90 (test for excess errors)
WARNING: gfortran.dg/large_real_kind_2.F90 compilation failed to
produce executable
FAIL: gfortran.dg/large_real_kind_2.F90 (test for excess errors)
WARNING: gfortran.dg/large_real_kind_2.F90 compilation failed to
produce executable
FAIL: gfortran.dg/large_real_kind_2.F90 (test for excess errors)
WARNING: gfortran.dg/large_real_kind_2.F90 compilation failed to
produce executable
FAIL: gfortran.dg/large_real_kind_2.F90 (test for excess errors)
WARNING: gfortran.dg/large_real_kind_2.F90 compilation failed to
produce executable
FAIL: gfortran.fortran-torture/execute/elemental.f90 execution, -O3
-fomit-frame-pointer -funroll-loops
FAIL: gfortran.fortran-torture/execute/elemental.f90 execution, -O3
-fomit-frame-pointer -funroll-all-loops -finline-functions
=== gfortran Summary ===
# of expected passes 9679
# of unexpected failures 10
# of expected failures 4
# of unsupported tests 16
/usr/local/src/trunk/objdir/gcc/testsuite/../gfortran version 4.1.0
20051019 (experimental)
=== objc tests ===
Running target unix
=== objc Summary ===
# of expected passes 1736
# of unsupported tests 22
/usr/local/src/trunk/objdir/gcc/xgcc version 4.1.0 20051019 (experimental)
=== treelang tests ===
Running target unix
ERROR: tcl error sourcing
/usr/local/src/trunk/gcc/gcc/testsuite/treelang/output/output.exp.
ERROR: rm: cannot remove \`treelang/output-1': No such file or directory
=== treelang Summary ===
# of expected passes 50
=== libstdc++ tests ===
Running target unix
FAIL: 26_numerics/cmath/c99_classification_macros_c.cc (test for excess errors)
FAIL: 27_io/basic_filebuf/seekoff/char/1-io.cc execution test
FAIL: 27_io/basic_filebuf/seekoff/char/1-io.cc execution test
FAIL: 27_io/basic_filebuf/seekoff/char/2-io.cc execution test
FAIL: 27_io/basic_filebuf/seekoff/char/2-io.cc execution test
FAIL: 27_io/basic_filebuf/seekpos/char/1-io.cc execution test
FAIL: 27_io/basic_filebuf/seekpos/char/1-io.cc execution test
FAIL: 27_io/basic_filebuf/seekpos/char/2-io.cc execution test
FAIL: 27_io/basic_filebuf/seekpos/char/2-io.cc execution test
FAIL: 27_io/basic_filebuf/sgetn/char/1-in.cc execution test
FAIL: 27_io/basic_filebuf/sgetn/char/1-in.cc execution test
FAIL: 27_io/basic_filebuf/sgetn/char/1-in.cc execution test
FAIL: 27_io/basic_filebuf/sgetn/char/1-io.cc execution test
FAIL: 27_io/basic_filebuf/sgetn/char/1-io.cc execution test
FAIL: 27_io/basic_filebuf/sgetn/char/1-io.cc execution test
FAIL: 27_io/basic_filebuf/sgetn/char/2-in.cc execution test
FAIL: 27_io/basic_filebuf/sgetn/char/2-in.cc execution test
FAIL: 27_io/basic_filebuf/sgetn/char/2-in.cc execution test
FAIL: 27_io/basic_filebuf/sgetn/char/2-io.cc execution test
FAIL: 27_io/basic_filebuf/sgetn/char/2-io.cc execution test
FAIL: 27_io/basic_filebuf/sgetn/char/2-io.cc execution test
FAIL: 27_io/basic_istream/extractors_arithmetic/char/12.cc execution test
FAIL: 27_io/basic_istream/extractors_arithmetic/char/12.cc execution test
FAIL: 27_io/basic_istream/extractors_arithmetic/char/12.cc execution test
FAIL: 27_io/basic_istream/readsome/char/6746-2.cc execution test
FAIL: 27_io/basic_istream/readsome/char/6746-2.cc execution test
FAIL: 27_io/basic_istream/readsome/char/6746-2.cc execution test
=== libstdc++ Summary ===
# of expected passes 5610
# of unexpected failures 27
# of expected failures 34
# of unsupported tests 434
Compiler version: 4.1.0 20051019 (experimental)
Platform: i686-pc-cygwin
configure flags: --enable-__cxa_atexit --enable-shared
--enable-languages=c,ada,c++,fortran,java,objc,treelang
Counting all warnings,
there are 417 warnings in stage0 of this bootstrap.
Number of warnings per file:
238 cc1
49 libgfortran/intrinsics/c99_functions.c
14 gcc/fixincludes/fixincl.x
9 libgfortran/intrinsics/date_and_time.c
5 libtool
3 libiberty/strsignal.c
2 gcc/ada/prj-nmsc.adb
1 time_members.cc
1 raise.c
1 numeric_members.cc
1 monetary_members.cc
1 messages_members.cc
1 libsupc++/vterminate.cc
1 libsupc++/vec.cc
1 libsupc++/tinfo2.cc
1 libsupc++/tinfo.cc
1 libsupc++/pure.cc
1 libsupc++/new_opvnt.cc
1 libsupc++/new_opv.cc
1 libsupc++/new_opnt.cc
1 libsupc++/new_op.cc
1 libsupc++/new_handler.cc
1 libsupc++/guard.cc
1 libsupc++/eh_unex_handler.cc
1 libsupc++/eh_type.cc
1 libsupc++/eh_throw.cc
1 libsupc++/eh_terminate.cc
1 libsupc++/eh_term_handler.cc
1 libsupc++/eh_personality.cc
1 libsupc++/eh_globals.cc
1 libsupc++/eh_exception.cc
1 libsupc++/eh_catch.cc
1 libsupc++/eh_call.cc
1 libsupc++/eh_aux_runtime.cc
1 libsupc++/eh_arm.cc
1 libsupc++/eh_alloc.cc
1 libsupc++/del_opvnt.cc
1 libsupc++/del_opv.cc
1 libsupc++/del_opnt.cc
1 libsupc++/del_op.cc
1 libstdc++-v3/src/wstring-inst.cc
1 libstdc++-v3/src/wlocale-inst.cc
1 libstdc++-v3/src/valarray-inst.cc
1 libstdc++-v3/src/tree.cc
1 libstdc++-v3/src/strstream.cc
1 libstdc++-v3/src/string-inst.cc
1 libstdc++-v3/src/streambuf.cc
1 libstdc++-v3/src/streambuf-inst.cc
1 libstdc++-v3/src/stdexcept.cc
1 libstdc++-v3/src/sstream-inst.cc
1 libstdc++-v3/src/pool_allocator.cc
1 libstdc++-v3/src/ostream-inst.cc
1 libstdc++-v3/src/mt_allocator.cc
1 libstdc++-v3/src/misc-inst.cc
1 libstdc++-v3/src/localename.cc
1 libstdc++-v3/src/locale_init.cc
1 libstdc++-v3/src/locale_facets.cc
1 libstdc++-v3/src/locale.cc
1 libstdc++-v3/src/locale-misc-inst.cc
1 libstdc++-v3/src/locale-inst.cc
1 libstdc++-v3/src/list.cc
1 libstdc++-v3/src/limits.cc
1 libstdc++-v3/src/istream.cc
1 libstdc++-v3/src/istream-inst.cc
1 libstdc++-v3/src/ios_locale.cc
1 libstdc++-v3/src/ios_init.cc
1 libstdc++-v3/src/ios_failure.cc
1 libstdc++-v3/src/ios.cc
1 libstdc++-v3/src/io-inst.cc
1 libstdc++-v3/src/globals_locale.cc
1 libstdc++-v3/src/globals_io.cc
1 libstdc++-v3/src/functexcept.cc
1 libstdc++-v3/src/fstream-inst.cc
1 libstdc++-v3/src/ext-inst.cc
1 libstdc++-v3/src/debug_list.cc
1 libstdc++-v3/src/debug.cc
1 libstdc++-v3/src/ctype.cc
1 libstdc++-v3/src/concept-inst.cc
1 libstdc++-v3/src/complex_io.cc
1 libstdc++-v3/src/compatibility.cc
1 libstdc++-v3/src/codecvt.cc
1 libstdc++-v3/src/bitmap_allocator.cc
1 libstdc++-v3/src/allocator-inst.cc
1 libssp/ssp.c
1 libssp/ssp-local.c
1 libobjc/thr.c
1 libobjc/sendmsg.c
1 libobjc/Object.m
1 libgfortran/io/open.c
1 libgfortran/io/list_read.c
1 libgfortran/generated/in_unpack_c10.c
1 libgfortran/generated/in_pack_c10.c
1 gcc/unwind-pe.h
1 gcc/gthr-single.h
1 gcc/coretypes.h
1 fastjar/jartool.c
1 fastjar/compress.c
1 ctype_members.cc
1 collate_members.cc
1 codecvt_members.cc
1 c++locale.cc
1 basic_file.cc
1 atomicity.cc
1 ./runtime-info.h
Number of warning types:
119 command line option \`-fno-underscoring' is valid for Fortran
but not for C
119 command line option \`-fno-repack-arrays' is valid for Fortran
but not for C
81 -ffunction-sections may affect debugging on some targets
27 no previous prototype for \`???'
24 \`???' is used uninitialized in this function
15 string length \`???' is greater than the length \`???' ISO C89
compilers are required to support
5 undefined symbols not allowed in i686-pc-cygwin shared libraries
3 format \`???' expects type \`???', but argument 5 has type \`???'
3 format \`???' expects type \`???', but argument 4 has type \`???'
3 comparison between signed and unsigned
2 visibility attribute not supported in this configuration; ignored
2 unused parameter \`???'
2 format \`???' expects type \`???', but argument 6 has type \`???'
2 \`???' defined but not used
2 ' is used uninitialized in this function
1 this is the location of the previous definition
1 pointer targets in assignment differ in signedness
1 format \`???' expects type \`???', but argument 7 has type \`???'
1 format \`???' expects type \`???', but argument 3 has type \`???'
1 comparison of distinct pointer types lacks a cast
1 argument \`???' might be clobbered by \`???' or \`???'
1 \`rtx' redefined
1 \`???' function does return
Counting all warnings,
there are 16 warnings in stage3 of this bootstrap.
Number of warnings per file:
4 gcc/gcc.c
3 treelang/lex.c
3 gengtype-lex.c
2 gcc/objc/lang-specs.h
2 gcc/config/i386/i386.md
1 gcc/java/jvspec.c
1 gcc/ada/tracebak.c
Number of warning types:
8 string length \`???' is greater than the length \`???' ISO C89
compilers are required to support
6 old-style function definition
1 operand 1 missing mode?
1 comparison of unsigned expression < 0 is always false
More information about the Gcc-testresults
mailing list