Results for 4.1.0 20051017 (experimental) testsuite on sparc64-sun-solaris2.9
Eric Botcazou
eric@linux.site
Tue Oct 18 17:06:00 GMT 2005
LAST_UPDATED: Mon Oct 17 14:50:21 UTC 2005
Native configuration is sparc64-sun-solaris2.9
=== g++ tests ===
Running target unix
WARNING: g++.dg/other/ucnid-1.C compilation failed to produce executable
=== g++ Summary ===
# of expected passes 11307
# of expected failures 68
# of unsupported tests 132
/opt/build/eric/gcc/gcc/testsuite/../g++ version 4.1.0 20051017 (experimental)
=== gcc tests ===
Running target unix
XPASS: gcc.dg/cpp/cmdlne-dI-M.c scan-file (^|\\\\n)cmdlne-dI-M.*:[^\\\\n]*cmdlne-dI-M.c
XPASS: gcc.dg/cpp/cmdlne-dM-M.c scan-file (^|\\\\n)cmdlne-dM-M[^\\\\n]*:[^\\\\n]*cmdlne-dM-M.c
WARNING: program timed out.
FAIL: gcc.dg/c99-intconst-1.c (test for excess errors)
WARNING: gcc.dg/ucnid-2.c compilation failed to produce executable
WARNING: gcc.dg/ucnid-3.c compilation failed to produce executable
WARNING: gcc.dg/ucnid-4.c compilation failed to produce executable
FAIL: largefile.c -O0 -g (test for excess errors)
FAIL: largefile.c -O0 (test for excess errors)
FAIL: largefile.c -O1 (test for excess errors)
FAIL: largefile.c -O2 (test for excess errors)
FAIL: largefile.c -O3 -fomit-frame-pointer (test for excess errors)
FAIL: largefile.c -O3 -g (test for excess errors)
FAIL: largefile.c -Os (test for excess errors)
XPASS: gcc.dg/vect/pr20122.c scan-tree-dump-times vectorized 1 loops 2
FAIL: gcc.dg/vect/pr24300.c (test for excess errors)
XPASS: gcc.dg/vect/vect-105.c scan-tree-dump-times vectorized 1 loops 1
XPASS: gcc.dg/vect/vect-75.c scan-tree-dump-times vectorized 1 loops 1
XPASS: gcc.dg/vect/vect-76.c scan-tree-dump-times vectorized 3 loops 1
FAIL: gcc.dg/vect/vect-76.c scan-tree-dump-times vectorized 1 loops 1
FAIL: gcc.dg/vect/vect-reduc-1char.c scan-tree-dump-times vectorized 3 loops 1
FAIL: gcc.dg/vect/vect-reduc-1short.c scan-tree-dump-times vectorized 3 loops 1
FAIL: gcc.dg/vect/vect-reduc-2char.c scan-tree-dump-times vectorized 3 loops 1
FAIL: gcc.dg/vect/vect-reduc-2short.c scan-tree-dump-times vectorized 3 loops 1
=== gcc Summary ===
# of expected passes 36689
# of unexpected failures 14
# of unexpected successes 6
# of expected failures 101
# of untested testcases 35
# of unsupported tests 611
/opt/build/eric/gcc/gcc/xgcc version 4.1.0 20051017 (experimental)
=== gfortran tests ===
Running target unix
FAIL: gfortran.dg/fold_nearest.f90 -O0 (test for excess errors)
WARNING: gfortran.dg/fold_nearest.f90 -O0 compilation failed to produce executable
FAIL: gfortran.dg/fold_nearest.f90 -O1 (test for excess errors)
WARNING: gfortran.dg/fold_nearest.f90 -O1 compilation failed to produce executable
FAIL: gfortran.dg/fold_nearest.f90 -O2 (test for excess errors)
WARNING: gfortran.dg/fold_nearest.f90 -O2 compilation failed to produce executable
FAIL: gfortran.dg/fold_nearest.f90 -O3 -fomit-frame-pointer (test for excess errors)
WARNING: gfortran.dg/fold_nearest.f90 -O3 -fomit-frame-pointer compilation failed to produce executable
FAIL: gfortran.dg/fold_nearest.f90 -O3 -fomit-frame-pointer -funroll-loops (test for excess errors)
WARNING: gfortran.dg/fold_nearest.f90 -O3 -fomit-frame-pointer -funroll-loops compilation failed to produce executable
FAIL: gfortran.dg/fold_nearest.f90 -O3 -fomit-frame-pointer -funroll-all-loops -finline-functions (test for excess errors)
WARNING: gfortran.dg/fold_nearest.f90 -O3 -fomit-frame-pointer -funroll-all-loops -finline-functions compilation failed to produce executable
FAIL: gfortran.dg/fold_nearest.f90 -O3 -g (test for excess errors)
WARNING: gfortran.dg/fold_nearest.f90 -O3 -g compilation failed to produce executable
FAIL: gfortran.dg/fold_nearest.f90 -Os (test for excess errors)
WARNING: gfortran.dg/fold_nearest.f90 -Os compilation failed to produce executable
FAIL: gfortran.dg/large_real_kind_2.F90 -O0 (test for excess errors)
WARNING: gfortran.dg/large_real_kind_2.F90 -O0 compilation failed to produce executable
FAIL: gfortran.dg/large_real_kind_2.F90 -O1 (test for excess errors)
WARNING: gfortran.dg/large_real_kind_2.F90 -O1 compilation failed to produce executable
FAIL: gfortran.dg/large_real_kind_2.F90 -O2 (test for excess errors)
WARNING: gfortran.dg/large_real_kind_2.F90 -O2 compilation failed to produce executable
FAIL: gfortran.dg/large_real_kind_2.F90 -O3 -fomit-frame-pointer (test for excess errors)
WARNING: gfortran.dg/large_real_kind_2.F90 -O3 -fomit-frame-pointer compilation failed to produce executable
FAIL: gfortran.dg/large_real_kind_2.F90 -O3 -fomit-frame-pointer -funroll-loops (test for excess errors)
WARNING: gfortran.dg/large_real_kind_2.F90 -O3 -fomit-frame-pointer -funroll-loops compilation failed to produce executable
FAIL: gfortran.dg/large_real_kind_2.F90 -O3 -fomit-frame-pointer -funroll-all-loops -finline-functions (test for excess errors)
WARNING: gfortran.dg/large_real_kind_2.F90 -O3 -fomit-frame-pointer -funroll-all-loops -finline-functions compilation failed to produce executable
FAIL: gfortran.dg/large_real_kind_2.F90 -O3 -g (test for excess errors)
WARNING: gfortran.dg/large_real_kind_2.F90 -O3 -g compilation failed to produce executable
FAIL: gfortran.dg/large_real_kind_2.F90 -Os (test for excess errors)
WARNING: gfortran.dg/large_real_kind_2.F90 -Os compilation failed to produce executable
FAIL: gfortran.dg/tiny_2.f90 -O0 (test for excess errors)
WARNING: gfortran.dg/tiny_2.f90 -O0 compilation failed to produce executable
FAIL: gfortran.dg/tiny_2.f90 -O1 (test for excess errors)
WARNING: gfortran.dg/tiny_2.f90 -O1 compilation failed to produce executable
FAIL: gfortran.dg/tiny_2.f90 -O2 (test for excess errors)
WARNING: gfortran.dg/tiny_2.f90 -O2 compilation failed to produce executable
FAIL: gfortran.dg/tiny_2.f90 -O3 -fomit-frame-pointer (test for excess errors)
WARNING: gfortran.dg/tiny_2.f90 -O3 -fomit-frame-pointer compilation failed to produce executable
FAIL: gfortran.dg/tiny_2.f90 -O3 -fomit-frame-pointer -funroll-loops (test for excess errors)
WARNING: gfortran.dg/tiny_2.f90 -O3 -fomit-frame-pointer -funroll-loops compilation failed to produce executable
FAIL: gfortran.dg/tiny_2.f90 -O3 -fomit-frame-pointer -funroll-all-loops -finline-functions (test for excess errors)
WARNING: gfortran.dg/tiny_2.f90 -O3 -fomit-frame-pointer -funroll-all-loops -finline-functions compilation failed to produce executable
FAIL: gfortran.dg/tiny_2.f90 -O3 -g (test for excess errors)
WARNING: gfortran.dg/tiny_2.f90 -O3 -g compilation failed to produce executable
FAIL: gfortran.dg/tiny_2.f90 -Os (test for excess errors)
WARNING: gfortran.dg/tiny_2.f90 -Os compilation failed to produce executable
FAIL: gfortran.dg/vect/vect-5.f90 -O scan-tree-dump-times Alignment of access forced using versioning. 3
FAIL: gfortran.fortran-torture/execute/csqrt_1.f90 compilation, -O0
FAIL: gfortran.fortran-torture/execute/csqrt_1.f90 compilation, -O1
FAIL: gfortran.fortran-torture/execute/csqrt_1.f90 compilation, -O2
FAIL: gfortran.fortran-torture/execute/csqrt_1.f90 compilation, -O3 -fomit-frame-pointer
FAIL: gfortran.fortran-torture/execute/csqrt_1.f90 compilation, -O3 -fomit-frame-pointer -funroll-loops
FAIL: gfortran.fortran-torture/execute/csqrt_1.f90 compilation, -O3 -fomit-frame-pointer -funroll-all-loops -finline-functions
FAIL: gfortran.fortran-torture/execute/csqrt_1.f90 compilation, -O3 -g
FAIL: gfortran.fortran-torture/execute/csqrt_1.f90 compilation, -Os
FAIL: gfortran.fortran-torture/execute/intrinsic_dummy.f90 compilation, -O0
FAIL: gfortran.fortran-torture/execute/intrinsic_dummy.f90 compilation, -O1
FAIL: gfortran.fortran-torture/execute/intrinsic_dummy.f90 compilation, -O2
FAIL: gfortran.fortran-torture/execute/intrinsic_dummy.f90 compilation, -O3 -fomit-frame-pointer
FAIL: gfortran.fortran-torture/execute/intrinsic_dummy.f90 compilation, -O3 -fomit-frame-pointer -funroll-loops
FAIL: gfortran.fortran-torture/execute/intrinsic_dummy.f90 compilation, -O3 -fomit-frame-pointer -funroll-all-loops -finline-functions
FAIL: gfortran.fortran-torture/execute/intrinsic_dummy.f90 compilation, -O3 -g
FAIL: gfortran.fortran-torture/execute/intrinsic_dummy.f90 compilation, -Os
FAIL: gfortran.fortran-torture/execute/intrinsic_fraction_exponent.f90 compilation, -O0
FAIL: gfortran.fortran-torture/execute/intrinsic_fraction_exponent.f90 compilation, -O1
FAIL: gfortran.fortran-torture/execute/intrinsic_fraction_exponent.f90 compilation, -O2
FAIL: gfortran.fortran-torture/execute/intrinsic_fraction_exponent.f90 compilation, -O3 -fomit-frame-pointer
FAIL: gfortran.fortran-torture/execute/intrinsic_fraction_exponent.f90 compilation, -O3 -fomit-frame-pointer -funroll-loops
FAIL: gfortran.fortran-torture/execute/intrinsic_fraction_exponent.f90 compilation, -O3 -fomit-frame-pointer -funroll-all-loops -finline-functions
FAIL: gfortran.fortran-torture/execute/intrinsic_fraction_exponent.f90 compilation, -O3 -g
FAIL: gfortran.fortran-torture/execute/intrinsic_fraction_exponent.f90 compilation, -Os
FAIL: gfortran.fortran-torture/execute/intrinsic_nearest.f90 compilation, -O0
FAIL: gfortran.fortran-torture/execute/intrinsic_nearest.f90 compilation, -O1
FAIL: gfortran.fortran-torture/execute/intrinsic_nearest.f90 compilation, -O2
FAIL: gfortran.fortran-torture/execute/intrinsic_nearest.f90 compilation, -O3 -fomit-frame-pointer
FAIL: gfortran.fortran-torture/execute/intrinsic_nearest.f90 compilation, -O3 -fomit-frame-pointer -funroll-loops
FAIL: gfortran.fortran-torture/execute/intrinsic_nearest.f90 compilation, -O3 -fomit-frame-pointer -funroll-all-loops -finline-functions
FAIL: gfortran.fortran-torture/execute/intrinsic_nearest.f90 compilation, -O3 -g
FAIL: gfortran.fortran-torture/execute/intrinsic_nearest.f90 compilation, -Os
FAIL: gfortran.fortran-torture/execute/intrinsic_rrspacing.f90 compilation, -O0
FAIL: gfortran.fortran-torture/execute/intrinsic_rrspacing.f90 compilation, -O1
FAIL: gfortran.fortran-torture/execute/intrinsic_rrspacing.f90 compilation, -O2
FAIL: gfortran.fortran-torture/execute/intrinsic_rrspacing.f90 compilation, -O3 -fomit-frame-pointer
FAIL: gfortran.fortran-torture/execute/intrinsic_rrspacing.f90 compilation, -O3 -fomit-frame-pointer -funroll-loops
FAIL: gfortran.fortran-torture/execute/intrinsic_rrspacing.f90 compilation, -O3 -fomit-frame-pointer -funroll-all-loops -finline-functions
FAIL: gfortran.fortran-torture/execute/intrinsic_rrspacing.f90 compilation, -O3 -g
FAIL: gfortran.fortran-torture/execute/intrinsic_rrspacing.f90 compilation, -Os
FAIL: gfortran.fortran-torture/execute/intrinsic_set_exponent.f90 compilation, -O0
FAIL: gfortran.fortran-torture/execute/intrinsic_set_exponent.f90 compilation, -O1
FAIL: gfortran.fortran-torture/execute/intrinsic_set_exponent.f90 compilation, -O2
FAIL: gfortran.fortran-torture/execute/intrinsic_set_exponent.f90 compilation, -O3 -fomit-frame-pointer
FAIL: gfortran.fortran-torture/execute/intrinsic_set_exponent.f90 compilation, -O3 -fomit-frame-pointer -funroll-loops
FAIL: gfortran.fortran-torture/execute/intrinsic_set_exponent.f90 compilation, -O3 -fomit-frame-pointer -funroll-all-loops -finline-functions
FAIL: gfortran.fortran-torture/execute/intrinsic_set_exponent.f90 compilation, -O3 -g
FAIL: gfortran.fortran-torture/execute/intrinsic_set_exponent.f90 compilation, -Os
FAIL: gfortran.fortran-torture/execute/intrinsic_spacing.f90 compilation, -O0
FAIL: gfortran.fortran-torture/execute/intrinsic_spacing.f90 compilation, -O1
FAIL: gfortran.fortran-torture/execute/intrinsic_spacing.f90 compilation, -O2
FAIL: gfortran.fortran-torture/execute/intrinsic_spacing.f90 compilation, -O3 -fomit-frame-pointer
FAIL: gfortran.fortran-torture/execute/intrinsic_spacing.f90 compilation, -O3 -fomit-frame-pointer -funroll-loops
FAIL: gfortran.fortran-torture/execute/intrinsic_spacing.f90 compilation, -O3 -fomit-frame-pointer -funroll-all-loops -finline-functions
FAIL: gfortran.fortran-torture/execute/intrinsic_spacing.f90 compilation, -O3 -g
FAIL: gfortran.fortran-torture/execute/intrinsic_spacing.f90 compilation, -Os
FAIL: gfortran.fortran-torture/execute/specifics.f90 compilation, -O0
FAIL: gfortran.fortran-torture/execute/specifics.f90 compilation, -O1
FAIL: gfortran.fortran-torture/execute/specifics.f90 compilation, -O2
FAIL: gfortran.fortran-torture/execute/specifics.f90 compilation, -O3 -fomit-frame-pointer
FAIL: gfortran.fortran-torture/execute/specifics.f90 compilation, -O3 -fomit-frame-pointer -funroll-loops
FAIL: gfortran.fortran-torture/execute/specifics.f90 compilation, -O3 -fomit-frame-pointer -funroll-all-loops -finline-functions
FAIL: gfortran.fortran-torture/execute/specifics.f90 compilation, -O3 -g
FAIL: gfortran.fortran-torture/execute/specifics.f90 compilation, -Os
=== gfortran Summary ===
# of expected passes 9449
# of unexpected failures 89
# of expected failures 4
# of untested testcases 64
# of unsupported tests 23
/opt/build/eric/gcc/gcc/testsuite/../gfortran version 4.1.0 20051017 (experimental)
=== obj-c++ tests ===
Running target unix
FAIL: obj-c++.dg/bitfield-1.mm (test for excess errors)
FAIL: obj-c++.dg/bitfield-4.mm (test for excess errors)
FAIL: obj-c++.dg/cxx-ivars-2.mm execution test
FAIL: obj-c++.dg/encode-3.mm execution test
FAIL: obj-c++.dg/encode-8.mm execution test
FAIL: obj-c++.dg/isa-field-1.mm (test for excess errors)
FAIL: obj-c++.dg/layout-1.mm (test for excess errors)
FAIL: obj-c++.dg/lookup-2.mm (test for excess errors)
WARNING: obj-c++.dg/lookup-2.mm compilation failed to produce executable
FAIL: obj-c++.dg/try-catch-2.mm (test for excess errors)
WARNING: obj-c++.dg/try-catch-2.mm compilation failed to produce executable
FAIL: obj-c++.dg/try-catch-9.mm (test for excess errors)
WARNING: obj-c++.dg/try-catch-9.mm compilation failed to produce executable
=== obj-c++ Summary ===
# of expected passes 417
# of unexpected failures 10
# of unsupported tests 13
/opt/build/eric/gcc/gcc/testsuite/../g++ version 4.1.0 20051017 (experimental)
=== objc tests ===
Running target unix
=== objc Summary ===
# of expected passes 1672
# of unsupported tests 22
/opt/build/eric/gcc/gcc/xgcc version 4.1.0 20051017 (experimental)
=== libffi tests ===
Running target unix
=== libffi Summary ===
# of expected passes 228
# of unsupported tests 2
=== libstdc++ tests ===
Running target unix
FAIL: ext/array_allocator/2.cc execution test
=== libstdc++ Summary ===
# of expected passes 2597
# of unexpected failures 1
# of expected failures 14
# of unsupported tests 150
Compiler version: 4.1.0 20051017 (experimental)
Platform: sparc64-sun-solaris2.9
configure flags: sparc64-sun-solaris2.9 --prefix=/opt/build/eric/local/gcc --with-gmp=/opt/build/eric/local --with-mpfr=/opt/build/eric/local --with-local-prefix=/opt/build/eric/local --enable-checking=assert,misc --disable-multilib --enable-languages=c,c++,fortran,java,objc,obj-c++
BOOT_CFLAGS=-g -O2
More information about the Gcc-testresults
mailing list