Results for 4.1.0 20051016 (experimental) testsuite on hppa2.0w-hp-hpux11.11
CodeSourcery Automatic Testing System
gcc@codesourcery.com
Sun Oct 16 18:43:00 GMT 2005
LAST_UPDATED: Sun Oct 16 07:51:08 UTC 2005
Native configuration is hppa2.0w-hp-hpux11.11
=== g++ tests ===
Running target unix
FAIL: g++.dg/other/switch2.C (test for errors, line 16)
FAIL: g++.dg/other/switch2.C (test for errors, line 17)
FAIL: g++.dg/other/switch2.C (test for errors, line 18)
FAIL: g++.dg/other/switch2.C (test for errors, line 19)
FAIL: g++.dg/other/switch2.C (test for errors, line 20)
=== g++ Summary ===
# of expected passes 11073
# of unexpected failures 5
# of expected failures 67
# of unsupported tests 140
/scratch/gcc/nightly-2005-10-16-mainline/hppa2.0w-hp-hpux11.11/build_gcc/install/bin/c++ version 4.1.0 20051016 (experimental)
=== gcc tests ===
Running target unix
FAIL: gcc.dg/20050922-1.c (test for excess errors)
WARNING: gcc.dg/20050922-1.c compilation failed to produce executable
FAIL: gcc.dg/ipa/ipa-5.c scan-ipa-dump-times versioned function 2
FAIL: gcc.dg/ipa/ipa-5.c scan-ipa-dump-times propagating const 2
=== gcc Summary ===
# of expected passes 35848
# of unexpected failures 3
# of expected failures 76
# of untested testcases 28
# of unsupported tests 619
/scratch/gcc/nightly-2005-10-16-mainline/hppa2.0w-hp-hpux11.11/build_gcc/install/bin/gcc version 4.1.0 20051016 (experimental)
=== libstdc++ tests ===
Running target unix
FAIL: 26_numerics/cmath/c99_classification_macros_c.cc (test for excess errors)
=== libstdc++ Summary ===
# of expected passes 2582
# of unexpected failures 1
# of expected failures 13
# of unsupported tests 158
Compiler version: 4.1.0 20051016 (experimental)
Platform: hppa2.0w-hp-hpux11.11
configure flags: --disable-nls --build=hppa2.0w-hp-hpux11.11 --host=hppa2.0w-hp-hpux11.11 --target=hppa2.0w-hp-hpux11.11 --enable-shared --enable-threads --disable-libmudflap --disable-libssp --disable-libstdcxx-pch --with-gnu-as --with-as=/scratch/gcc/nightly-2005-10-16-mainline/hppa2.0w-hp-hpux11.11/build_gcc/install/bin/as --without-gnu-ld --with-ld=/usr/ccs/bin/ld --prefix=/scratch/gcc/nightly-2005-10-16-mainline/hppa2.0w-hp-hpux11.11/build_gcc/install --enable-languages=c,c++
More information about the Gcc-testresults
mailing list