Results for 4.1.0-gomp-20050608-branch 20051008 (experimental) (merged 20051008) testsuite on sparc64-unknown-linux-gnu

Christian Joensson chj@j-son.org
Sun Oct 16 00:34:00 GMT 2005


Aurora SPARC Linux release 2.0 (Kashmir FC3) UltraSparc IIi (Sabre) sun4u:

(auroralinux corona + rathann's and rzm's FC3 updates)

binutils-2.16.91.0.2-4.sparc
bison-1.875c-2.sparc
dejagnu-1.4.4-2.noarch
expect-5.42.1-1.sparc
gcc-3.4.3-22.sparc.sparc
gcc4-4.0.0-0.41.sparc.sparc
glibc-2.3.5-0.fc3.1.sparcv9
glibc-2.3.5-0.fc3.1.sparc64
glibc-devel-2.3.5-0.fc3.1.sparc
glibc-devel-2.3.5-0.fc3.1.sparc64
glibc-headers-2.3.5-0.fc3.1.sparc
glibc-kernheaders-2.6-20sparc.sparc
gmp-4.1.4-3sparc.sparc
gmp-4.1.4-3sparc.sparc64
gmp-devel-4.1.4-3sparc.sparc
gmp-devel-4.1.4-3sparc.sparc64
kernel-2.6.12-1.1505sp3.sparc64
package kernel-devel is not installed
package kernel-smp is not installed
libgcc-3.4.3-22.sparc.sparc
libgcc-3.4.3-22.sparc.sparc64
libstdc++-3.4.3-22.sparc.sparc
libstdc++-3.4.3-22.sparc.sparc64
libstdc++-devel-3.4.3-22.sparc.sparc
libstdc++-devel-3.4.3-22.sparc.sparc64
make-3.80-5.sparc
nptl-devel-2.3.5-0.fc3.1.sparcv9
tcl-8.4.7-2.sparc

LAST_UPDATED: Fri Oct 14 13:41:01 UTC 2005

		=== acats tests ===
FAIL:	c32001e
FAIL:	c34007p
FAIL:	c34007r
FAIL:	c45282b
FAIL:	c45651a
FAIL:	c52103x
FAIL:	c52104x
FAIL:	c52104y
FAIL:	c64105b
FAIL:	c95086b
FAIL:	ca11c01
FAIL:	cd5003g
FAIL:	ce3810b
FAIL:	cxaa017

		=== acats Summary ===
# of expected passes		2305
# of unexpected failures	14
Native configuration is sparc64-unknown-linux-gnu

		=== gcc tests ===


Running target unix/-m64
WARNING: Could not execute gcc.dg/compat/struct-layout-1 generator
FAIL: gcc.dg/gomp/atomic-3.c scan-tree-dump-times xyzzy, 4 1
FAIL: gcc.dg/gomp/atomic-9.c scan-tree-dump-times __sync_fetch_and_add 1
FAIL: gcc.dg/tree-ssa/gen-vect-11c.c scan-tree-dump-times vectorized 0 loops 1
FAIL: gcc.dg/tree-ssa/gen-vect-25.c execution test
XPASS: gcc.dg/vect/pr20122.c scan-tree-dump-times vectorized 1 loops 2
XPASS: gcc.dg/vect/vect-105.c scan-tree-dump-times vectorized 1 loops 1
XPASS: gcc.dg/vect/vect-75.c scan-tree-dump-times vectorized 1 loops 1
XPASS: gcc.dg/vect/vect-76.c scan-tree-dump-times vectorized 3 loops 1
FAIL: gcc.dg/vect/vect-76.c scan-tree-dump-times vectorized 1 loops 1
FAIL: gcc.dg/vect/vect-reduc-1char.c scan-tree-dump-times vectorized 3 loops 1
FAIL: gcc.dg/vect/vect-reduc-1short.c scan-tree-dump-times vectorized 3 loops 1
FAIL: gcc.dg/vect/vect-reduc-2char.c scan-tree-dump-times vectorized 3 loops 1
FAIL: gcc.dg/vect/vect-reduc-2short.c scan-tree-dump-times vectorized 3 loops 1
FAIL: gcc.misc-tests/linkage.c link

		=== gcc Summary for unix/-m64 ===

# of expected passes		36813
# of unexpected failures	10
# of unexpected successes	4
# of expected failures		101
# of untested testcases		28
# of unsupported tests		587

Running target unix
WARNING: Could not execute gcc.dg/compat/struct-layout-1 generator
FAIL: gcc.dg/gomp/atomic-3.c scan-tree-dump-times xyzzy, 4 1
FAIL: gcc.dg/gomp/atomic-9.c scan-tree-dump-times __sync_fetch_and_add 1
FAIL: gcc.dg/tree-ssa/gen-vect-25.c execution test
XPASS: gcc.dg/vect/pr20122.c scan-tree-dump-times vectorized 1 loops 2
XPASS: gcc.dg/vect/vect-105.c scan-tree-dump-times vectorized 1 loops 1
XPASS: gcc.dg/vect/vect-75.c scan-tree-dump-times vectorized 1 loops 1
XPASS: gcc.dg/vect/vect-76.c scan-tree-dump-times vectorized 3 loops 1
FAIL: gcc.dg/vect/vect-76.c scan-tree-dump-times vectorized 1 loops 1
FAIL: gcc.dg/vect/vect-reduc-1char.c scan-tree-dump-times vectorized 3 loops 1
FAIL: gcc.dg/vect/vect-reduc-1short.c scan-tree-dump-times vectorized 3 loops 1
FAIL: gcc.dg/vect/vect-reduc-2char.c scan-tree-dump-times vectorized 3 loops 1
FAIL: gcc.dg/vect/vect-reduc-2short.c scan-tree-dump-times vectorized 3 loops 1

		=== gcc Summary for unix ===

# of expected passes		36818
# of unexpected failures	8
# of unexpected successes	4
# of expected failures		101
# of untested testcases		28
# of unsupported tests		585

		=== gcc Summary ===

# of expected passes		73631
# of unexpected failures	18
# of unexpected successes	8
# of expected failures		202
# of untested testcases		56
# of unsupported tests		1172
/usr/local/src/branch/objdir.gomp/gcc/xgcc  version 4.1.0-gomp-20050608-branch 20051008 (experimental) (merged 20051008)

		=== gfortran tests ===


Running target unix/-m64
FAIL: gfortran.dg/namelist_11.f  -O0  execution test
FAIL: gfortran.dg/namelist_11.f  -O1  execution test
FAIL: gfortran.dg/namelist_11.f  -O2  execution test
FAIL: gfortran.dg/namelist_11.f  -O3 -fomit-frame-pointer  execution test
FAIL: gfortran.dg/namelist_11.f  -O3 -fomit-frame-pointer -funroll-loops  execution test
FAIL: gfortran.dg/namelist_11.f  -O3 -fomit-frame-pointer -funroll-all-loops -finline-functions  execution test
FAIL: gfortran.dg/namelist_11.f  -O3 -g  execution test
FAIL: gfortran.dg/namelist_11.f  -Os  execution test
FAIL: gfortran.dg/namelist_12.f  -O0  execution test
FAIL: gfortran.dg/namelist_12.f  -O1  execution test
FAIL: gfortran.dg/namelist_12.f  -O2  execution test
FAIL: gfortran.dg/namelist_12.f  -O3 -fomit-frame-pointer  execution test
FAIL: gfortran.dg/namelist_12.f  -O3 -fomit-frame-pointer -funroll-loops  execution test
FAIL: gfortran.dg/namelist_12.f  -O3 -fomit-frame-pointer -funroll-all-loops -finline-functions  execution test
FAIL: gfortran.dg/namelist_12.f  -O3 -g  execution test
FAIL: gfortran.dg/namelist_12.f  -Os  execution test
FAIL: gfortran.dg/namelist_14.f90  -O0  execution test
FAIL: gfortran.dg/namelist_14.f90  -O1  execution test
FAIL: gfortran.dg/namelist_14.f90  -O2  execution test
FAIL: gfortran.dg/namelist_14.f90  -O3 -fomit-frame-pointer  execution test
FAIL: gfortran.dg/namelist_14.f90  -O3 -fomit-frame-pointer -funroll-loops  execution test
FAIL: gfortran.dg/namelist_14.f90  -O3 -fomit-frame-pointer -funroll-all-loops -finline-functions  execution test
FAIL: gfortran.dg/namelist_14.f90  -O3 -g  execution test
FAIL: gfortran.dg/namelist_14.f90  -Os  execution test
FAIL: gfortran.dg/namelist_15.f90  -O0  execution test
FAIL: gfortran.dg/namelist_15.f90  -O1  execution test
FAIL: gfortran.dg/namelist_15.f90  -O2  execution test
FAIL: gfortran.dg/namelist_15.f90  -O3 -fomit-frame-pointer  execution test
FAIL: gfortran.dg/namelist_15.f90  -O3 -fomit-frame-pointer -funroll-loops  execution test
FAIL: gfortran.dg/namelist_15.f90  -O3 -fomit-frame-pointer -funroll-all-loops -finline-functions  execution test
FAIL: gfortran.dg/namelist_15.f90  -O3 -g  execution test
FAIL: gfortran.dg/namelist_15.f90  -Os  execution test
FAIL: gfortran.dg/namelist_16.f90  -O0  execution test
FAIL: gfortran.dg/namelist_16.f90  -O1  execution test
FAIL: gfortran.dg/namelist_16.f90  -O2  execution test
FAIL: gfortran.dg/namelist_16.f90  -O3 -fomit-frame-pointer  execution test
FAIL: gfortran.dg/namelist_16.f90  -O3 -fomit-frame-pointer -funroll-loops  execution test
FAIL: gfortran.dg/namelist_16.f90  -O3 -fomit-frame-pointer -funroll-all-loops -finline-functions  execution test
FAIL: gfortran.dg/namelist_16.f90  -O3 -g  execution test
FAIL: gfortran.dg/namelist_16.f90  -Os  execution test
FAIL: gfortran.dg/namelist_19.f90  -O0  execution test
FAIL: gfortran.dg/namelist_19.f90  -O1  execution test
FAIL: gfortran.dg/namelist_19.f90  -O2  execution test
FAIL: gfortran.dg/namelist_19.f90  -O3 -fomit-frame-pointer  execution test
FAIL: gfortran.dg/namelist_19.f90  -O3 -fomit-frame-pointer -funroll-loops  execution test
FAIL: gfortran.dg/namelist_19.f90  -O3 -fomit-frame-pointer -funroll-all-loops -finline-functions  execution test
FAIL: gfortran.dg/namelist_19.f90  -O3 -g  execution test
FAIL: gfortran.dg/namelist_19.f90  -Os  execution test
FAIL: gfortran.dg/namelist_20.f90  -O0  execution test
FAIL: gfortran.dg/namelist_20.f90  -O1  execution test
FAIL: gfortran.dg/namelist_20.f90  -O2  execution test
FAIL: gfortran.dg/namelist_20.f90  -O3 -fomit-frame-pointer  execution test
FAIL: gfortran.dg/namelist_20.f90  -O3 -fomit-frame-pointer -funroll-loops  execution test
FAIL: gfortran.dg/namelist_20.f90  -O3 -fomit-frame-pointer -funroll-all-loops -finline-functions  execution test
FAIL: gfortran.dg/namelist_20.f90  -O3 -g  execution test
FAIL: gfortran.dg/namelist_20.f90  -Os  execution test
FAIL: gfortran.dg/pr17285.f90  -O0  execution test
FAIL: gfortran.dg/pr17285.f90  -O1  execution test
FAIL: gfortran.dg/pr17285.f90  -O2  execution test
FAIL: gfortran.dg/pr17285.f90  -O3 -fomit-frame-pointer  execution test
FAIL: gfortran.dg/pr17285.f90  -O3 -fomit-frame-pointer -funroll-loops  execution test
FAIL: gfortran.dg/pr17285.f90  -O3 -fomit-frame-pointer -funroll-all-loops -finline-functions  execution test
FAIL: gfortran.dg/pr17285.f90  -O3 -g  execution test
FAIL: gfortran.dg/pr17285.f90  -Os  execution test
FAIL: gfortran.dg/vect/vect-5.f90  -O  scan-tree-dump-times Alignment of access forced using versioning. 3

		=== gfortran Summary for unix/-m64 ===

# of expected passes		9586
# of unexpected failures	65
# of expected failures		4
# of unsupported tests		23

Running target unix
FAIL: gfortran.dg/namelist_11.f  -O0  execution test
FAIL: gfortran.dg/namelist_11.f  -O1  execution test
FAIL: gfortran.dg/namelist_11.f  -O2  execution test
FAIL: gfortran.dg/namelist_11.f  -O3 -fomit-frame-pointer  execution test
FAIL: gfortran.dg/namelist_11.f  -O3 -fomit-frame-pointer -funroll-loops  execution test
FAIL: gfortran.dg/namelist_11.f  -O3 -fomit-frame-pointer -funroll-all-loops -finline-functions  execution test
FAIL: gfortran.dg/namelist_11.f  -O3 -g  execution test
FAIL: gfortran.dg/namelist_11.f  -Os  execution test
FAIL: gfortran.dg/namelist_12.f  -O0  execution test
FAIL: gfortran.dg/namelist_12.f  -O1  execution test
FAIL: gfortran.dg/namelist_12.f  -O2  execution test
FAIL: gfortran.dg/namelist_12.f  -O3 -fomit-frame-pointer  execution test
FAIL: gfortran.dg/namelist_12.f  -O3 -fomit-frame-pointer -funroll-loops  execution test
FAIL: gfortran.dg/namelist_12.f  -O3 -fomit-frame-pointer -funroll-all-loops -finline-functions  execution test
FAIL: gfortran.dg/namelist_12.f  -O3 -g  execution test
FAIL: gfortran.dg/namelist_12.f  -Os  execution test
FAIL: gfortran.dg/namelist_14.f90  -O0  execution test
FAIL: gfortran.dg/namelist_14.f90  -O1  execution test
FAIL: gfortran.dg/namelist_14.f90  -O2  execution test
FAIL: gfortran.dg/namelist_14.f90  -O3 -fomit-frame-pointer  execution test
FAIL: gfortran.dg/namelist_14.f90  -O3 -fomit-frame-pointer -funroll-loops  execution test
FAIL: gfortran.dg/namelist_14.f90  -O3 -fomit-frame-pointer -funroll-all-loops -finline-functions  execution test
FAIL: gfortran.dg/namelist_14.f90  -O3 -g  execution test
FAIL: gfortran.dg/namelist_14.f90  -Os  execution test
FAIL: gfortran.dg/namelist_15.f90  -O0  execution test
FAIL: gfortran.dg/namelist_15.f90  -O1  execution test
FAIL: gfortran.dg/namelist_15.f90  -O2  execution test
FAIL: gfortran.dg/namelist_15.f90  -O3 -fomit-frame-pointer  execution test
FAIL: gfortran.dg/namelist_15.f90  -O3 -fomit-frame-pointer -funroll-loops  execution test
FAIL: gfortran.dg/namelist_15.f90  -O3 -fomit-frame-pointer -funroll-all-loops -finline-functions  execution test
FAIL: gfortran.dg/namelist_15.f90  -O3 -g  execution test
FAIL: gfortran.dg/namelist_15.f90  -Os  execution test
FAIL: gfortran.dg/namelist_16.f90  -O0  execution test
FAIL: gfortran.dg/namelist_16.f90  -O1  execution test
FAIL: gfortran.dg/namelist_16.f90  -O2  execution test
FAIL: gfortran.dg/namelist_16.f90  -O3 -fomit-frame-pointer  execution test
FAIL: gfortran.dg/namelist_16.f90  -O3 -fomit-frame-pointer -funroll-loops  execution test
FAIL: gfortran.dg/namelist_16.f90  -O3 -fomit-frame-pointer -funroll-all-loops -finline-functions  execution test
FAIL: gfortran.dg/namelist_16.f90  -O3 -g  execution test
FAIL: gfortran.dg/namelist_16.f90  -Os  execution test
FAIL: gfortran.dg/namelist_19.f90  -O0  execution test
FAIL: gfortran.dg/namelist_19.f90  -O1  execution test
FAIL: gfortran.dg/namelist_19.f90  -O2  execution test
FAIL: gfortran.dg/namelist_19.f90  -O3 -fomit-frame-pointer  execution test
FAIL: gfortran.dg/namelist_19.f90  -O3 -fomit-frame-pointer -funroll-loops  execution test
FAIL: gfortran.dg/namelist_19.f90  -O3 -fomit-frame-pointer -funroll-all-loops -finline-functions  execution test
FAIL: gfortran.dg/namelist_19.f90  -O3 -g  execution test
FAIL: gfortran.dg/namelist_19.f90  -Os  execution test
FAIL: gfortran.dg/namelist_20.f90  -O0  execution test
FAIL: gfortran.dg/namelist_20.f90  -O1  execution test
FAIL: gfortran.dg/namelist_20.f90  -O2  execution test
FAIL: gfortran.dg/namelist_20.f90  -O3 -fomit-frame-pointer  execution test
FAIL: gfortran.dg/namelist_20.f90  -O3 -fomit-frame-pointer -funroll-loops  execution test
FAIL: gfortran.dg/namelist_20.f90  -O3 -fomit-frame-pointer -funroll-all-loops -finline-functions  execution test
FAIL: gfortran.dg/namelist_20.f90  -O3 -g  execution test
FAIL: gfortran.dg/namelist_20.f90  -Os  execution test
FAIL: gfortran.dg/pr17285.f90  -O0  execution test
FAIL: gfortran.dg/pr17285.f90  -O1  execution test
FAIL: gfortran.dg/pr17285.f90  -O2  execution test
FAIL: gfortran.dg/pr17285.f90  -O3 -fomit-frame-pointer  execution test
FAIL: gfortran.dg/pr17285.f90  -O3 -fomit-frame-pointer -funroll-loops  execution test
FAIL: gfortran.dg/pr17285.f90  -O3 -fomit-frame-pointer -funroll-all-loops -finline-functions  execution test
FAIL: gfortran.dg/pr17285.f90  -O3 -g  execution test
FAIL: gfortran.dg/pr17285.f90  -Os  execution test

		=== gfortran Summary for unix ===

# of expected passes		9524
# of unexpected failures	64
# of expected failures		3
# of unsupported tests		55

		=== gfortran Summary ===

# of expected passes		19110
# of unexpected failures	129
# of expected failures		7
# of unsupported tests		78
/usr/local/src/branch/objdir.gomp/gcc/testsuite/../gfortran  version 4.1.0-gomp-20050608-branch 20051008 (experimental) (merged 20051008)

		=== g++ tests ===


Running target unix/-m64
FAIL: g++.dg/init/struct3.C (test for excess errors)
FAIL: g++.dg/parse/pragma2.C (test for excess errors)
FAIL: g++.dg/gomp/atomic-3.C scan-tree-dump-times xyzzy, 4 1
FAIL: g++.dg/gomp/atomic-9.C scan-tree-dump-times __sync_fetch_and_add 1
FAIL: g++.dg/gomp/for-11.C (test for excess errors)
XPASS: g++.old-deja/g++.other/init5.C execution test

		=== g++ Summary for unix/-m64 ===

# of expected passes		11438
# of unexpected failures	5
# of unexpected successes	1
# of expected failures		65
# of unsupported tests		101

Running target unix
FAIL: g++.dg/parse/pragma2.C (test for excess errors)
FAIL: g++.dg/gomp/atomic-3.C scan-tree-dump-times xyzzy, 4 1
FAIL: g++.dg/gomp/atomic-9.C scan-tree-dump-times __sync_fetch_and_add 1
FAIL: g++.dg/gomp/for-11.C (test for excess errors)
XPASS: g++.old-deja/g++.other/init5.C execution test

		=== g++ Summary for unix ===

# of expected passes		11471
# of unexpected failures	4
# of unexpected successes	1
# of expected failures		65
# of unsupported tests		99

		=== g++ Summary ===

# of expected passes		22909
# of unexpected failures	9
# of unexpected successes	2
# of expected failures		130
# of unsupported tests		200
/usr/local/src/branch/objdir.gomp/gcc/testsuite/../g++  version 4.1.0-gomp-20050608-branch 20051008 (experimental) (merged 20051008)

		=== obj-c++ tests ===


Running target unix/-m64
FAIL: obj-c++.dg/bitfield-1.mm (test for excess errors)
FAIL: obj-c++.dg/bitfield-4.mm (test for excess errors)
FAIL: obj-c++.dg/comp-types-10.mm (test for excess errors)
FAIL: obj-c++.dg/cxx-ivars-2.mm execution test
FAIL: obj-c++.dg/encode-3.mm execution test
FAIL: obj-c++.dg/encode-8.mm execution test
FAIL: obj-c++.dg/isa-field-1.mm (test for excess errors)
FAIL: obj-c++.dg/layout-1.mm (test for excess errors)
FAIL: obj-c++.dg/lookup-2.mm (test for excess errors)
WARNING: obj-c++.dg/lookup-2.mm compilation failed to produce executable
FAIL: obj-c++.dg/try-catch-2.mm (test for excess errors)
WARNING: obj-c++.dg/try-catch-2.mm compilation failed to produce executable
FAIL: obj-c++.dg/try-catch-9.mm (test for excess errors)
WARNING: obj-c++.dg/try-catch-9.mm compilation failed to produce executable

		=== obj-c++ Summary for unix/-m64 ===

# of expected passes		416
# of unexpected failures	11
# of unsupported tests		13

Running target unix
FAIL: obj-c++.dg/comp-types-10.mm (test for excess errors)
FAIL: obj-c++.dg/cxx-ivars-2.mm execution test
FAIL: obj-c++.dg/encode-8.mm execution test
FAIL: obj-c++.dg/isa-field-1.mm (test for excess errors)
FAIL: obj-c++.dg/lookup-2.mm (test for excess errors)
WARNING: obj-c++.dg/lookup-2.mm compilation failed to produce executable
FAIL: obj-c++.dg/try-catch-2.mm (test for excess errors)
WARNING: obj-c++.dg/try-catch-2.mm compilation failed to produce executable
FAIL: obj-c++.dg/try-catch-9.mm (test for excess errors)
WARNING: obj-c++.dg/try-catch-9.mm compilation failed to produce executable

		=== obj-c++ Summary for unix ===

# of expected passes		420
# of unexpected failures	7
# of unsupported tests		13

		=== obj-c++ Summary ===

# of expected passes		836
# of unexpected failures	18
# of unsupported tests		26
/usr/local/src/branch/objdir.gomp/gcc/testsuite/../g++  version 4.1.0-gomp-20050608-branch 20051008 (experimental) (merged 20051008)

		=== objc tests ===


Running target unix/-m64

		=== objc Summary for unix/-m64 ===

# of expected passes		1672
# of unsupported tests		22

Running target unix

		=== objc Summary for unix ===

# of expected passes		1672
# of unsupported tests		22

		=== objc Summary ===

# of expected passes		3344
# of unsupported tests		44
/usr/local/src/branch/objdir.gomp/gcc/xgcc  version 4.1.0-gomp-20050608-branch 20051008 (experimental) (merged 20051008)

		=== treelang tests ===


Running target unix/-m64

		=== treelang Summary for unix/-m64 ===

# of expected passes		50

Running target unix

		=== treelang Summary for unix ===

# of expected passes		50

		=== treelang Summary ===

# of expected passes		100
		=== libgomp tests ===


Running target unix/-m64
FAIL: libgomp.c++/loop-1.C  -O  execution test
FAIL: libgomp.c++/loop-2.C  -O  execution test
FAIL: libgomp.c++/loop-3.C  -O  execution test
FAIL: libgomp.c++/loop-4.C  -O  execution test
FAIL: libgomp.c++/nested-1.C  -O0  execution test
FAIL: libgomp.c++/nested-1.C  -O1  execution test
FAIL: libgomp.c++/nested-1.C  -O2  execution test
FAIL: libgomp.c++/nested-1.C  -O3 -fomit-frame-pointer  execution test
FAIL: libgomp.c++/nested-1.C  -O3 -fomit-frame-pointer -funroll-loops  execution test
FAIL: libgomp.c++/nested-1.C  -O3 -fomit-frame-pointer -funroll-all-loops -finline-functions  execution test
FAIL: libgomp.c++/nested-1.C  -O3 -g  execution test
FAIL: libgomp.c++/nested-1.C  -Os  execution test
FAIL: libgomp.c++/parallel-1.C  -O  execution test
FAIL: libgomp.c++/reduction-1.C  -O  execution test
FAIL: libgomp.c++/reduction-2.C  -O  execution test
FAIL: libgomp.c++/reduction-3.C  -O  execution test
FAIL: libgomp.c++/sections-1.C  -O  execution test
FAIL: libgomp.c++/shared-1.C  -O  execution test
FAIL: libgomp.c++/shared-2.C  -O  execution test
FAIL: libgomp.c++/single-1.C  -O  execution test
FAIL: libgomp.c++/single-2.C  -O  execution test
FAIL: libgomp.c++/single-3.C  -O  execution test
FAIL: libgomp.dg/atomic-1.c execution test
FAIL: libgomp.dg/atomic-10.c execution test
FAIL: libgomp.dg/atomic-2.c execution test
FAIL: libgomp.dg/barrier-1.c execution test
FAIL: libgomp.dg/critical-1.c (test for excess errors)
WARNING: libgomp.dg/critical-1.c compilation failed to produce executable
FAIL: libgomp.dg/critical-2.c execution test
FAIL: libgomp.dg/loop-1.c (test for excess errors)
WARNING: libgomp.dg/loop-1.c compilation failed to produce executable
FAIL: libgomp.dg/loop-2.c (test for excess errors)
WARNING: libgomp.dg/loop-2.c compilation failed to produce executable
FAIL: libgomp.dg/nested-1.c execution test
FAIL: libgomp.dg/nested-2.c execution test
FAIL: libgomp.dg/omp-loop01.c execution test
FAIL: libgomp.dg/omp-loop02.c execution test
FAIL: libgomp.dg/omp-loop03.c execution test
FAIL: libgomp.dg/omp-nested-1.c execution test
FAIL: libgomp.dg/omp-parallel-for.c execution test
FAIL: libgomp.dg/omp-parallel-if.c execution test
FAIL: libgomp.dg/omp-single-1.c execution test
FAIL: libgomp.dg/omp-single-2.c execution test
FAIL: libgomp.dg/omp-single-3.c execution test
FAIL: libgomp.dg/omp_hello.c execution test
FAIL: libgomp.dg/omp_matvec.c execution test
FAIL: libgomp.dg/omp_orphan.c execution test
FAIL: libgomp.dg/omp_reduction.c execution test
FAIL: libgomp.dg/omp_workshare1.c execution test
FAIL: libgomp.dg/omp_workshare2.c execution test
FAIL: libgomp.dg/omp_workshare4.c execution test
FAIL: libgomp.dg/ordered-1.c (test for excess errors)
WARNING: libgomp.dg/ordered-1.c compilation failed to produce executable
FAIL: libgomp.dg/ordered-2.c (test for excess errors)
WARNING: libgomp.dg/ordered-2.c compilation failed to produce executable
FAIL: libgomp.dg/parallel-1.c execution test
FAIL: libgomp.dg/reduction-1.c execution test
FAIL: libgomp.dg/reduction-2.c execution test
FAIL: libgomp.dg/reduction-3.c execution test
FAIL: libgomp.dg/sections-1.c (test for excess errors)
WARNING: libgomp.dg/sections-1.c compilation failed to produce executable
FAIL: libgomp.dg/shared-1.c execution test
FAIL: libgomp.dg/shared-2.c execution test
FAIL: libgomp.dg/single-1.c (test for excess errors)
WARNING: libgomp.dg/single-1.c compilation failed to produce executable
FAIL: libgomp.dg/single-2.c execution test
FAIL: libgomp.fortran/character1.f90  -O0  execution test
FAIL: libgomp.fortran/character1.f90  -O1  execution test
FAIL: libgomp.fortran/character1.f90  -O2  execution test
FAIL: libgomp.fortran/character1.f90  -O3 -fomit-frame-pointer  execution test
FAIL: libgomp.fortran/character1.f90  -O3 -fomit-frame-pointer -funroll-loops  execution test
FAIL: libgomp.fortran/character1.f90  -O3 -fomit-frame-pointer -funroll-all-loops -finline-functions  execution test
FAIL: libgomp.fortran/character1.f90  -O3 -g  execution test
FAIL: libgomp.fortran/character1.f90  -Os  execution test
FAIL: libgomp.fortran/character2.f90  -O0  (test for excess errors)
WARNING: libgomp.fortran/character2.f90  -O0  compilation failed to produce executable
FAIL: libgomp.fortran/character2.f90  -O1  (test for excess errors)
WARNING: libgomp.fortran/character2.f90  -O1  compilation failed to produce executable
FAIL: libgomp.fortran/character2.f90  -O2  (test for excess errors)
WARNING: libgomp.fortran/character2.f90  -O2  compilation failed to produce executable
FAIL: libgomp.fortran/character2.f90  -O3 -fomit-frame-pointer  (test for excess errors)
WARNING: libgomp.fortran/character2.f90  -O3 -fomit-frame-pointer  compilation failed to produce executable
FAIL: libgomp.fortran/character2.f90  -O3 -fomit-frame-pointer -funroll-loops  (test for excess errors)
WARNING: libgomp.fortran/character2.f90  -O3 -fomit-frame-pointer -funroll-loops  compilation failed to produce executable
FAIL: libgomp.fortran/character2.f90  -O3 -fomit-frame-pointer -funroll-all-loops -finline-functions  (test for excess errors)
WARNING: libgomp.fortran/character2.f90  -O3 -fomit-frame-pointer -funroll-all-loops -finline-functions  compilation failed to produce executable
FAIL: libgomp.fortran/character2.f90  -O3 -g  (test for excess errors)
WARNING: libgomp.fortran/character2.f90  -O3 -g  compilation failed to produce executable
FAIL: libgomp.fortran/character2.f90  -Os  (test for excess errors)
WARNING: libgomp.fortran/character2.f90  -Os  compilation failed to produce executable
FAIL: libgomp.fortran/do1.f90  -O0  execution test
FAIL: libgomp.fortran/do1.f90  -O1  execution test
FAIL: libgomp.fortran/do1.f90  -O2  execution test
FAIL: libgomp.fortran/do1.f90  -O3 -fomit-frame-pointer  execution test
FAIL: libgomp.fortran/do1.f90  -O3 -fomit-frame-pointer -funroll-loops  execution test
FAIL: libgomp.fortran/do1.f90  -O3 -fomit-frame-pointer -funroll-all-loops -finline-functions  execution test
FAIL: libgomp.fortran/do1.f90  -O3 -g  execution test
FAIL: libgomp.fortran/do1.f90  -Os  execution test
FAIL: libgomp.fortran/do2.f90  -O0  execution test
FAIL: libgomp.fortran/do2.f90  -O1  execution test
FAIL: libgomp.fortran/do2.f90  -O2  execution test
FAIL: libgomp.fortran/do2.f90  -O3 -fomit-frame-pointer  execution test
FAIL: libgomp.fortran/do2.f90  -O3 -fomit-frame-pointer -funroll-loops  execution test
FAIL: libgomp.fortran/do2.f90  -O3 -fomit-frame-pointer -funroll-all-loops -finline-functions  execution test
FAIL: libgomp.fortran/do2.f90  -O3 -g  execution test
FAIL: libgomp.fortran/do2.f90  -Os  execution test
FAIL: libgomp.fortran/omp_atomic1.f90  -O0  execution test
FAIL: libgomp.fortran/omp_atomic1.f90  -O1  execution test
FAIL: libgomp.fortran/omp_atomic1.f90  -O2  execution test
FAIL: libgomp.fortran/omp_atomic1.f90  -O3 -fomit-frame-pointer  execution test
FAIL: libgomp.fortran/omp_atomic1.f90  -O3 -fomit-frame-pointer -funroll-loops  execution test
FAIL: libgomp.fortran/omp_atomic1.f90  -O3 -fomit-frame-pointer -funroll-all-loops -finline-functions  execution test
FAIL: libgomp.fortran/omp_atomic1.f90  -O3 -g  execution test
FAIL: libgomp.fortran/omp_atomic1.f90  -Os  execution test
FAIL: libgomp.fortran/omp_atomic2.f90  -O0  execution test
FAIL: libgomp.fortran/omp_atomic2.f90  -O1  execution test
FAIL: libgomp.fortran/omp_atomic2.f90  -O2  execution test
FAIL: libgomp.fortran/omp_atomic2.f90  -O3 -fomit-frame-pointer  execution test
FAIL: libgomp.fortran/omp_atomic2.f90  -O3 -fomit-frame-pointer -funroll-loops  execution test
FAIL: libgomp.fortran/omp_atomic2.f90  -O3 -fomit-frame-pointer -funroll-all-loops -finline-functions  execution test
FAIL: libgomp.fortran/omp_atomic2.f90  -O3 -g  execution test
FAIL: libgomp.fortran/omp_atomic2.f90  -Os  execution test
FAIL: libgomp.fortran/omp_cond1.f  -O  execution test
FAIL: libgomp.fortran/omp_cond2.f  -O  execution test
FAIL: libgomp.fortran/omp_cond3.F90  -O  execution test
FAIL: libgomp.fortran/omp_cond4.F90  -O  execution test
FAIL: libgomp.fortran/omp_hello.f  -O  execution test
FAIL: libgomp.fortran/omp_orphan.f  -O  (test for excess errors)
WARNING: libgomp.fortran/omp_orphan.f  -O  compilation failed to produce executable
FAIL: libgomp.fortran/omp_parse1.f90  -O0  execution test
FAIL: libgomp.fortran/omp_parse1.f90  -O1  execution test
FAIL: libgomp.fortran/omp_parse1.f90  -O2  execution test
FAIL: libgomp.fortran/omp_parse1.f90  -O3 -fomit-frame-pointer  execution test
FAIL: libgomp.fortran/omp_parse1.f90  -O3 -fomit-frame-pointer -funroll-loops  execution test
FAIL: libgomp.fortran/omp_parse1.f90  -O3 -fomit-frame-pointer -funroll-all-loops -finline-functions  execution test
FAIL: libgomp.fortran/omp_parse1.f90  -O3 -g  execution test
FAIL: libgomp.fortran/omp_parse1.f90  -Os  execution test
FAIL: libgomp.fortran/omp_parse2.f90  -O0  execution test
FAIL: libgomp.fortran/omp_parse2.f90  -O1  execution test
FAIL: libgomp.fortran/omp_parse2.f90  -O2  execution test
FAIL: libgomp.fortran/omp_parse2.f90  -O3 -fomit-frame-pointer  execution test
FAIL: libgomp.fortran/omp_parse2.f90  -O3 -fomit-frame-pointer -funroll-loops  execution test
FAIL: libgomp.fortran/omp_parse2.f90  -O3 -fomit-frame-pointer -funroll-all-loops -finline-functions  execution test
FAIL: libgomp.fortran/omp_parse2.f90  -O3 -g  execution test
FAIL: libgomp.fortran/omp_parse2.f90  -Os  execution test
FAIL: libgomp.fortran/omp_parse3.f90  -O0  (test for excess errors)
WARNING: libgomp.fortran/omp_parse3.f90  -O0  compilation failed to produce executable
FAIL: libgomp.fortran/omp_parse3.f90  -O1  (test for excess errors)
WARNING: libgomp.fortran/omp_parse3.f90  -O1  compilation failed to produce executable
FAIL: libgomp.fortran/omp_parse3.f90  -O2  (test for excess errors)
WARNING: libgomp.fortran/omp_parse3.f90  -O2  compilation failed to produce executable
FAIL: libgomp.fortran/omp_parse3.f90  -O3 -fomit-frame-pointer  (test for excess errors)
WARNING: libgomp.fortran/omp_parse3.f90  -O3 -fomit-frame-pointer  compilation failed to produce executable
FAIL: libgomp.fortran/omp_parse3.f90  -O3 -fomit-frame-pointer -funroll-loops  (test for excess errors)
WARNING: libgomp.fortran/omp_parse3.f90  -O3 -fomit-frame-pointer -funroll-loops  compilation failed to produce executable
FAIL: libgomp.fortran/omp_parse3.f90  -O3 -fomit-frame-pointer -funroll-all-loops -finline-functions  (test for excess errors)
WARNING: libgomp.fortran/omp_parse3.f90  -O3 -fomit-frame-pointer -funroll-all-loops -finline-functions  compilation failed to produce executable
FAIL: libgomp.fortran/omp_parse3.f90  -O3 -g  (test for excess errors)
WARNING: libgomp.fortran/omp_parse3.f90  -O3 -g  compilation failed to produce executable
FAIL: libgomp.fortran/omp_parse3.f90  -Os  (test for excess errors)
WARNING: libgomp.fortran/omp_parse3.f90  -Os  compilation failed to produce executable
FAIL: libgomp.fortran/omp_parse4.f90  -O0  execution test
FAIL: libgomp.fortran/omp_parse4.f90  -O1  execution test
FAIL: libgomp.fortran/omp_parse4.f90  -O2  execution test
FAIL: libgomp.fortran/omp_parse4.f90  -O3 -fomit-frame-pointer  execution test
FAIL: libgomp.fortran/omp_parse4.f90  -O3 -fomit-frame-pointer -funroll-loops  execution test
FAIL: libgomp.fortran/omp_parse4.f90  -O3 -fomit-frame-pointer -funroll-all-loops -finline-functions  execution test
FAIL: libgomp.fortran/omp_parse4.f90  -O3 -g  execution test
FAIL: libgomp.fortran/omp_parse4.f90  -Os  execution test
FAIL: libgomp.fortran/omp_reduction.f  -O  execution test
FAIL: libgomp.fortran/omp_workshare1.f  -O  execution test
FAIL: libgomp.fortran/omp_workshare2.f  -O  execution test
FAIL: libgomp.fortran/reference1.f90  -O0  execution test
FAIL: libgomp.fortran/reference1.f90  -O1  execution test
FAIL: libgomp.fortran/reference1.f90  -O2  execution test
FAIL: libgomp.fortran/reference1.f90  -O3 -fomit-frame-pointer  execution test
FAIL: libgomp.fortran/reference1.f90  -O3 -fomit-frame-pointer -funroll-loops  execution test
FAIL: libgomp.fortran/reference1.f90  -O3 -fomit-frame-pointer -funroll-all-loops -finline-functions  execution test
FAIL: libgomp.fortran/reference1.f90  -O3 -g  execution test
FAIL: libgomp.fortran/reference1.f90  -Os  execution test
FAIL: libgomp.fortran/threadprivate1.f90  -O0  execution test
FAIL: libgomp.fortran/threadprivate1.f90  -O1  execution test
FAIL: libgomp.fortran/threadprivate1.f90  -O2  execution test
FAIL: libgomp.fortran/threadprivate1.f90  -O3 -fomit-frame-pointer  execution test
FAIL: libgomp.fortran/threadprivate1.f90  -O3 -fomit-frame-pointer -funroll-loops  execution test
FAIL: libgomp.fortran/threadprivate1.f90  -O3 -fomit-frame-pointer -funroll-all-loops -finline-functions  execution test
FAIL: libgomp.fortran/threadprivate1.f90  -O3 -g  execution test
FAIL: libgomp.fortran/threadprivate1.f90  -Os  execution test

		=== libgomp Summary for unix/-m64 ===

# of expected passes		142
# of unexpected failures	164

Running target unix
FAIL: libgomp.c++/loop-1.C  -O  (test for excess errors)
WARNING: libgomp.c++/loop-1.C  -O  compilation failed to produce executable
FAIL: libgomp.c++/loop-2.C  -O  (test for excess errors)
WARNING: libgomp.c++/loop-2.C  -O  compilation failed to produce executable
FAIL: libgomp.c++/loop-3.C  -O  (test for excess errors)
WARNING: libgomp.c++/loop-3.C  -O  compilation failed to produce executable
FAIL: libgomp.c++/loop-4.C  -O  (test for excess errors)
WARNING: libgomp.c++/loop-4.C  -O  compilation failed to produce executable
FAIL: libgomp.c++/nested-1.C  -O0  (test for excess errors)
WARNING: libgomp.c++/nested-1.C  -O0  compilation failed to produce executable
FAIL: libgomp.c++/nested-1.C  -O1  (test for excess errors)
WARNING: libgomp.c++/nested-1.C  -O1  compilation failed to produce executable
FAIL: libgomp.c++/nested-1.C  -O2  (test for excess errors)
WARNING: libgomp.c++/nested-1.C  -O2  compilation failed to produce executable
FAIL: libgomp.c++/nested-1.C  -O3 -fomit-frame-pointer  (test for excess errors)
WARNING: libgomp.c++/nested-1.C  -O3 -fomit-frame-pointer  compilation failed to produce executable
FAIL: libgomp.c++/nested-1.C  -O3 -fomit-frame-pointer -funroll-loops  (test for excess errors)
WARNING: libgomp.c++/nested-1.C  -O3 -fomit-frame-pointer -funroll-loops  compilation failed to produce executable
FAIL: libgomp.c++/nested-1.C  -O3 -fomit-frame-pointer -funroll-all-loops -finline-functions  (test for excess errors)
WARNING: libgomp.c++/nested-1.C  -O3 -fomit-frame-pointer -funroll-all-loops -finline-functions  compilation failed to produce executable
FAIL: libgomp.c++/nested-1.C  -O3 -g  (test for excess errors)
WARNING: libgomp.c++/nested-1.C  -O3 -g  compilation failed to produce executable
FAIL: libgomp.c++/nested-1.C  -Os  (test for excess errors)
WARNING: libgomp.c++/nested-1.C  -Os  compilation failed to produce executable
FAIL: libgomp.c++/parallel-1.C  -O  (test for excess errors)
WARNING: libgomp.c++/parallel-1.C  -O  compilation failed to produce executable
FAIL: libgomp.c++/reduction-1.C  -O  (test for excess errors)
WARNING: libgomp.c++/reduction-1.C  -O  compilation failed to produce executable
FAIL: libgomp.c++/reduction-2.C  -O  (test for excess errors)
WARNING: libgomp.c++/reduction-2.C  -O  compilation failed to produce executable
FAIL: libgomp.c++/reduction-3.C  -O  (test for excess errors)
WARNING: libgomp.c++/reduction-3.C  -O  compilation failed to produce executable
FAIL: libgomp.c++/sections-1.C  -O  (test for excess errors)
WARNING: libgomp.c++/sections-1.C  -O  compilation failed to produce executable
FAIL: libgomp.c++/shared-1.C  -O  (test for excess errors)
WARNING: libgomp.c++/shared-1.C  -O  compilation failed to produce executable
FAIL: libgomp.c++/shared-2.C  -O  (test for excess errors)
WARNING: libgomp.c++/shared-2.C  -O  compilation failed to produce executable
FAIL: libgomp.c++/single-1.C  -O  (test for excess errors)
WARNING: libgomp.c++/single-1.C  -O  compilation failed to produce executable
FAIL: libgomp.c++/single-2.C  -O  (test for excess errors)
WARNING: libgomp.c++/single-2.C  -O  compilation failed to produce executable
FAIL: libgomp.c++/single-3.C  -O  (test for excess errors)
WARNING: libgomp.c++/single-3.C  -O  compilation failed to produce executable
FAIL: libgomp.dg/atomic-1.c (test for excess errors)
WARNING: libgomp.dg/atomic-1.c compilation failed to produce executable
FAIL: libgomp.dg/atomic-10.c (test for excess errors)
WARNING: libgomp.dg/atomic-10.c compilation failed to produce executable
FAIL: libgomp.dg/atomic-2.c (test for excess errors)
WARNING: libgomp.dg/atomic-2.c compilation failed to produce executable
FAIL: libgomp.dg/barrier-1.c (test for excess errors)
WARNING: libgomp.dg/barrier-1.c compilation failed to produce executable
FAIL: libgomp.dg/critical-1.c (test for excess errors)
WARNING: libgomp.dg/critical-1.c compilation failed to produce executable
FAIL: libgomp.dg/critical-2.c (test for excess errors)
WARNING: libgomp.dg/critical-2.c compilation failed to produce executable
FAIL: libgomp.dg/loop-1.c (test for excess errors)
WARNING: libgomp.dg/loop-1.c compilation failed to produce executable
FAIL: libgomp.dg/loop-2.c (test for excess errors)
WARNING: libgomp.dg/loop-2.c compilation failed to produce executable
FAIL: libgomp.dg/nested-1.c (test for excess errors)
WARNING: libgomp.dg/nested-1.c compilation failed to produce executable
FAIL: libgomp.dg/nested-2.c (test for excess errors)
WARNING: libgomp.dg/nested-2.c compilation failed to produce executable
FAIL: libgomp.dg/omp-loop01.c (test for excess errors)
WARNING: libgomp.dg/omp-loop01.c compilation failed to produce executable
FAIL: libgomp.dg/omp-loop02.c (test for excess errors)
WARNING: libgomp.dg/omp-loop02.c compilation failed to produce executable
FAIL: libgomp.dg/omp-loop03.c (test for excess errors)
WARNING: libgomp.dg/omp-loop03.c compilation failed to produce executable
FAIL: libgomp.dg/omp-nested-1.c (test for excess errors)
WARNING: libgomp.dg/omp-nested-1.c compilation failed to produce executable
FAIL: libgomp.dg/omp-parallel-for.c (test for excess errors)
WARNING: libgomp.dg/omp-parallel-for.c compilation failed to produce executable
FAIL: libgomp.dg/omp-parallel-if.c (test for excess errors)
WARNING: libgomp.dg/omp-parallel-if.c compilation failed to produce executable
FAIL: libgomp.dg/omp-single-1.c (test for excess errors)
WARNING: libgomp.dg/omp-single-1.c compilation failed to produce executable
FAIL: libgomp.dg/omp-single-2.c (test for excess errors)
WARNING: libgomp.dg/omp-single-2.c compilation failed to produce executable
FAIL: libgomp.dg/omp-single-3.c (test for excess errors)
WARNING: libgomp.dg/omp-single-3.c compilation failed to produce executable
FAIL: libgomp.dg/omp_hello.c (test for excess errors)
WARNING: libgomp.dg/omp_hello.c compilation failed to produce executable
FAIL: libgomp.dg/omp_matvec.c (test for excess errors)
WARNING: libgomp.dg/omp_matvec.c compilation failed to produce executable
FAIL: libgomp.dg/omp_orphan.c (test for excess errors)
WARNING: libgomp.dg/omp_orphan.c compilation failed to produce executable
FAIL: libgomp.dg/omp_reduction.c (test for excess errors)
WARNING: libgomp.dg/omp_reduction.c compilation failed to produce executable
FAIL: libgomp.dg/omp_workshare1.c (test for excess errors)
WARNING: libgomp.dg/omp_workshare1.c compilation failed to produce executable
FAIL: libgomp.dg/omp_workshare2.c (test for excess errors)
WARNING: libgomp.dg/omp_workshare2.c compilation failed to produce executable
FAIL: libgomp.dg/omp_workshare4.c (test for excess errors)
WARNING: libgomp.dg/omp_workshare4.c compilation failed to produce executable
FAIL: libgomp.dg/ordered-1.c (test for excess errors)
WARNING: libgomp.dg/ordered-1.c compilation failed to produce executable
FAIL: libgomp.dg/ordered-2.c (test for excess errors)
WARNING: libgomp.dg/ordered-2.c compilation failed to produce executable
FAIL: libgomp.dg/parallel-1.c (test for excess errors)
WARNING: libgomp.dg/parallel-1.c compilation failed to produce executable
FAIL: libgomp.dg/reduction-1.c (test for excess errors)
WARNING: libgomp.dg/reduction-1.c compilation failed to produce executable
FAIL: libgomp.dg/reduction-2.c (test for excess errors)
WARNING: libgomp.dg/reduction-2.c compilation failed to produce executable
FAIL: libgomp.dg/reduction-3.c (test for excess errors)
WARNING: libgomp.dg/reduction-3.c compilation failed to produce executable
FAIL: libgomp.dg/sections-1.c (test for excess errors)
WARNING: libgomp.dg/sections-1.c compilation failed to produce executable
FAIL: libgomp.dg/shared-1.c (test for excess errors)
WARNING: libgomp.dg/shared-1.c compilation failed to produce executable
FAIL: libgomp.dg/shared-2.c (test for excess errors)
WARNING: libgomp.dg/shared-2.c compilation failed to produce executable
FAIL: libgomp.dg/single-1.c (test for excess errors)
WARNING: libgomp.dg/single-1.c compilation failed to produce executable
FAIL: libgomp.dg/single-2.c (test for excess errors)
WARNING: libgomp.dg/single-2.c compilation failed to produce executable
FAIL: libgomp.fortran/character1.f90  -O0  (test for excess errors)
WARNING: libgomp.fortran/character1.f90  -O0  compilation failed to produce executable
FAIL: libgomp.fortran/character1.f90  -O1  (test for excess errors)
WARNING: libgomp.fortran/character1.f90  -O1  compilation failed to produce executable
FAIL: libgomp.fortran/character1.f90  -O2  (test for excess errors)
WARNING: libgomp.fortran/character1.f90  -O2  compilation failed to produce executable
FAIL: libgomp.fortran/character1.f90  -O3 -fomit-frame-pointer  (test for excess errors)
WARNING: libgomp.fortran/character1.f90  -O3 -fomit-frame-pointer  compilation failed to produce executable
FAIL: libgomp.fortran/character1.f90  -O3 -fomit-frame-pointer -funroll-loops  (test for excess errors)
WARNING: libgomp.fortran/character1.f90  -O3 -fomit-frame-pointer -funroll-loops  compilation failed to produce executable
FAIL: libgomp.fortran/character1.f90  -O3 -fomit-frame-pointer -funroll-all-loops -finline-functions  (test for excess errors)
WARNING: libgomp.fortran/character1.f90  -O3 -fomit-frame-pointer -funroll-all-loops -finline-functions  compilation failed to produce executable
FAIL: libgomp.fortran/character1.f90  -O3 -g  (test for excess errors)
WARNING: libgomp.fortran/character1.f90  -O3 -g  compilation failed to produce executable
FAIL: libgomp.fortran/character1.f90  -Os  (test for excess errors)
WARNING: libgomp.fortran/character1.f90  -Os  compilation failed to produce executable
FAIL: libgomp.fortran/character2.f90  -O0  (test for excess errors)
WARNING: libgomp.fortran/character2.f90  -O0  compilation failed to produce executable
FAIL: libgomp.fortran/character2.f90  -O1  (test for excess errors)
WARNING: libgomp.fortran/character2.f90  -O1  compilation failed to produce executable
FAIL: libgomp.fortran/character2.f90  -O2  (test for excess errors)
WARNING: libgomp.fortran/character2.f90  -O2  compilation failed to produce executable
FAIL: libgomp.fortran/character2.f90  -O3 -fomit-frame-pointer  (test for excess errors)
WARNING: libgomp.fortran/character2.f90  -O3 -fomit-frame-pointer  compilation failed to produce executable
FAIL: libgomp.fortran/character2.f90  -O3 -fomit-frame-pointer -funroll-loops  (test for excess errors)
WARNING: libgomp.fortran/character2.f90  -O3 -fomit-frame-pointer -funroll-loops  compilation failed to produce executable
FAIL: libgomp.fortran/character2.f90  -O3 -fomit-frame-pointer -funroll-all-loops -finline-functions  (test for excess errors)
WARNING: libgomp.fortran/character2.f90  -O3 -fomit-frame-pointer -funroll-all-loops -finline-functions  compilation failed to produce executable
FAIL: libgomp.fortran/character2.f90  -O3 -g  (test for excess errors)
WARNING: libgomp.fortran/character2.f90  -O3 -g  compilation failed to produce executable
FAIL: libgomp.fortran/character2.f90  -Os  (test for excess errors)
WARNING: libgomp.fortran/character2.f90  -Os  compilation failed to produce executable
FAIL: libgomp.fortran/do1.f90  -O0  (test for excess errors)
WARNING: libgomp.fortran/do1.f90  -O0  compilation failed to produce executable
FAIL: libgomp.fortran/do1.f90  -O1  (test for excess errors)
WARNING: libgomp.fortran/do1.f90  -O1  compilation failed to produce executable
FAIL: libgomp.fortran/do1.f90  -O2  (test for excess errors)
WARNING: libgomp.fortran/do1.f90  -O2  compilation failed to produce executable
FAIL: libgomp.fortran/do1.f90  -O3 -fomit-frame-pointer  (test for excess errors)
WARNING: libgomp.fortran/do1.f90  -O3 -fomit-frame-pointer  compilation failed to produce executable
FAIL: libgomp.fortran/do1.f90  -O3 -fomit-frame-pointer -funroll-loops  (test for excess errors)
WARNING: libgomp.fortran/do1.f90  -O3 -fomit-frame-pointer -funroll-loops  compilation failed to produce executable
FAIL: libgomp.fortran/do1.f90  -O3 -fomit-frame-pointer -funroll-all-loops -finline-functions  (test for excess errors)
WARNING: libgomp.fortran/do1.f90  -O3 -fomit-frame-pointer -funroll-all-loops -finline-functions  compilation failed to produce executable
FAIL: libgomp.fortran/do1.f90  -O3 -g  (test for excess errors)
WARNING: libgomp.fortran/do1.f90  -O3 -g  compilation failed to produce executable
FAIL: libgomp.fortran/do1.f90  -Os  (test for excess errors)
WARNING: libgomp.fortran/do1.f90  -Os  compilation failed to produce executable
FAIL: libgomp.fortran/do2.f90  -O0  (test for excess errors)
WARNING: libgomp.fortran/do2.f90  -O0  compilation failed to produce executable
FAIL: libgomp.fortran/do2.f90  -O1  (test for excess errors)
WARNING: libgomp.fortran/do2.f90  -O1  compilation failed to produce executable
FAIL: libgomp.fortran/do2.f90  -O2  (test for excess errors)
WARNING: libgomp.fortran/do2.f90  -O2  compilation failed to produce executable
FAIL: libgomp.fortran/do2.f90  -O3 -fomit-frame-pointer  (test for excess errors)
WARNING: libgomp.fortran/do2.f90  -O3 -fomit-frame-pointer  compilation failed to produce executable
FAIL: libgomp.fortran/do2.f90  -O3 -fomit-frame-pointer -funroll-loops  (test for excess errors)
WARNING: libgomp.fortran/do2.f90  -O3 -fomit-frame-pointer -funroll-loops  compilation failed to produce executable
FAIL: libgomp.fortran/do2.f90  -O3 -fomit-frame-pointer -funroll-all-loops -finline-functions  (test for excess errors)
WARNING: libgomp.fortran/do2.f90  -O3 -fomit-frame-pointer -funroll-all-loops -finline-functions  compilation failed to produce executable
FAIL: libgomp.fortran/do2.f90  -O3 -g  (test for excess errors)
WARNING: libgomp.fortran/do2.f90  -O3 -g  compilation failed to produce executable
FAIL: libgomp.fortran/do2.f90  -Os  (test for excess errors)
WARNING: libgomp.fortran/do2.f90  -Os  compilation failed to produce executable
FAIL: libgomp.fortran/omp_atomic1.f90  -O0  (test for excess errors)
WARNING: libgomp.fortran/omp_atomic1.f90  -O0  compilation failed to produce executable
FAIL: libgomp.fortran/omp_atomic1.f90  -O1  (test for excess errors)
WARNING: libgomp.fortran/omp_atomic1.f90  -O1  compilation failed to produce executable
FAIL: libgomp.fortran/omp_atomic1.f90  -O2  (test for excess errors)
WARNING: libgomp.fortran/omp_atomic1.f90  -O2  compilation failed to produce executable
FAIL: libgomp.fortran/omp_atomic1.f90  -O3 -fomit-frame-pointer  (test for excess errors)
WARNING: libgomp.fortran/omp_atomic1.f90  -O3 -fomit-frame-pointer  compilation failed to produce executable
FAIL: libgomp.fortran/omp_atomic1.f90  -O3 -fomit-frame-pointer -funroll-loops  (test for excess errors)
WARNING: libgomp.fortran/omp_atomic1.f90  -O3 -fomit-frame-pointer -funroll-loops  compilation failed to produce executable
FAIL: libgomp.fortran/omp_atomic1.f90  -O3 -fomit-frame-pointer -funroll-all-loops -finline-functions  (test for excess errors)
WARNING: libgomp.fortran/omp_atomic1.f90  -O3 -fomit-frame-pointer -funroll-all-loops -finline-functions  compilation failed to produce executable
FAIL: libgomp.fortran/omp_atomic1.f90  -O3 -g  (test for excess errors)
WARNING: libgomp.fortran/omp_atomic1.f90  -O3 -g  compilation failed to produce executable
FAIL: libgomp.fortran/omp_atomic1.f90  -Os  (test for excess errors)
WARNING: libgomp.fortran/omp_atomic1.f90  -Os  compilation failed to produce executable
FAIL: libgomp.fortran/omp_atomic2.f90  -O0  (test for excess errors)
WARNING: libgomp.fortran/omp_atomic2.f90  -O0  compilation failed to produce executable
FAIL: libgomp.fortran/omp_atomic2.f90  -O1  (test for excess errors)
WARNING: libgomp.fortran/omp_atomic2.f90  -O1  compilation failed to produce executable
FAIL: libgomp.fortran/omp_atomic2.f90  -O2  (test for excess errors)
WARNING: libgomp.fortran/omp_atomic2.f90  -O2  compilation failed to produce executable
FAIL: libgomp.fortran/omp_atomic2.f90  -O3 -fomit-frame-pointer  (test for excess errors)
WARNING: libgomp.fortran/omp_atomic2.f90  -O3 -fomit-frame-pointer  compilation failed to produce executable
FAIL: libgomp.fortran/omp_atomic2.f90  -O3 -fomit-frame-pointer -funroll-loops  (test for excess errors)
WARNING: libgomp.fortran/omp_atomic2.f90  -O3 -fomit-frame-pointer -funroll-loops  compilation failed to produce executable
FAIL: libgomp.fortran/omp_atomic2.f90  -O3 -fomit-frame-pointer -funroll-all-loops -finline-functions  (test for excess errors)
WARNING: libgomp.fortran/omp_atomic2.f90  -O3 -fomit-frame-pointer -funroll-all-loops -finline-functions  compilation failed to produce executable
FAIL: libgomp.fortran/omp_atomic2.f90  -O3 -g  (test for excess errors)
WARNING: libgomp.fortran/omp_atomic2.f90  -O3 -g  compilation failed to produce executable
FAIL: libgomp.fortran/omp_atomic2.f90  -Os  (test for excess errors)
WARNING: libgomp.fortran/omp_atomic2.f90  -Os  compilation failed to produce executable
FAIL: libgomp.fortran/omp_cond1.f  -O  (test for excess errors)
WARNING: libgomp.fortran/omp_cond1.f  -O  compilation failed to produce executable
FAIL: libgomp.fortran/omp_cond2.f  -O  (test for excess errors)
WARNING: libgomp.fortran/omp_cond2.f  -O  compilation failed to produce executable
FAIL: libgomp.fortran/omp_cond3.F90  -O  (test for excess errors)
WARNING: libgomp.fortran/omp_cond3.F90  -O  compilation failed to produce executable
FAIL: libgomp.fortran/omp_cond4.F90  -O  (test for excess errors)
WARNING: libgomp.fortran/omp_cond4.F90  -O  compilation failed to produce executable
FAIL: libgomp.fortran/omp_hello.f  -O  (test for excess errors)
WARNING: libgomp.fortran/omp_hello.f  -O  compilation failed to produce executable
FAIL: libgomp.fortran/omp_orphan.f  -O  (test for excess errors)
WARNING: libgomp.fortran/omp_orphan.f  -O  compilation failed to produce executable
FAIL: libgomp.fortran/omp_parse1.f90  -O0  (test for excess errors)
WARNING: libgomp.fortran/omp_parse1.f90  -O0  compilation failed to produce executable
FAIL: libgomp.fortran/omp_parse1.f90  -O1  (test for excess errors)
WARNING: libgomp.fortran/omp_parse1.f90  -O1  compilation failed to produce executable
FAIL: libgomp.fortran/omp_parse1.f90  -O2  (test for excess errors)
WARNING: libgomp.fortran/omp_parse1.f90  -O2  compilation failed to produce executable
FAIL: libgomp.fortran/omp_parse1.f90  -O3 -fomit-frame-pointer  (test for excess errors)
WARNING: libgomp.fortran/omp_parse1.f90  -O3 -fomit-frame-pointer  compilation failed to produce executable
FAIL: libgomp.fortran/omp_parse1.f90  -O3 -fomit-frame-pointer -funroll-loops  (test for excess errors)
WARNING: libgomp.fortran/omp_parse1.f90  -O3 -fomit-frame-pointer -funroll-loops  compilation failed to produce executable
FAIL: libgomp.fortran/omp_parse1.f90  -O3 -fomit-frame-pointer -funroll-all-loops -finline-functions  (test for excess errors)
WARNING: libgomp.fortran/omp_parse1.f90  -O3 -fomit-frame-pointer -funroll-all-loops -finline-functions  compilation failed to produce executable
FAIL: libgomp.fortran/omp_parse1.f90  -O3 -g  (test for excess errors)
WARNING: libgomp.fortran/omp_parse1.f90  -O3 -g  compilation failed to produce executable
FAIL: libgomp.fortran/omp_parse1.f90  -Os  (test for excess errors)
WARNING: libgomp.fortran/omp_parse1.f90  -Os  compilation failed to produce executable
FAIL: libgomp.fortran/omp_parse2.f90  -O0  (test for excess errors)
WARNING: libgomp.fortran/omp_parse2.f90  -O0  compilation failed to produce executable
FAIL: libgomp.fortran/omp_parse2.f90  -O1  (test for excess errors)
WARNING: libgomp.fortran/omp_parse2.f90  -O1  compilation failed to produce executable
FAIL: libgomp.fortran/omp_parse2.f90  -O2  (test for excess errors)
WARNING: libgomp.fortran/omp_parse2.f90  -O2  compilation failed to produce executable
FAIL: libgomp.fortran/omp_parse2.f90  -O3 -fomit-frame-pointer  (test for excess errors)
WARNING: libgomp.fortran/omp_parse2.f90  -O3 -fomit-frame-pointer  compilation failed to produce executable
FAIL: libgomp.fortran/omp_parse2.f90  -O3 -fomit-frame-pointer -funroll-loops  (test for excess errors)
WARNING: libgomp.fortran/omp_parse2.f90  -O3 -fomit-frame-pointer -funroll-loops  compilation failed to produce executable
FAIL: libgomp.fortran/omp_parse2.f90  -O3 -fomit-frame-pointer -funroll-all-loops -finline-functions  (test for excess errors)
WARNING: libgomp.fortran/omp_parse2.f90  -O3 -fomit-frame-pointer -funroll-all-loops -finline-functions  compilation failed to produce executable
FAIL: libgomp.fortran/omp_parse2.f90  -O3 -g  (test for excess errors)
WARNING: libgomp.fortran/omp_parse2.f90  -O3 -g  compilation failed to produce executable
FAIL: libgomp.fortran/omp_parse2.f90  -Os  (test for excess errors)
WARNING: libgomp.fortran/omp_parse2.f90  -Os  compilation failed to produce executable
FAIL: libgomp.fortran/omp_parse3.f90  -O0  (test for excess errors)
WARNING: libgomp.fortran/omp_parse3.f90  -O0  compilation failed to produce executable
FAIL: libgomp.fortran/omp_parse3.f90  -O1  (test for excess errors)
WARNING: libgomp.fortran/omp_parse3.f90  -O1  compilation failed to produce executable
FAIL: libgomp.fortran/omp_parse3.f90  -O2  (test for excess errors)
WARNING: libgomp.fortran/omp_parse3.f90  -O2  compilation failed to produce executable
FAIL: libgomp.fortran/omp_parse3.f90  -O3 -fomit-frame-pointer  (test for excess errors)
WARNING: libgomp.fortran/omp_parse3.f90  -O3 -fomit-frame-pointer  compilation failed to produce executable
FAIL: libgomp.fortran/omp_parse3.f90  -O3 -fomit-frame-pointer -funroll-loops  (test for excess errors)
WARNING: libgomp.fortran/omp_parse3.f90  -O3 -fomit-frame-pointer -funroll-loops  compilation failed to produce executable
FAIL: libgomp.fortran/omp_parse3.f90  -O3 -fomit-frame-pointer -funroll-all-loops -finline-functions  (test for excess errors)
WARNING: libgomp.fortran/omp_parse3.f90  -O3 -fomit-frame-pointer -funroll-all-loops -finline-functions  compilation failed to produce executable
FAIL: libgomp.fortran/omp_parse3.f90  -O3 -g  (test for excess errors)
WARNING: libgomp.fortran/omp_parse3.f90  -O3 -g  compilation failed to produce executable
FAIL: libgomp.fortran/omp_parse3.f90  -Os  (test for excess errors)
WARNING: libgomp.fortran/omp_parse3.f90  -Os  compilation failed to produce executable
FAIL: libgomp.fortran/omp_parse4.f90  -O0  (test for excess errors)
WARNING: libgomp.fortran/omp_parse4.f90  -O0  compilation failed to produce executable
FAIL: libgomp.fortran/omp_parse4.f90  -O1  (test for excess errors)
WARNING: libgomp.fortran/omp_parse4.f90  -O1  compilation failed to produce executable
FAIL: libgomp.fortran/omp_parse4.f90  -O2  (test for excess errors)
WARNING: libgomp.fortran/omp_parse4.f90  -O2  compilation failed to produce executable
FAIL: libgomp.fortran/omp_parse4.f90  -O3 -fomit-frame-pointer  (test for excess errors)
WARNING: libgomp.fortran/omp_parse4.f90  -O3 -fomit-frame-pointer  compilation failed to produce executable
FAIL: libgomp.fortran/omp_parse4.f90  -O3 -fomit-frame-pointer -funroll-loops  (test for excess errors)
WARNING: libgomp.fortran/omp_parse4.f90  -O3 -fomit-frame-pointer -funroll-loops  compilation failed to produce executable
FAIL: libgomp.fortran/omp_parse4.f90  -O3 -fomit-frame-pointer -funroll-all-loops -finline-functions  (test for excess errors)
WARNING: libgomp.fortran/omp_parse4.f90  -O3 -fomit-frame-pointer -funroll-all-loops -finline-functions  compilation failed to produce executable
FAIL: libgomp.fortran/omp_parse4.f90  -O3 -g  (test for excess errors)
WARNING: libgomp.fortran/omp_parse4.f90  -O3 -g  compilation failed to produce executable
FAIL: libgomp.fortran/omp_parse4.f90  -Os  (test for excess errors)
WARNING: libgomp.fortran/omp_parse4.f90  -Os  compilation failed to produce executable
FAIL: libgomp.fortran/omp_reduction.f  -O  (test for excess errors)
WARNING: libgomp.fortran/omp_reduction.f  -O  compilation failed to produce executable
FAIL: libgomp.fortran/omp_workshare1.f  -O  (test for excess errors)
WARNING: libgomp.fortran/omp_workshare1.f  -O  compilation failed to produce executable
FAIL: libgomp.fortran/omp_workshare2.f  -O  (test for excess errors)
WARNING: libgomp.fortran/omp_workshare2.f  -O  compilation failed to produce executable
FAIL: libgomp.fortran/reference1.f90  -O0  (test for excess errors)
WARNING: libgomp.fortran/reference1.f90  -O0  compilation failed to produce executable
FAIL: libgomp.fortran/reference1.f90  -O1  (test for excess errors)
WARNING: libgomp.fortran/reference1.f90  -O1  compilation failed to produce executable
FAIL: libgomp.fortran/reference1.f90  -O2  (test for excess errors)
WARNING: libgomp.fortran/reference1.f90  -O2  compilation failed to produce executable
FAIL: libgomp.fortran/reference1.f90  -O3 -fomit-frame-pointer  (test for excess errors)
WARNING: libgomp.fortran/reference1.f90  -O3 -fomit-frame-pointer  compilation failed to produce executable
FAIL: libgomp.fortran/reference1.f90  -O3 -fomit-frame-pointer -funroll-loops  (test for excess errors)
WARNING: libgomp.fortran/reference1.f90  -O3 -fomit-frame-pointer -funroll-loops  compilation failed to produce executable
FAIL: libgomp.fortran/reference1.f90  -O3 -fomit-frame-pointer -funroll-all-loops -finline-functions  (test for excess errors)
WARNING: libgomp.fortran/reference1.f90  -O3 -fomit-frame-pointer -funroll-all-loops -finline-functions  compilation failed to produce executable
FAIL: libgomp.fortran/reference1.f90  -O3 -g  (test for excess errors)
WARNING: libgomp.fortran/reference1.f90  -O3 -g  compilation failed to produce executable
FAIL: libgomp.fortran/reference1.f90  -Os  (test for excess errors)
WARNING: libgomp.fortran/reference1.f90  -Os  compilation failed to produce executable
FAIL: libgomp.fortran/threadprivate1.f90  -O0  (test for excess errors)
WARNING: libgomp.fortran/threadprivate1.f90  -O0  compilation failed to produce executable
FAIL: libgomp.fortran/threadprivate1.f90  -O1  (test for excess errors)
WARNING: libgomp.fortran/threadprivate1.f90  -O1  compilation failed to produce executable
FAIL: libgomp.fortran/threadprivate1.f90  -O2  (test for excess errors)
WARNING: libgomp.fortran/threadprivate1.f90  -O2  compilation failed to produce executable
FAIL: libgomp.fortran/threadprivate1.f90  -O3 -fomit-frame-pointer  (test for excess errors)
WARNING: libgomp.fortran/threadprivate1.f90  -O3 -fomit-frame-pointer  compilation failed to produce executable
FAIL: libgomp.fortran/threadprivate1.f90  -O3 -fomit-frame-pointer -funroll-loops  (test for excess errors)
WARNING: libgomp.fortran/threadprivate1.f90  -O3 -fomit-frame-pointer -funroll-loops  compilation failed to produce executable
FAIL: libgomp.fortran/threadprivate1.f90  -O3 -fomit-frame-pointer -funroll-all-loops -finline-functions  (test for excess errors)
WARNING: libgomp.fortran/threadprivate1.f90  -O3 -fomit-frame-pointer -funroll-all-loops -finline-functions  compilation failed to produce executable
FAIL: libgomp.fortran/threadprivate1.f90  -O3 -g  (test for excess errors)
WARNING: libgomp.fortran/threadprivate1.f90  -O3 -g  compilation failed to produce executable
FAIL: libgomp.fortran/threadprivate1.f90  -Os  (test for excess errors)
WARNING: libgomp.fortran/threadprivate1.f90  -Os  compilation failed to produce executable

		=== libgomp Summary for unix ===

# of expected passes		2
# of unexpected failures	164

		=== libgomp Summary ===

# of expected passes		144
# of unexpected failures	328
		=== libmudflap tests ===


Running target unix/-m64
FAIL: libmudflap.c/pass54-frag.c execution test
FAIL: libmudflap.c/pass54-frag.c execution test
FAIL: libmudflap.c/pass54-frag.c (-static) execution test
FAIL: libmudflap.c/pass54-frag.c (-static) execution test

		=== libmudflap Summary for unix/-m64 ===

# of expected passes		1785
# of unexpected failures	4

Running target unix
FAIL: libmudflap.c/pass54-frag.c execution test
FAIL: libmudflap.c/pass54-frag.c execution test
FAIL: libmudflap.c/pass54-frag.c (-static) execution test
FAIL: libmudflap.c/pass54-frag.c (-static) execution test

		=== libmudflap Summary for unix ===

# of expected passes		1785
# of unexpected failures	4

		=== libmudflap Summary ===

# of expected passes		3570
# of unexpected failures	8
		=== libstdc++ tests ===


Running target unix/-m64
FAIL: 22_locale/messages/members/char/1.cc execution test
FAIL: 22_locale/messages/members/char/2.cc execution test
FAIL: 22_locale/messages/members/char/wrapped_env.cc execution test
FAIL: 22_locale/messages/members/char/wrapped_locale.cc execution test
FAIL: 22_locale/messages_byname/named_equivalence.cc execution test
XPASS: 26_numerics/cmath/c99_classification_macros_c.cc (test for excess errors)
FAIL: 27_io/basic_filebuf/close/char/4879.cc execution test
FAIL: 27_io/basic_filebuf/close/char/9964.cc execution test
FAIL: 27_io/basic_filebuf/imbue/char/13171-2.cc execution test
FAIL: 27_io/basic_filebuf/imbue/wchar_t/14975-2.cc execution test
FAIL: 27_io/basic_filebuf/underflow/char/10097.cc execution test
XPASS: 27_io/fpos/14320-1.cc execution test
FAIL: 27_io/objects/char/7.cc execution test
FAIL: 27_io/objects/char/9661-1.cc execution test
FAIL: 27_io/objects/wchar_t/7.cc execution test
FAIL: 27_io/objects/wchar_t/9661-1.cc execution test
FAIL: ext/array_allocator/2.cc execution test

		=== libstdc++ Summary for unix/-m64 ===

# of expected passes		3959
# of unexpected failures	15
# of unexpected successes	2
# of expected failures		14

Running target unix
FAIL: 23_containers/set/explicit_instantiation/2.cc (test for excess errors)
XPASS: 26_numerics/cmath/c99_classification_macros_c.cc (test for excess errors)

		=== libstdc++ Summary for unix ===

# of expected passes		3973
# of unexpected failures	1
# of unexpected successes	1
# of expected failures		15

		=== libstdc++ Summary ===

# of expected passes		7932
# of unexpected failures	16
# of unexpected successes	3
# of expected failures		29

Compiler version: 4.1.0-gomp-20050608-branch 20051008 (experimental) (merged 20051008) 
Platform: sparc64-unknown-linux-gnu
configure flags: --enable-__cxa_atexit --enable-shared --with-cpu=v7 --disable-libgcj --enable-languages=c,ada,c++,fortran,objc,obj-c++,treelang



More information about the Gcc-testresults mailing list