Results for 4.1.0 20051014 (experimental) testsuite on alphaev67-unknown-linux-gnu

Richard Henderson rth@twiddle.net
Sat Oct 15 15:27:00 GMT 2005


LAST_UPDATED: Sat Oct 15 00:05:08 UTC 2005

Native configuration is alphaev67-unknown-linux-gnu

		=== libffi tests ===


Running target unix

		=== libffi Summary ===

# of expected passes		228
# of unsupported tests		2
		=== libjava tests ===


Running target unix

		=== libjava Summary ===

# of expected passes		3986
# of expected failures		10
# of untested testcases		8
		=== libstdc++ tests ===


Running target unix
FAIL: 23_containers/set/explicit_instantiation/3.cc (test for excess errors)
XPASS: 27_io/fpos/14320-1.cc execution test

		=== libstdc++ Summary ===

# of expected passes		3351
# of unexpected failures	1
# of unexpected successes	1
# of expected failures		15
# of unsupported tests		319
		=== g++ tests ===


Running target unix
FAIL: g++.dg/other/switch2.C  (test for errors, line 16)
FAIL: g++.dg/other/switch2.C  (test for errors, line 17)
FAIL: g++.dg/other/switch2.C  (test for errors, line 18)
FAIL: g++.dg/other/switch2.C  (test for errors, line 19)
FAIL: g++.dg/other/switch2.C  (test for errors, line 20)

		=== g++ Summary ===

# of expected passes		11379
# of unexpected failures	5
# of expected failures		67
# of unsupported tests		103
/home/rth/work/gcc/bld-cron/gcc/testsuite/../g++  version 4.1.0 20051014 (experimental)

		=== gcc tests ===


Running target unix

		=== gcc Summary ===

# of expected passes		36820
# of expected failures		92
# of untested testcases		28
# of unsupported tests		589
/home/rth/work/gcc/bld-cron/gcc/xgcc  version 4.1.0 20051014 (experimental)

		=== gfortran tests ===


Running target unix

		=== gfortran Summary ===

# of expected passes		9584
# of expected failures		12
# of unsupported tests		39
/home/rth/work/gcc/bld-cron/gcc/testsuite/../gfortran  version 4.1.0 20051014 (experimental)

		=== objc tests ===


Running target unix

		=== objc Summary ===

# of expected passes		1670
# of unsupported tests		23
/home/rth/work/gcc/bld-cron/gcc/xgcc  version 4.1.0 20051014 (experimental)


Compiler version: 4.1.0 20051014 (experimental) 
Platform: alphaev67-unknown-linux-gnu
configure flags: --disable-libmudflap --enable-clocale=gnu --prefix=/home/rth/work/gcc/run-41 --enable-languages=c,c++,fortran,java,objc



More information about the Gcc-testresults mailing list