Results for 4.1.0 20051014 (experimental) testsuite on i686-pc-linux-gnu
Kaveh R. Ghazi
ghazi@caipclassic.rutgers.edu
Sat Oct 15 12:30:00 GMT 2005
LAST_UPDATED:
Native configuration is i686-pc-linux-gnu
=== g++ tests ===
Running target unix/-fPIC
FAIL: g++.dg/other/switch2.C (test for errors, line 16)
FAIL: g++.dg/other/switch2.C (test for errors, line 17)
FAIL: g++.dg/other/switch2.C (test for errors, line 18)
FAIL: g++.dg/other/switch2.C (test for errors, line 19)
FAIL: g++.dg/other/switch2.C (test for errors, line 20)
=== g++ Summary for unix/-fPIC ===
# of expected passes 11484
# of unexpected failures 5
# of expected failures 67
# of unsupported tests 64
Running target unix/-fpic
FAIL: g++.dg/other/switch2.C (test for errors, line 16)
FAIL: g++.dg/other/switch2.C (test for errors, line 17)
FAIL: g++.dg/other/switch2.C (test for errors, line 18)
FAIL: g++.dg/other/switch2.C (test for errors, line 19)
FAIL: g++.dg/other/switch2.C (test for errors, line 20)
=== g++ Summary for unix/-fpic ===
# of expected passes 11484
# of unexpected failures 5
# of expected failures 67
# of unsupported tests 64
Running target unix
FAIL: g++.dg/other/switch2.C (test for errors, line 16)
FAIL: g++.dg/other/switch2.C (test for errors, line 17)
FAIL: g++.dg/other/switch2.C (test for errors, line 18)
FAIL: g++.dg/other/switch2.C (test for errors, line 19)
FAIL: g++.dg/other/switch2.C (test for errors, line 20)
=== g++ Summary for unix ===
# of expected passes 11486
# of unexpected failures 5
# of expected failures 67
# of unsupported tests 62
=== g++ Summary ===
# of expected passes 34454
# of unexpected failures 15
# of expected failures 201
# of unsupported tests 190
/share/home/ghazi/gcc-testing/gcc-testing/41/build/gcc/testsuite/../g++ version 4.1.0 20051014 (experimental)
=== gcc tests ===
Running target unix/-fPIC
FAIL: gcc.c-torture/compile/20000804-1.c -O0 (test for excess errors)
FAIL: gcc.c-torture/execute/builtins/sprintf-chk.c execution, -O1
FAIL: gcc.c-torture/execute/builtins/sprintf-chk.c execution, -O2
FAIL: gcc.c-torture/execute/builtins/sprintf-chk.c execution, -O3 -fomit-frame-pointer
FAIL: gcc.c-torture/execute/builtins/sprintf-chk.c execution, -O3 -fomit-frame-pointer -funroll-loops
FAIL: gcc.c-torture/execute/builtins/sprintf-chk.c execution, -O3 -fomit-frame-pointer -funroll-all-loops -finline-functions
FAIL: gcc.c-torture/execute/builtins/sprintf-chk.c execution, -O3 -g
FAIL: gcc.c-torture/execute/builtins/sprintf-chk.c execution, -Os
FAIL: gcc.c-torture/execute/builtins/stpcpy-chk.c execution, -O1
FAIL: gcc.c-torture/execute/builtins/stpcpy-chk.c execution, -O2
FAIL: gcc.c-torture/execute/builtins/stpcpy-chk.c execution, -O3 -fomit-frame-pointer
FAIL: gcc.c-torture/execute/builtins/stpcpy-chk.c execution, -O3 -fomit-frame-pointer -funroll-loops
FAIL: gcc.c-torture/execute/builtins/stpcpy-chk.c execution, -O3 -fomit-frame-pointer -funroll-all-loops -finline-functions
FAIL: gcc.c-torture/execute/builtins/stpcpy-chk.c execution, -O3 -g
FAIL: gcc.c-torture/execute/builtins/stpcpy-chk.c execution, -Os
FAIL: gcc.c-torture/execute/builtins/strcpy-chk.c execution, -O1
FAIL: gcc.c-torture/execute/builtins/strcpy-chk.c execution, -O2
FAIL: gcc.c-torture/execute/builtins/strcpy-chk.c execution, -O3 -fomit-frame-pointer
FAIL: gcc.c-torture/execute/builtins/strcpy-chk.c execution, -O3 -fomit-frame-pointer -funroll-loops
FAIL: gcc.c-torture/execute/builtins/strcpy-chk.c execution, -O3 -fomit-frame-pointer -funroll-all-loops -finline-functions
FAIL: gcc.c-torture/execute/builtins/strcpy-chk.c execution, -O3 -g
FAIL: gcc.c-torture/execute/builtins/strcpy-chk.c execution, -Os
FAIL: gcc.c-torture/execute/builtins/strlen-3.c execution, -O2
FAIL: gcc.c-torture/execute/builtins/strlen-3.c execution, -O3 -fomit-frame-pointer
FAIL: gcc.c-torture/execute/builtins/strlen-3.c execution, -O3 -fomit-frame-pointer -funroll-loops
FAIL: gcc.c-torture/execute/builtins/strlen-3.c execution, -O3 -fomit-frame-pointer -funroll-all-loops -finline-functions
FAIL: gcc.c-torture/execute/builtins/strlen-3.c execution, -O3 -g
FAIL: gcc.dg/20020523-1.c (test for excess errors)
WARNING: gcc.dg/20020523-1.c compilation failed to produce executable
FAIL: gcc.dg/20050503-1.c scan-assembler-not call
FAIL: gcc.dg/assign-warn-3.c (test for warnings, line 9)
FAIL: gcc.dg/assign-warn-3.c (test for warnings, line 13)
FAIL: gcc.dg/clobbers.c (test for excess errors)
WARNING: gcc.dg/clobbers.c compilation failed to produce executable
FAIL: gcc.dg/i386-asm-3.c (test for excess errors)
WARNING: gcc.dg/i386-asm-3.c compilation failed to produce executable
FAIL: gcc.dg/i386-cmov1.c scan-assembler sar[^\\\\n]*magic_namea
FAIL: gcc.dg/i386-cmov1.c scan-assembler sar[^\\\\n]*magic_nameb
FAIL: gcc.dg/i386-cmov1.c scan-assembler sar[^\\\\n]*magic_namec
FAIL: gcc.dg/i386-cmov1.c scan-assembler shr[^\\\\n]*magic_named
FAIL: gcc.dg/i386-cmov1.c scan-assembler shr[^\\\\n]*magic_namee
FAIL: gcc.dg/i386-cmov1.c scan-assembler shr[^\\\\n]*magic_namef
FAIL: gcc.dg/i386-local2.c scan-assembler-not sub[^\\\\n]*sp
FAIL: gcc.dg/i386-mul.c scan-assembler and[^\\\\n]*magic
FAIL: gcc.dg/i386-sse-vect-types.c (test for errors, line 17)
FAIL: gcc.dg/i386-ssetype-1.c scan-assembler andpd[^\\\\n]*magic
FAIL: gcc.dg/i386-ssetype-1.c scan-assembler andnpd[^\\\\n]*magic
FAIL: gcc.dg/i386-ssetype-1.c scan-assembler xorpd[^\\\\n]*magic
FAIL: gcc.dg/i386-ssetype-1.c scan-assembler orpd[^\\\\n]*magic
FAIL: gcc.dg/i386-ssetype-1.c scan-assembler movapd[^\\\\n]*magic
FAIL: gcc.dg/i386-ssetype-3.c scan-assembler andps[^\\\\n]*magic
FAIL: gcc.dg/i386-ssetype-3.c scan-assembler andnps[^\\\\n]*magic
FAIL: gcc.dg/i386-ssetype-3.c scan-assembler xorps[^\\\\n]*magic
FAIL: gcc.dg/i386-ssetype-3.c scan-assembler orps[^\\\\n]*magic
FAIL: gcc.dg/i386-ssetype-3.c scan-assembler movaps[^\\\\n]*magic
FAIL: gcc.dg/i386-ssetype-5.c scan-assembler pand[^\\\\n]*magic
FAIL: gcc.dg/i386-ssetype-5.c scan-assembler pandn[^\\\\n]*magic
FAIL: gcc.dg/i386-ssetype-5.c scan-assembler pxor[^\\\\n]*magic
FAIL: gcc.dg/i386-ssetype-5.c scan-assembler por[^\\\\n]*magic
FAIL: gcc.dg/pr23911.c scan-tree-dump-times = CR 0
FAIL: gcc.dg/pr23911.c scan-tree-dump-times = CI 0
FAIL: gcc.dg/sibcall-6.c execution test
FAIL: gcc.dg/ipa/ipa-1.c scan-ipa-dump-times versioned function 2
FAIL: gcc.dg/ipa/ipa-1.c scan-ipa-dump-times propagating const 2
FAIL: gcc.dg/ipa/ipa-2.c scan-ipa-dump-times versioned function 2
FAIL: gcc.dg/ipa/ipa-2.c scan-ipa-dump-times propagating const 2
FAIL: gcc.dg/ipa/ipa-3.c scan-ipa-dump-times versioned function 2
FAIL: gcc.dg/ipa/ipa-3.c scan-ipa-dump-times propagating const 3
FAIL: gcc.dg/ipa/ipa-4.c scan-ipa-dump-times versioned function 1
FAIL: gcc.dg/ipa/ipa-4.c scan-ipa-dump-times propagating const 1
FAIL: gcc.dg/ipa/ipa-5.c scan-ipa-dump-times versioned function 2
FAIL: gcc.dg/ipa/ipa-5.c scan-ipa-dump-times propagating const 2
FAIL: gcc.dg/tree-ssa/loop-3.c scan-tree-dump-times step: 1
FAIL: gcc.dg/tree-ssa/pr14841.c scan-tree-dump-times Folded statement: if 1
FAIL: gcc.dg/tree-ssa/wholeprogram-1.c scan-tree-dump-not large_function
FAIL: gcc.dg/vect/vect-ifcvt-9.c scan-tree-dump-times vectorized 1 loops 2
FAIL: gcc.target/i386/pr21291.c (test for excess errors)
FAIL: gcc.target/i386/tailcall-1.c scan-assembler jmp
=== gcc Summary for unix/-fPIC ===
# of expected passes 37513
# of unexpected failures 75
# of expected failures 96
# of untested testcases 28
# of unsupported tests 345
Running target unix/-fpic
FAIL: gcc.c-torture/compile/20000804-1.c -O0 (test for excess errors)
FAIL: gcc.c-torture/execute/builtins/sprintf-chk.c execution, -O1
FAIL: gcc.c-torture/execute/builtins/sprintf-chk.c execution, -O2
FAIL: gcc.c-torture/execute/builtins/sprintf-chk.c execution, -O3 -fomit-frame-pointer
FAIL: gcc.c-torture/execute/builtins/sprintf-chk.c execution, -O3 -fomit-frame-pointer -funroll-loops
FAIL: gcc.c-torture/execute/builtins/sprintf-chk.c execution, -O3 -fomit-frame-pointer -funroll-all-loops -finline-functions
FAIL: gcc.c-torture/execute/builtins/sprintf-chk.c execution, -O3 -g
FAIL: gcc.c-torture/execute/builtins/sprintf-chk.c execution, -Os
FAIL: gcc.c-torture/execute/builtins/stpcpy-chk.c execution, -O1
FAIL: gcc.c-torture/execute/builtins/stpcpy-chk.c execution, -O2
FAIL: gcc.c-torture/execute/builtins/stpcpy-chk.c execution, -O3 -fomit-frame-pointer
FAIL: gcc.c-torture/execute/builtins/stpcpy-chk.c execution, -O3 -fomit-frame-pointer -funroll-loops
FAIL: gcc.c-torture/execute/builtins/stpcpy-chk.c execution, -O3 -fomit-frame-pointer -funroll-all-loops -finline-functions
FAIL: gcc.c-torture/execute/builtins/stpcpy-chk.c execution, -O3 -g
FAIL: gcc.c-torture/execute/builtins/stpcpy-chk.c execution, -Os
FAIL: gcc.c-torture/execute/builtins/strcpy-chk.c execution, -O1
FAIL: gcc.c-torture/execute/builtins/strcpy-chk.c execution, -O2
FAIL: gcc.c-torture/execute/builtins/strcpy-chk.c execution, -O3 -fomit-frame-pointer
FAIL: gcc.c-torture/execute/builtins/strcpy-chk.c execution, -O3 -fomit-frame-pointer -funroll-loops
FAIL: gcc.c-torture/execute/builtins/strcpy-chk.c execution, -O3 -fomit-frame-pointer -funroll-all-loops -finline-functions
FAIL: gcc.c-torture/execute/builtins/strcpy-chk.c execution, -O3 -g
FAIL: gcc.c-torture/execute/builtins/strcpy-chk.c execution, -Os
FAIL: gcc.c-torture/execute/builtins/strlen-3.c execution, -O2
FAIL: gcc.c-torture/execute/builtins/strlen-3.c execution, -O3 -fomit-frame-pointer
FAIL: gcc.c-torture/execute/builtins/strlen-3.c execution, -O3 -fomit-frame-pointer -funroll-loops
FAIL: gcc.c-torture/execute/builtins/strlen-3.c execution, -O3 -fomit-frame-pointer -funroll-all-loops -finline-functions
FAIL: gcc.c-torture/execute/builtins/strlen-3.c execution, -O3 -g
FAIL: gcc.dg/20020523-1.c (test for excess errors)
WARNING: gcc.dg/20020523-1.c compilation failed to produce executable
FAIL: gcc.dg/20050503-1.c scan-assembler-not call
FAIL: gcc.dg/assign-warn-3.c (test for warnings, line 9)
FAIL: gcc.dg/assign-warn-3.c (test for warnings, line 13)
FAIL: gcc.dg/clobbers.c (test for excess errors)
WARNING: gcc.dg/clobbers.c compilation failed to produce executable
FAIL: gcc.dg/i386-asm-3.c (test for excess errors)
WARNING: gcc.dg/i386-asm-3.c compilation failed to produce executable
FAIL: gcc.dg/i386-cmov1.c scan-assembler sar[^\\\\n]*magic_namea
FAIL: gcc.dg/i386-cmov1.c scan-assembler sar[^\\\\n]*magic_nameb
FAIL: gcc.dg/i386-cmov1.c scan-assembler sar[^\\\\n]*magic_namec
FAIL: gcc.dg/i386-cmov1.c scan-assembler shr[^\\\\n]*magic_named
FAIL: gcc.dg/i386-cmov1.c scan-assembler shr[^\\\\n]*magic_namee
FAIL: gcc.dg/i386-cmov1.c scan-assembler shr[^\\\\n]*magic_namef
FAIL: gcc.dg/i386-local2.c scan-assembler-not sub[^\\\\n]*sp
FAIL: gcc.dg/i386-mul.c scan-assembler and[^\\\\n]*magic
FAIL: gcc.dg/i386-sse-vect-types.c (test for errors, line 17)
FAIL: gcc.dg/i386-ssetype-1.c scan-assembler andpd[^\\\\n]*magic
FAIL: gcc.dg/i386-ssetype-1.c scan-assembler andnpd[^\\\\n]*magic
FAIL: gcc.dg/i386-ssetype-1.c scan-assembler xorpd[^\\\\n]*magic
FAIL: gcc.dg/i386-ssetype-1.c scan-assembler orpd[^\\\\n]*magic
FAIL: gcc.dg/i386-ssetype-1.c scan-assembler movapd[^\\\\n]*magic
FAIL: gcc.dg/i386-ssetype-3.c scan-assembler andps[^\\\\n]*magic
FAIL: gcc.dg/i386-ssetype-3.c scan-assembler andnps[^\\\\n]*magic
FAIL: gcc.dg/i386-ssetype-3.c scan-assembler xorps[^\\\\n]*magic
FAIL: gcc.dg/i386-ssetype-3.c scan-assembler orps[^\\\\n]*magic
FAIL: gcc.dg/i386-ssetype-3.c scan-assembler movaps[^\\\\n]*magic
FAIL: gcc.dg/i386-ssetype-5.c scan-assembler pand[^\\\\n]*magic
FAIL: gcc.dg/i386-ssetype-5.c scan-assembler pandn[^\\\\n]*magic
FAIL: gcc.dg/i386-ssetype-5.c scan-assembler pxor[^\\\\n]*magic
FAIL: gcc.dg/i386-ssetype-5.c scan-assembler por[^\\\\n]*magic
FAIL: gcc.dg/pr23911.c scan-tree-dump-times = CR 0
FAIL: gcc.dg/pr23911.c scan-tree-dump-times = CI 0
FAIL: gcc.dg/sibcall-6.c execution test
FAIL: gcc.dg/ipa/ipa-1.c scan-ipa-dump-times versioned function 2
FAIL: gcc.dg/ipa/ipa-1.c scan-ipa-dump-times propagating const 2
FAIL: gcc.dg/ipa/ipa-2.c scan-ipa-dump-times versioned function 2
FAIL: gcc.dg/ipa/ipa-2.c scan-ipa-dump-times propagating const 2
FAIL: gcc.dg/ipa/ipa-3.c scan-ipa-dump-times versioned function 2
FAIL: gcc.dg/ipa/ipa-3.c scan-ipa-dump-times propagating const 3
FAIL: gcc.dg/ipa/ipa-4.c scan-ipa-dump-times versioned function 1
FAIL: gcc.dg/ipa/ipa-4.c scan-ipa-dump-times propagating const 1
FAIL: gcc.dg/ipa/ipa-5.c scan-ipa-dump-times versioned function 2
FAIL: gcc.dg/ipa/ipa-5.c scan-ipa-dump-times propagating const 2
FAIL: gcc.dg/tree-ssa/loop-3.c scan-tree-dump-times step: 1
FAIL: gcc.dg/tree-ssa/pr14841.c scan-tree-dump-times Folded statement: if 1
FAIL: gcc.dg/tree-ssa/wholeprogram-1.c scan-tree-dump-not large_function
FAIL: gcc.dg/vect/vect-ifcvt-9.c scan-tree-dump-times vectorized 1 loops 2
FAIL: gcc.target/i386/pr21291.c (test for excess errors)
FAIL: gcc.target/i386/tailcall-1.c scan-assembler jmp
=== gcc Summary for unix/-fpic ===
# of expected passes 37513
# of unexpected failures 75
# of expected failures 96
# of untested testcases 28
# of unsupported tests 345
Running target unix
FAIL: gcc.dg/i386-sse-vect-types.c (test for errors, line 17)
FAIL: gcc.dg/ipa/ipa-5.c scan-ipa-dump-times versioned function 2
FAIL: gcc.dg/ipa/ipa-5.c scan-ipa-dump-times propagating const 2
=== gcc Summary for unix ===
# of expected passes 37590
# of unexpected failures 3
# of expected failures 96
# of untested testcases 28
# of unsupported tests 344
=== gcc Summary ===
# of expected passes 112616
# of unexpected failures 153
# of expected failures 288
# of untested testcases 84
# of unsupported tests 1034
/share/home/ghazi/gcc-testing/gcc-testing/41/build/gcc/xgcc version 4.1.0 20051014 (experimental)
=== gfortran tests ===
Running target unix/-fPIC
FAIL: gfortran.fortran-torture/execute/elemental.f90 execution, -O3 -fomit-frame-pointer -funroll-loops
FAIL: gfortran.fortran-torture/execute/elemental.f90 execution, -O3 -fomit-frame-pointer -funroll-all-loops -finline-functions
=== gfortran Summary for unix/-fPIC ===
# of expected passes 9638
# of unexpected failures 2
# of expected failures 12
# of unsupported tests 16
Running target unix/-fpic
FAIL: gfortran.fortran-torture/execute/elemental.f90 execution, -O3 -fomit-frame-pointer -funroll-loops
FAIL: gfortran.fortran-torture/execute/elemental.f90 execution, -O3 -fomit-frame-pointer -funroll-all-loops -finline-functions
=== gfortran Summary for unix/-fpic ===
# of expected passes 9638
# of unexpected failures 2
# of expected failures 12
# of unsupported tests 16
Running target unix
FAIL: gfortran.fortran-torture/execute/elemental.f90 execution, -O3 -fomit-frame-pointer -funroll-loops
FAIL: gfortran.fortran-torture/execute/elemental.f90 execution, -O3 -fomit-frame-pointer -funroll-all-loops -finline-functions
=== gfortran Summary for unix ===
# of expected passes 9638
# of unexpected failures 2
# of expected failures 12
# of unsupported tests 16
=== gfortran Summary ===
# of expected passes 28914
# of unexpected failures 6
# of expected failures 36
# of unsupported tests 48
/share/home/ghazi/gcc-testing/gcc-testing/41/build/gcc/testsuite/../gfortran version 4.1.0 20051014 (experimental)
=== objc tests ===
Running target unix/-fPIC
=== objc Summary for unix/-fPIC ===
# of expected passes 1672
# of unsupported tests 22
Running target unix/-fpic
=== objc Summary for unix/-fpic ===
# of expected passes 1672
# of unsupported tests 22
Running target unix
=== objc Summary for unix ===
# of expected passes 1672
# of unsupported tests 22
=== objc Summary ===
# of expected passes 5016
# of unsupported tests 66
/share/home/ghazi/gcc-testing/gcc-testing/41/build/gcc/xgcc version 4.1.0 20051014 (experimental)
=== libffi tests ===
Running target unix/-fPIC
=== libffi Summary for unix/-fPIC ===
# of expected passes 228
# of unsupported tests 2
Running target unix/-fpic
=== libffi Summary for unix/-fpic ===
# of expected passes 228
# of unsupported tests 2
Running target unix
=== libffi Summary for unix ===
# of expected passes 228
# of unsupported tests 2
=== libffi Summary ===
# of expected passes 684
# of unsupported tests 6
=== libjava tests ===
Running target unix/-fPIC
=== libjava Summary for unix/-fPIC ===
# of expected passes 3986
# of expected failures 10
# of untested testcases 8
Running target unix/-fpic
=== libjava Summary for unix/-fpic ===
# of expected passes 3986
# of expected failures 10
# of untested testcases 8
Running target unix
=== libjava Summary for unix ===
# of expected passes 3986
# of expected failures 10
# of untested testcases 8
=== libjava Summary ===
# of expected passes 11958
# of expected failures 30
# of untested testcases 24
=== libmudflap tests ===
Running target unix/-fPIC
FAIL: libmudflap.cth/pass37-frag.c (-static -DSTATIC) execution test
FAIL: libmudflap.cth/pass37-frag.c (-static -DSTATIC) output pattern test
FAIL: libmudflap.cth/pass37-frag.c (-static -DSTATIC) (rerun 1) execution test
FAIL: libmudflap.cth/pass37-frag.c (-static -DSTATIC) (rerun 1) output pattern test
FAIL: libmudflap.cth/pass37-frag.c (-static -DSTATIC) (rerun 2) execution test
FAIL: libmudflap.cth/pass37-frag.c (-static -DSTATIC) (rerun 2) output pattern test
FAIL: libmudflap.cth/pass37-frag.c (-static -DSTATIC) (rerun 3) execution test
FAIL: libmudflap.cth/pass37-frag.c (-static -DSTATIC) (rerun 3) output pattern test
FAIL: libmudflap.cth/pass37-frag.c (-static -DSTATIC) (rerun 4) execution test
FAIL: libmudflap.cth/pass37-frag.c (-static -DSTATIC) (rerun 4) output pattern test
FAIL: libmudflap.cth/pass37-frag.c (-static -DSTATIC) (rerun 5) execution test
FAIL: libmudflap.cth/pass37-frag.c (-static -DSTATIC) (rerun 5) output pattern test
FAIL: libmudflap.cth/pass37-frag.c (-static -DSTATIC) (rerun 6) execution test
FAIL: libmudflap.cth/pass37-frag.c (-static -DSTATIC) (rerun 6) output pattern test
FAIL: libmudflap.cth/pass37-frag.c (-static -DSTATIC) (rerun 7) execution test
FAIL: libmudflap.cth/pass37-frag.c (-static -DSTATIC) (rerun 7) output pattern test
FAIL: libmudflap.cth/pass37-frag.c (-static -DSTATIC) (rerun 8) execution test
FAIL: libmudflap.cth/pass37-frag.c (-static -DSTATIC) (rerun 8) output pattern test
FAIL: libmudflap.cth/pass37-frag.c (-static -DSTATIC) (rerun 9) execution test
FAIL: libmudflap.cth/pass37-frag.c (-static -DSTATIC) (rerun 9) output pattern test
FAIL: libmudflap.cth/pass37-frag.c (-static -DSTATIC) (rerun 10) execution test
FAIL: libmudflap.cth/pass37-frag.c (-static -DSTATIC) (rerun 10) output pattern test
FAIL: libmudflap.cth/pass37-frag.c (-static -DSTATIC) (rerun 11) execution test
FAIL: libmudflap.cth/pass37-frag.c (-static -DSTATIC) (rerun 11) output pattern test
FAIL: libmudflap.cth/pass37-frag.c (-static -DSTATIC) (rerun 12) execution test
FAIL: libmudflap.cth/pass37-frag.c (-static -DSTATIC) (rerun 12) output pattern test
FAIL: libmudflap.cth/pass37-frag.c (-static -DSTATIC) (rerun 13) execution test
FAIL: libmudflap.cth/pass37-frag.c (-static -DSTATIC) (rerun 13) output pattern test
FAIL: libmudflap.cth/pass37-frag.c (-static -DSTATIC) (rerun 14) execution test
FAIL: libmudflap.cth/pass37-frag.c (-static -DSTATIC) (rerun 14) output pattern test
FAIL: libmudflap.cth/pass37-frag.c (-static -DSTATIC) (rerun 15) execution test
FAIL: libmudflap.cth/pass37-frag.c (-static -DSTATIC) (rerun 15) output pattern test
FAIL: libmudflap.cth/pass37-frag.c (-static -DSTATIC) (rerun 16) execution test
FAIL: libmudflap.cth/pass37-frag.c (-static -DSTATIC) (rerun 16) output pattern test
FAIL: libmudflap.cth/pass37-frag.c (-static -DSTATIC) (rerun 17) execution test
FAIL: libmudflap.cth/pass37-frag.c (-static -DSTATIC) (rerun 17) output pattern test
FAIL: libmudflap.cth/pass37-frag.c (-static -DSTATIC) (rerun 18) execution test
FAIL: libmudflap.cth/pass37-frag.c (-static -DSTATIC) (rerun 18) output pattern test
FAIL: libmudflap.cth/pass37-frag.c (-static -DSTATIC) (rerun 19) execution test
FAIL: libmudflap.cth/pass37-frag.c (-static -DSTATIC) (rerun 19) output pattern test
FAIL: libmudflap.cth/pass39-frag.c (-static -DSTATIC) execution test
FAIL: libmudflap.cth/pass39-frag.c (-static -DSTATIC) output pattern test
FAIL: libmudflap.cth/pass39-frag.c (-static -DSTATIC) (rerun 1) execution test
FAIL: libmudflap.cth/pass39-frag.c (-static -DSTATIC) (rerun 1) output pattern test
FAIL: libmudflap.cth/pass39-frag.c (-static -DSTATIC) (rerun 2) execution test
FAIL: libmudflap.cth/pass39-frag.c (-static -DSTATIC) (rerun 2) output pattern test
FAIL: libmudflap.cth/pass39-frag.c (-static -DSTATIC) (rerun 3) execution test
FAIL: libmudflap.cth/pass39-frag.c (-static -DSTATIC) (rerun 3) output pattern test
FAIL: libmudflap.cth/pass39-frag.c (-static -DSTATIC) (rerun 4) execution test
FAIL: libmudflap.cth/pass39-frag.c (-static -DSTATIC) (rerun 4) output pattern test
FAIL: libmudflap.cth/pass39-frag.c (-static -DSTATIC) (rerun 5) execution test
FAIL: libmudflap.cth/pass39-frag.c (-static -DSTATIC) (rerun 5) output pattern test
FAIL: libmudflap.cth/pass39-frag.c (-static -DSTATIC) (rerun 6) execution test
FAIL: libmudflap.cth/pass39-frag.c (-static -DSTATIC) (rerun 6) output pattern test
FAIL: libmudflap.cth/pass39-frag.c (-static -DSTATIC) (rerun 7) execution test
FAIL: libmudflap.cth/pass39-frag.c (-static -DSTATIC) (rerun 7) output pattern test
FAIL: libmudflap.cth/pass39-frag.c (-static -DSTATIC) (rerun 8) execution test
FAIL: libmudflap.cth/pass39-frag.c (-static -DSTATIC) (rerun 8) output pattern test
FAIL: libmudflap.cth/pass39-frag.c (-static -DSTATIC) (rerun 9) execution test
FAIL: libmudflap.cth/pass39-frag.c (-static -DSTATIC) (rerun 9) output pattern test
FAIL: libmudflap.cth/pass39-frag.c (-static -DSTATIC) (rerun 10) execution test
FAIL: libmudflap.cth/pass39-frag.c (-static -DSTATIC) (rerun 10) output pattern test
FAIL: libmudflap.cth/pass39-frag.c (-static -DSTATIC) (rerun 11) execution test
FAIL: libmudflap.cth/pass39-frag.c (-static -DSTATIC) (rerun 11) output pattern test
FAIL: libmudflap.cth/pass39-frag.c (-static -DSTATIC) (rerun 12) execution test
FAIL: libmudflap.cth/pass39-frag.c (-static -DSTATIC) (rerun 12) output pattern test
FAIL: libmudflap.cth/pass39-frag.c (-static -DSTATIC) (rerun 13) execution test
FAIL: libmudflap.cth/pass39-frag.c (-static -DSTATIC) (rerun 13) output pattern test
FAIL: libmudflap.cth/pass39-frag.c (-static -DSTATIC) (rerun 14) execution test
FAIL: libmudflap.cth/pass39-frag.c (-static -DSTATIC) (rerun 14) output pattern test
FAIL: libmudflap.cth/pass39-frag.c (-static -DSTATIC) (rerun 15) execution test
FAIL: libmudflap.cth/pass39-frag.c (-static -DSTATIC) (rerun 15) output pattern test
FAIL: libmudflap.cth/pass39-frag.c (-static -DSTATIC) (rerun 16) execution test
FAIL: libmudflap.cth/pass39-frag.c (-static -DSTATIC) (rerun 16) output pattern test
FAIL: libmudflap.cth/pass39-frag.c (-static -DSTATIC) (rerun 17) execution test
FAIL: libmudflap.cth/pass39-frag.c (-static -DSTATIC) (rerun 17) output pattern test
FAIL: libmudflap.cth/pass39-frag.c (-static -DSTATIC) (rerun 18) execution test
FAIL: libmudflap.cth/pass39-frag.c (-static -DSTATIC) (rerun 18) output pattern test
FAIL: libmudflap.cth/pass39-frag.c (-static -DSTATIC) (rerun 19) execution test
FAIL: libmudflap.cth/pass39-frag.c (-static -DSTATIC) (rerun 19) output pattern test
FAIL: libmudflap.cth/pass40-frag.c (-static -DSTATIC) execution test
FAIL: libmudflap.cth/pass40-frag.c (-static -DSTATIC) output pattern test
=== libmudflap Summary for unix/-fPIC ===
# of expected passes 1707
# of unexpected failures 82
Running target unix/-fpic
FAIL: libmudflap.cth/pass37-frag.c (-static -DSTATIC) execution test
FAIL: libmudflap.cth/pass37-frag.c (-static -DSTATIC) output pattern test
FAIL: libmudflap.cth/pass37-frag.c (-static -DSTATIC) (rerun 1) execution test
FAIL: libmudflap.cth/pass37-frag.c (-static -DSTATIC) (rerun 1) output pattern test
FAIL: libmudflap.cth/pass37-frag.c (-static -DSTATIC) (rerun 2) execution test
FAIL: libmudflap.cth/pass37-frag.c (-static -DSTATIC) (rerun 2) output pattern test
FAIL: libmudflap.cth/pass37-frag.c (-static -DSTATIC) (rerun 3) execution test
FAIL: libmudflap.cth/pass37-frag.c (-static -DSTATIC) (rerun 3) output pattern test
FAIL: libmudflap.cth/pass37-frag.c (-static -DSTATIC) (rerun 4) execution test
FAIL: libmudflap.cth/pass37-frag.c (-static -DSTATIC) (rerun 4) output pattern test
FAIL: libmudflap.cth/pass37-frag.c (-static -DSTATIC) (rerun 5) execution test
FAIL: libmudflap.cth/pass37-frag.c (-static -DSTATIC) (rerun 5) output pattern test
FAIL: libmudflap.cth/pass37-frag.c (-static -DSTATIC) (rerun 6) execution test
FAIL: libmudflap.cth/pass37-frag.c (-static -DSTATIC) (rerun 6) output pattern test
FAIL: libmudflap.cth/pass37-frag.c (-static -DSTATIC) (rerun 7) execution test
FAIL: libmudflap.cth/pass37-frag.c (-static -DSTATIC) (rerun 7) output pattern test
FAIL: libmudflap.cth/pass37-frag.c (-static -DSTATIC) (rerun 8) execution test
FAIL: libmudflap.cth/pass37-frag.c (-static -DSTATIC) (rerun 8) output pattern test
FAIL: libmudflap.cth/pass37-frag.c (-static -DSTATIC) (rerun 9) execution test
FAIL: libmudflap.cth/pass37-frag.c (-static -DSTATIC) (rerun 9) output pattern test
FAIL: libmudflap.cth/pass37-frag.c (-static -DSTATIC) (rerun 10) execution test
FAIL: libmudflap.cth/pass37-frag.c (-static -DSTATIC) (rerun 10) output pattern test
FAIL: libmudflap.cth/pass37-frag.c (-static -DSTATIC) (rerun 11) execution test
FAIL: libmudflap.cth/pass37-frag.c (-static -DSTATIC) (rerun 11) output pattern test
FAIL: libmudflap.cth/pass37-frag.c (-static -DSTATIC) (rerun 12) execution test
FAIL: libmudflap.cth/pass37-frag.c (-static -DSTATIC) (rerun 12) output pattern test
FAIL: libmudflap.cth/pass37-frag.c (-static -DSTATIC) (rerun 13) execution test
FAIL: libmudflap.cth/pass37-frag.c (-static -DSTATIC) (rerun 13) output pattern test
FAIL: libmudflap.cth/pass37-frag.c (-static -DSTATIC) (rerun 14) execution test
FAIL: libmudflap.cth/pass37-frag.c (-static -DSTATIC) (rerun 14) output pattern test
FAIL: libmudflap.cth/pass37-frag.c (-static -DSTATIC) (rerun 15) execution test
FAIL: libmudflap.cth/pass37-frag.c (-static -DSTATIC) (rerun 15) output pattern test
FAIL: libmudflap.cth/pass37-frag.c (-static -DSTATIC) (rerun 16) execution test
FAIL: libmudflap.cth/pass37-frag.c (-static -DSTATIC) (rerun 16) output pattern test
FAIL: libmudflap.cth/pass37-frag.c (-static -DSTATIC) (rerun 17) execution test
FAIL: libmudflap.cth/pass37-frag.c (-static -DSTATIC) (rerun 17) output pattern test
FAIL: libmudflap.cth/pass37-frag.c (-static -DSTATIC) (rerun 18) execution test
FAIL: libmudflap.cth/pass37-frag.c (-static -DSTATIC) (rerun 18) output pattern test
FAIL: libmudflap.cth/pass37-frag.c (-static -DSTATIC) (rerun 19) execution test
FAIL: libmudflap.cth/pass37-frag.c (-static -DSTATIC) (rerun 19) output pattern test
FAIL: libmudflap.cth/pass39-frag.c (-static -DSTATIC) execution test
FAIL: libmudflap.cth/pass39-frag.c (-static -DSTATIC) output pattern test
FAIL: libmudflap.cth/pass39-frag.c (-static -DSTATIC) (rerun 1) execution test
FAIL: libmudflap.cth/pass39-frag.c (-static -DSTATIC) (rerun 1) output pattern test
FAIL: libmudflap.cth/pass39-frag.c (-static -DSTATIC) (rerun 2) execution test
FAIL: libmudflap.cth/pass39-frag.c (-static -DSTATIC) (rerun 2) output pattern test
FAIL: libmudflap.cth/pass39-frag.c (-static -DSTATIC) (rerun 3) execution test
FAIL: libmudflap.cth/pass39-frag.c (-static -DSTATIC) (rerun 3) output pattern test
FAIL: libmudflap.cth/pass39-frag.c (-static -DSTATIC) (rerun 4) execution test
FAIL: libmudflap.cth/pass39-frag.c (-static -DSTATIC) (rerun 4) output pattern test
FAIL: libmudflap.cth/pass39-frag.c (-static -DSTATIC) (rerun 5) execution test
FAIL: libmudflap.cth/pass39-frag.c (-static -DSTATIC) (rerun 5) output pattern test
FAIL: libmudflap.cth/pass39-frag.c (-static -DSTATIC) (rerun 6) execution test
FAIL: libmudflap.cth/pass39-frag.c (-static -DSTATIC) (rerun 6) output pattern test
FAIL: libmudflap.cth/pass39-frag.c (-static -DSTATIC) (rerun 7) execution test
FAIL: libmudflap.cth/pass39-frag.c (-static -DSTATIC) (rerun 7) output pattern test
FAIL: libmudflap.cth/pass39-frag.c (-static -DSTATIC) (rerun 8) execution test
FAIL: libmudflap.cth/pass39-frag.c (-static -DSTATIC) (rerun 8) output pattern test
FAIL: libmudflap.cth/pass39-frag.c (-static -DSTATIC) (rerun 9) execution test
FAIL: libmudflap.cth/pass39-frag.c (-static -DSTATIC) (rerun 9) output pattern test
FAIL: libmudflap.cth/pass39-frag.c (-static -DSTATIC) (rerun 10) execution test
FAIL: libmudflap.cth/pass39-frag.c (-static -DSTATIC) (rerun 10) output pattern test
FAIL: libmudflap.cth/pass39-frag.c (-static -DSTATIC) (rerun 11) execution test
FAIL: libmudflap.cth/pass39-frag.c (-static -DSTATIC) (rerun 11) output pattern test
FAIL: libmudflap.cth/pass39-frag.c (-static -DSTATIC) (rerun 12) execution test
FAIL: libmudflap.cth/pass39-frag.c (-static -DSTATIC) (rerun 12) output pattern test
FAIL: libmudflap.cth/pass39-frag.c (-static -DSTATIC) (rerun 13) execution test
FAIL: libmudflap.cth/pass39-frag.c (-static -DSTATIC) (rerun 13) output pattern test
FAIL: libmudflap.cth/pass39-frag.c (-static -DSTATIC) (rerun 14) execution test
FAIL: libmudflap.cth/pass39-frag.c (-static -DSTATIC) (rerun 14) output pattern test
FAIL: libmudflap.cth/pass39-frag.c (-static -DSTATIC) (rerun 15) execution test
FAIL: libmudflap.cth/pass39-frag.c (-static -DSTATIC) (rerun 15) output pattern test
FAIL: libmudflap.cth/pass39-frag.c (-static -DSTATIC) (rerun 16) execution test
FAIL: libmudflap.cth/pass39-frag.c (-static -DSTATIC) (rerun 16) output pattern test
FAIL: libmudflap.cth/pass39-frag.c (-static -DSTATIC) (rerun 17) execution test
FAIL: libmudflap.cth/pass39-frag.c (-static -DSTATIC) (rerun 17) output pattern test
FAIL: libmudflap.cth/pass39-frag.c (-static -DSTATIC) (rerun 18) execution test
FAIL: libmudflap.cth/pass39-frag.c (-static -DSTATIC) (rerun 18) output pattern test
FAIL: libmudflap.cth/pass39-frag.c (-static -DSTATIC) (rerun 19) execution test
FAIL: libmudflap.cth/pass39-frag.c (-static -DSTATIC) (rerun 19) output pattern test
FAIL: libmudflap.cth/pass40-frag.c (-static -DSTATIC) execution test
FAIL: libmudflap.cth/pass40-frag.c (-static -DSTATIC) output pattern test
=== libmudflap Summary for unix/-fpic ===
# of expected passes 1707
# of unexpected failures 82
Running target unix
FAIL: libmudflap.cth/pass37-frag.c (-static -DSTATIC) execution test
FAIL: libmudflap.cth/pass37-frag.c (-static -DSTATIC) output pattern test
FAIL: libmudflap.cth/pass37-frag.c (-static -DSTATIC) (rerun 1) execution test
FAIL: libmudflap.cth/pass37-frag.c (-static -DSTATIC) (rerun 1) output pattern test
FAIL: libmudflap.cth/pass37-frag.c (-static -DSTATIC) (rerun 2) execution test
FAIL: libmudflap.cth/pass37-frag.c (-static -DSTATIC) (rerun 2) output pattern test
FAIL: libmudflap.cth/pass37-frag.c (-static -DSTATIC) (rerun 3) execution test
FAIL: libmudflap.cth/pass37-frag.c (-static -DSTATIC) (rerun 3) output pattern test
FAIL: libmudflap.cth/pass37-frag.c (-static -DSTATIC) (rerun 4) execution test
FAIL: libmudflap.cth/pass37-frag.c (-static -DSTATIC) (rerun 4) output pattern test
FAIL: libmudflap.cth/pass37-frag.c (-static -DSTATIC) (rerun 5) execution test
FAIL: libmudflap.cth/pass37-frag.c (-static -DSTATIC) (rerun 5) output pattern test
FAIL: libmudflap.cth/pass37-frag.c (-static -DSTATIC) (rerun 6) execution test
FAIL: libmudflap.cth/pass37-frag.c (-static -DSTATIC) (rerun 6) output pattern test
FAIL: libmudflap.cth/pass37-frag.c (-static -DSTATIC) (rerun 7) execution test
FAIL: libmudflap.cth/pass37-frag.c (-static -DSTATIC) (rerun 7) output pattern test
FAIL: libmudflap.cth/pass37-frag.c (-static -DSTATIC) (rerun 8) execution test
FAIL: libmudflap.cth/pass37-frag.c (-static -DSTATIC) (rerun 8) output pattern test
FAIL: libmudflap.cth/pass37-frag.c (-static -DSTATIC) (rerun 9) execution test
FAIL: libmudflap.cth/pass37-frag.c (-static -DSTATIC) (rerun 9) output pattern test
FAIL: libmudflap.cth/pass37-frag.c (-static -DSTATIC) (rerun 10) execution test
FAIL: libmudflap.cth/pass37-frag.c (-static -DSTATIC) (rerun 10) output pattern test
FAIL: libmudflap.cth/pass37-frag.c (-static -DSTATIC) (rerun 11) execution test
FAIL: libmudflap.cth/pass37-frag.c (-static -DSTATIC) (rerun 11) output pattern test
FAIL: libmudflap.cth/pass37-frag.c (-static -DSTATIC) (rerun 12) execution test
FAIL: libmudflap.cth/pass37-frag.c (-static -DSTATIC) (rerun 12) output pattern test
FAIL: libmudflap.cth/pass37-frag.c (-static -DSTATIC) (rerun 13) execution test
FAIL: libmudflap.cth/pass37-frag.c (-static -DSTATIC) (rerun 13) output pattern test
FAIL: libmudflap.cth/pass37-frag.c (-static -DSTATIC) (rerun 14) execution test
FAIL: libmudflap.cth/pass37-frag.c (-static -DSTATIC) (rerun 14) output pattern test
FAIL: libmudflap.cth/pass37-frag.c (-static -DSTATIC) (rerun 15) execution test
FAIL: libmudflap.cth/pass37-frag.c (-static -DSTATIC) (rerun 15) output pattern test
FAIL: libmudflap.cth/pass37-frag.c (-static -DSTATIC) (rerun 16) execution test
FAIL: libmudflap.cth/pass37-frag.c (-static -DSTATIC) (rerun 16) output pattern test
FAIL: libmudflap.cth/pass37-frag.c (-static -DSTATIC) (rerun 17) execution test
FAIL: libmudflap.cth/pass37-frag.c (-static -DSTATIC) (rerun 17) output pattern test
FAIL: libmudflap.cth/pass37-frag.c (-static -DSTATIC) (rerun 18) execution test
FAIL: libmudflap.cth/pass37-frag.c (-static -DSTATIC) (rerun 18) output pattern test
FAIL: libmudflap.cth/pass37-frag.c (-static -DSTATIC) (rerun 19) execution test
FAIL: libmudflap.cth/pass37-frag.c (-static -DSTATIC) (rerun 19) output pattern test
FAIL: libmudflap.cth/pass39-frag.c (-static -DSTATIC) execution test
FAIL: libmudflap.cth/pass39-frag.c (-static -DSTATIC) output pattern test
FAIL: libmudflap.cth/pass39-frag.c (-static -DSTATIC) (rerun 1) execution test
FAIL: libmudflap.cth/pass39-frag.c (-static -DSTATIC) (rerun 1) output pattern test
FAIL: libmudflap.cth/pass39-frag.c (-static -DSTATIC) (rerun 2) execution test
FAIL: libmudflap.cth/pass39-frag.c (-static -DSTATIC) (rerun 2) output pattern test
FAIL: libmudflap.cth/pass39-frag.c (-static -DSTATIC) (rerun 3) execution test
FAIL: libmudflap.cth/pass39-frag.c (-static -DSTATIC) (rerun 3) output pattern test
FAIL: libmudflap.cth/pass39-frag.c (-static -DSTATIC) (rerun 4) execution test
FAIL: libmudflap.cth/pass39-frag.c (-static -DSTATIC) (rerun 4) output pattern test
FAIL: libmudflap.cth/pass39-frag.c (-static -DSTATIC) (rerun 5) execution test
FAIL: libmudflap.cth/pass39-frag.c (-static -DSTATIC) (rerun 5) output pattern test
FAIL: libmudflap.cth/pass39-frag.c (-static -DSTATIC) (rerun 6) execution test
FAIL: libmudflap.cth/pass39-frag.c (-static -DSTATIC) (rerun 6) output pattern test
FAIL: libmudflap.cth/pass39-frag.c (-static -DSTATIC) (rerun 7) execution test
FAIL: libmudflap.cth/pass39-frag.c (-static -DSTATIC) (rerun 7) output pattern test
FAIL: libmudflap.cth/pass39-frag.c (-static -DSTATIC) (rerun 8) execution test
FAIL: libmudflap.cth/pass39-frag.c (-static -DSTATIC) (rerun 8) output pattern test
FAIL: libmudflap.cth/pass39-frag.c (-static -DSTATIC) (rerun 9) execution test
FAIL: libmudflap.cth/pass39-frag.c (-static -DSTATIC) (rerun 9) output pattern test
FAIL: libmudflap.cth/pass39-frag.c (-static -DSTATIC) (rerun 10) execution test
FAIL: libmudflap.cth/pass39-frag.c (-static -DSTATIC) (rerun 10) output pattern test
FAIL: libmudflap.cth/pass39-frag.c (-static -DSTATIC) (rerun 11) execution test
FAIL: libmudflap.cth/pass39-frag.c (-static -DSTATIC) (rerun 11) output pattern test
FAIL: libmudflap.cth/pass39-frag.c (-static -DSTATIC) (rerun 12) execution test
FAIL: libmudflap.cth/pass39-frag.c (-static -DSTATIC) (rerun 12) output pattern test
FAIL: libmudflap.cth/pass39-frag.c (-static -DSTATIC) (rerun 13) execution test
FAIL: libmudflap.cth/pass39-frag.c (-static -DSTATIC) (rerun 13) output pattern test
FAIL: libmudflap.cth/pass39-frag.c (-static -DSTATIC) (rerun 14) execution test
FAIL: libmudflap.cth/pass39-frag.c (-static -DSTATIC) (rerun 14) output pattern test
FAIL: libmudflap.cth/pass39-frag.c (-static -DSTATIC) (rerun 15) execution test
FAIL: libmudflap.cth/pass39-frag.c (-static -DSTATIC) (rerun 15) output pattern test
FAIL: libmudflap.cth/pass39-frag.c (-static -DSTATIC) (rerun 16) execution test
FAIL: libmudflap.cth/pass39-frag.c (-static -DSTATIC) (rerun 16) output pattern test
FAIL: libmudflap.cth/pass39-frag.c (-static -DSTATIC) (rerun 17) execution test
FAIL: libmudflap.cth/pass39-frag.c (-static -DSTATIC) (rerun 17) output pattern test
FAIL: libmudflap.cth/pass39-frag.c (-static -DSTATIC) (rerun 18) execution test
FAIL: libmudflap.cth/pass39-frag.c (-static -DSTATIC) (rerun 18) output pattern test
FAIL: libmudflap.cth/pass39-frag.c (-static -DSTATIC) (rerun 19) execution test
FAIL: libmudflap.cth/pass39-frag.c (-static -DSTATIC) (rerun 19) output pattern test
FAIL: libmudflap.cth/pass40-frag.c (-static -DSTATIC) execution test
FAIL: libmudflap.cth/pass40-frag.c (-static -DSTATIC) output pattern test
=== libmudflap Summary for unix ===
# of expected passes 1707
# of unexpected failures 82
=== libmudflap Summary ===
# of expected passes 5121
# of unexpected failures 246
=== libstdc++ tests ===
Running target unix/-fPIC
FAIL: tr1/3_function_objects/bind/all_bound.cc (test for excess errors)
FAIL: tr1/3_function_objects/bind/nested.cc (test for excess errors)
FAIL: tr1/3_function_objects/bind/placeholders.cc (test for excess errors)
FAIL: tr1/3_function_objects/bind/ref.cc (test for excess errors)
FAIL: tr1/3_function_objects/function/1.cc (test for excess errors)
FAIL: tr1/3_function_objects/function/2.cc (test for excess errors)
FAIL: tr1/3_function_objects/function/3.cc (test for excess errors)
FAIL: tr1/3_function_objects/function/4.cc (test for excess errors)
FAIL: tr1/3_function_objects/function/5.cc (test for excess errors)
FAIL: tr1/3_function_objects/function/6.cc (test for excess errors)
FAIL: tr1/3_function_objects/function/7.cc (test for excess errors)
FAIL: tr1/3_function_objects/function/8.cc (test for excess errors)
FAIL: tr1/3_function_objects/function/9.cc (test for excess errors)
FAIL: tr1/3_function_objects/mem_fn.cc (test for excess errors)
FAIL: tr1/3_function_objects/reference_wrapper/invoke.cc (test for excess errors)
FAIL: tr1/3_function_objects/reference_wrapper/typedefs.cc (test for excess errors)
FAIL: tr1/3_function_objects/result_of.cc (test for excess errors)
FAIL: tr1/6_containers/tuple/comparison_operators/comparisons.cc (test for excess errors)
FAIL: tr1/6_containers/tuple/cons/assignment.cc (test for excess errors)
FAIL: tr1/6_containers/tuple/cons/big_tuples.cc (test for excess errors)
FAIL: tr1/6_containers/tuple/cons/constructor.cc (test for excess errors)
FAIL: tr1/6_containers/tuple/creation_functions/23978.cc (test for excess errors)
FAIL: tr1/6_containers/tuple/creation_functions/make_tuple.cc (test for excess errors)
FAIL: tr1/6_containers/tuple/creation_functions/tie.cc (test for excess errors)
FAIL: tr1/6_containers/tuple/element_access/get.cc (test for excess errors)
FAIL: tr1/6_containers/tuple/tuple_element.cc (test for excess errors)
FAIL: tr1/6_containers/tuple/tuple_size.cc (test for excess errors)
FAIL: tr1/6_containers/unordered/23781.cc (test for excess errors)
FAIL: tr1/6_containers/unordered/erase/24061-map.cc (test for excess errors)
FAIL: tr1/6_containers/unordered/erase/24061-multimap.cc (test for excess errors)
FAIL: tr1/6_containers/unordered/erase/24061-multiset.cc (test for excess errors)
FAIL: tr1/6_containers/unordered/erase/24061-set.cc (test for excess errors)
FAIL: tr1/6_containers/unordered/find/map1.cc (test for excess errors)
FAIL: tr1/6_containers/unordered/find/multimap1.cc (test for excess errors)
FAIL: tr1/6_containers/unordered/find/multiset1.cc (test for excess errors)
FAIL: tr1/6_containers/unordered/find/set1.cc (test for excess errors)
FAIL: tr1/6_containers/unordered/hashtable/23053.cc (test for excess errors)
FAIL: tr1/6_containers/unordered/hashtable/23465.cc (test for excess errors)
FAIL: tr1/6_containers/unordered/hashtable/24054.cc (test for excess errors)
FAIL: tr1/6_containers/unordered/hashtable/24064.cc (test for excess errors)
FAIL: tr1/6_containers/unordered/insert/24061-map.cc (test for excess errors)
FAIL: tr1/6_containers/unordered/insert/24061-multimap.cc (test for excess errors)
FAIL: tr1/6_containers/unordered/insert/24061-multiset.cc (test for excess errors)
FAIL: tr1/6_containers/unordered/insert/24061-set.cc (test for excess errors)
FAIL: tr1/6_containers/unordered/insert/array_syntax.cc (test for excess errors)
FAIL: tr1/6_containers/unordered/insert/map_range.cc (test for excess errors)
FAIL: tr1/6_containers/unordered/insert/map_single.cc (test for excess errors)
FAIL: tr1/6_containers/unordered/insert/multimap_range.cc (test for excess errors)
FAIL: tr1/6_containers/unordered/insert/multimap_single.cc (test for excess errors)
FAIL: tr1/6_containers/unordered/insert/multiset_range.cc (test for excess errors)
FAIL: tr1/6_containers/unordered/insert/multiset_single.cc (test for excess errors)
FAIL: tr1/6_containers/unordered/insert/set_range.cc (test for excess errors)
FAIL: tr1/6_containers/unordered/insert/set_single.cc (test for excess errors)
FAIL: tr1/6_containers/unordered/instantiate/hash.cc (test for excess errors)
FAIL: tr1/6_containers/unordered/instantiate/map.cc (test for excess errors)
FAIL: tr1/6_containers/unordered/instantiate/multimap.cc (test for excess errors)
FAIL: tr1/6_containers/unordered/instantiate/multiset.cc (test for excess errors)
FAIL: tr1/6_containers/unordered/instantiate/set.cc (test for excess errors)
FAIL: tr1/6_containers/unordered/types/map_iterator.cc (test for excess errors)
FAIL: tr1/6_containers/unordered/types/multimap_iterator.cc (test for excess errors)
FAIL: tr1/6_containers/unordered/types/multiset_iterator.cc (test for excess errors)
FAIL: tr1/6_containers/unordered/types/set_iterator.cc (test for excess errors)
=== libstdc++ Summary for unix/-fPIC ===
# of expected passes 3920
# of unexpected failures 62
# of expected failures 16
# of unsupported tests 4
Running target unix/-fpic
FAIL: tr1/3_function_objects/bind/all_bound.cc (test for excess errors)
FAIL: tr1/3_function_objects/bind/nested.cc (test for excess errors)
FAIL: tr1/3_function_objects/bind/placeholders.cc (test for excess errors)
FAIL: tr1/3_function_objects/bind/ref.cc (test for excess errors)
FAIL: tr1/3_function_objects/function/1.cc (test for excess errors)
FAIL: tr1/3_function_objects/function/2.cc (test for excess errors)
FAIL: tr1/3_function_objects/function/3.cc (test for excess errors)
FAIL: tr1/3_function_objects/function/4.cc (test for excess errors)
FAIL: tr1/3_function_objects/function/5.cc (test for excess errors)
FAIL: tr1/3_function_objects/function/6.cc (test for excess errors)
FAIL: tr1/3_function_objects/function/7.cc (test for excess errors)
FAIL: tr1/3_function_objects/function/8.cc (test for excess errors)
FAIL: tr1/3_function_objects/function/9.cc (test for excess errors)
FAIL: tr1/3_function_objects/mem_fn.cc (test for excess errors)
FAIL: tr1/3_function_objects/reference_wrapper/invoke.cc (test for excess errors)
FAIL: tr1/3_function_objects/reference_wrapper/typedefs.cc (test for excess errors)
FAIL: tr1/3_function_objects/result_of.cc (test for excess errors)
FAIL: tr1/6_containers/tuple/comparison_operators/comparisons.cc (test for excess errors)
FAIL: tr1/6_containers/tuple/cons/assignment.cc (test for excess errors)
FAIL: tr1/6_containers/tuple/cons/big_tuples.cc (test for excess errors)
FAIL: tr1/6_containers/tuple/cons/constructor.cc (test for excess errors)
FAIL: tr1/6_containers/tuple/creation_functions/23978.cc (test for excess errors)
FAIL: tr1/6_containers/tuple/creation_functions/make_tuple.cc (test for excess errors)
FAIL: tr1/6_containers/tuple/creation_functions/tie.cc (test for excess errors)
FAIL: tr1/6_containers/tuple/element_access/get.cc (test for excess errors)
FAIL: tr1/6_containers/tuple/tuple_element.cc (test for excess errors)
FAIL: tr1/6_containers/tuple/tuple_size.cc (test for excess errors)
FAIL: tr1/6_containers/unordered/23781.cc (test for excess errors)
FAIL: tr1/6_containers/unordered/erase/24061-map.cc (test for excess errors)
FAIL: tr1/6_containers/unordered/erase/24061-multimap.cc (test for excess errors)
FAIL: tr1/6_containers/unordered/erase/24061-multiset.cc (test for excess errors)
FAIL: tr1/6_containers/unordered/erase/24061-set.cc (test for excess errors)
FAIL: tr1/6_containers/unordered/find/map1.cc (test for excess errors)
FAIL: tr1/6_containers/unordered/find/multimap1.cc (test for excess errors)
FAIL: tr1/6_containers/unordered/find/multiset1.cc (test for excess errors)
FAIL: tr1/6_containers/unordered/find/set1.cc (test for excess errors)
FAIL: tr1/6_containers/unordered/hashtable/23053.cc (test for excess errors)
FAIL: tr1/6_containers/unordered/hashtable/23465.cc (test for excess errors)
FAIL: tr1/6_containers/unordered/hashtable/24054.cc (test for excess errors)
FAIL: tr1/6_containers/unordered/hashtable/24064.cc (test for excess errors)
FAIL: tr1/6_containers/unordered/insert/24061-map.cc (test for excess errors)
FAIL: tr1/6_containers/unordered/insert/24061-multimap.cc (test for excess errors)
FAIL: tr1/6_containers/unordered/insert/24061-multiset.cc (test for excess errors)
FAIL: tr1/6_containers/unordered/insert/24061-set.cc (test for excess errors)
FAIL: tr1/6_containers/unordered/insert/array_syntax.cc (test for excess errors)
FAIL: tr1/6_containers/unordered/insert/map_range.cc (test for excess errors)
FAIL: tr1/6_containers/unordered/insert/map_single.cc (test for excess errors)
FAIL: tr1/6_containers/unordered/insert/multimap_range.cc (test for excess errors)
FAIL: tr1/6_containers/unordered/insert/multimap_single.cc (test for excess errors)
FAIL: tr1/6_containers/unordered/insert/multiset_range.cc (test for excess errors)
FAIL: tr1/6_containers/unordered/insert/multiset_single.cc (test for excess errors)
FAIL: tr1/6_containers/unordered/insert/set_range.cc (test for excess errors)
FAIL: tr1/6_containers/unordered/insert/set_single.cc (test for excess errors)
FAIL: tr1/6_containers/unordered/instantiate/hash.cc (test for excess errors)
FAIL: tr1/6_containers/unordered/instantiate/map.cc (test for excess errors)
FAIL: tr1/6_containers/unordered/instantiate/multimap.cc (test for excess errors)
FAIL: tr1/6_containers/unordered/instantiate/multiset.cc (test for excess errors)
FAIL: tr1/6_containers/unordered/instantiate/set.cc (test for excess errors)
FAIL: tr1/6_containers/unordered/types/map_iterator.cc (test for excess errors)
FAIL: tr1/6_containers/unordered/types/multimap_iterator.cc (test for excess errors)
FAIL: tr1/6_containers/unordered/types/multiset_iterator.cc (test for excess errors)
FAIL: tr1/6_containers/unordered/types/set_iterator.cc (test for excess errors)
=== libstdc++ Summary for unix/-fpic ===
# of expected passes 3920
# of unexpected failures 62
# of expected failures 16
# of unsupported tests 4
Running target unix
XPASS: 26_numerics/cmath/c99_classification_macros_c.cc (test for excess errors)
FAIL: tr1/3_function_objects/bind/all_bound.cc (test for excess errors)
FAIL: tr1/3_function_objects/bind/nested.cc (test for excess errors)
FAIL: tr1/3_function_objects/bind/placeholders.cc (test for excess errors)
FAIL: tr1/3_function_objects/bind/ref.cc (test for excess errors)
FAIL: tr1/3_function_objects/function/1.cc (test for excess errors)
FAIL: tr1/3_function_objects/function/2.cc (test for excess errors)
FAIL: tr1/3_function_objects/function/3.cc (test for excess errors)
FAIL: tr1/3_function_objects/function/4.cc (test for excess errors)
FAIL: tr1/3_function_objects/function/5.cc (test for excess errors)
FAIL: tr1/3_function_objects/function/6.cc (test for excess errors)
FAIL: tr1/3_function_objects/function/7.cc (test for excess errors)
FAIL: tr1/3_function_objects/function/8.cc (test for excess errors)
FAIL: tr1/3_function_objects/function/9.cc (test for excess errors)
FAIL: tr1/3_function_objects/mem_fn.cc (test for excess errors)
FAIL: tr1/3_function_objects/reference_wrapper/invoke.cc (test for excess errors)
FAIL: tr1/3_function_objects/reference_wrapper/typedefs.cc (test for excess errors)
FAIL: tr1/3_function_objects/result_of.cc (test for excess errors)
FAIL: tr1/6_containers/tuple/comparison_operators/comparisons.cc (test for excess errors)
FAIL: tr1/6_containers/tuple/cons/assignment.cc (test for excess errors)
FAIL: tr1/6_containers/tuple/cons/big_tuples.cc (test for excess errors)
FAIL: tr1/6_containers/tuple/cons/constructor.cc (test for excess errors)
FAIL: tr1/6_containers/tuple/creation_functions/23978.cc (test for excess errors)
FAIL: tr1/6_containers/tuple/creation_functions/make_tuple.cc (test for excess errors)
FAIL: tr1/6_containers/tuple/creation_functions/tie.cc (test for excess errors)
FAIL: tr1/6_containers/tuple/element_access/get.cc (test for excess errors)
FAIL: tr1/6_containers/tuple/tuple_element.cc (test for excess errors)
FAIL: tr1/6_containers/tuple/tuple_size.cc (test for excess errors)
FAIL: tr1/6_containers/unordered/23781.cc (test for excess errors)
FAIL: tr1/6_containers/unordered/erase/24061-map.cc (test for excess errors)
FAIL: tr1/6_containers/unordered/erase/24061-multimap.cc (test for excess errors)
FAIL: tr1/6_containers/unordered/erase/24061-multiset.cc (test for excess errors)
FAIL: tr1/6_containers/unordered/erase/24061-set.cc (test for excess errors)
FAIL: tr1/6_containers/unordered/find/map1.cc (test for excess errors)
FAIL: tr1/6_containers/unordered/find/multimap1.cc (test for excess errors)
FAIL: tr1/6_containers/unordered/find/multiset1.cc (test for excess errors)
FAIL: tr1/6_containers/unordered/find/set1.cc (test for excess errors)
FAIL: tr1/6_containers/unordered/hashtable/23053.cc (test for excess errors)
FAIL: tr1/6_containers/unordered/hashtable/23465.cc (test for excess errors)
FAIL: tr1/6_containers/unordered/hashtable/24054.cc (test for excess errors)
FAIL: tr1/6_containers/unordered/hashtable/24064.cc (test for excess errors)
FAIL: tr1/6_containers/unordered/insert/24061-map.cc (test for excess errors)
FAIL: tr1/6_containers/unordered/insert/24061-multimap.cc (test for excess errors)
FAIL: tr1/6_containers/unordered/insert/24061-multiset.cc (test for excess errors)
FAIL: tr1/6_containers/unordered/insert/24061-set.cc (test for excess errors)
FAIL: tr1/6_containers/unordered/insert/array_syntax.cc (test for excess errors)
FAIL: tr1/6_containers/unordered/insert/map_range.cc (test for excess errors)
FAIL: tr1/6_containers/unordered/insert/map_single.cc (test for excess errors)
FAIL: tr1/6_containers/unordered/insert/multimap_range.cc (test for excess errors)
FAIL: tr1/6_containers/unordered/insert/multimap_single.cc (test for excess errors)
FAIL: tr1/6_containers/unordered/insert/multiset_range.cc (test for excess errors)
FAIL: tr1/6_containers/unordered/insert/multiset_single.cc (test for excess errors)
FAIL: tr1/6_containers/unordered/insert/set_range.cc (test for excess errors)
FAIL: tr1/6_containers/unordered/insert/set_single.cc (test for excess errors)
FAIL: tr1/6_containers/unordered/instantiate/hash.cc (test for excess errors)
FAIL: tr1/6_containers/unordered/instantiate/map.cc (test for excess errors)
FAIL: tr1/6_containers/unordered/instantiate/multimap.cc (test for excess errors)
FAIL: tr1/6_containers/unordered/instantiate/multiset.cc (test for excess errors)
FAIL: tr1/6_containers/unordered/instantiate/set.cc (test for excess errors)
FAIL: tr1/6_containers/unordered/types/map_iterator.cc (test for excess errors)
FAIL: tr1/6_containers/unordered/types/multimap_iterator.cc (test for excess errors)
FAIL: tr1/6_containers/unordered/types/multiset_iterator.cc (test for excess errors)
FAIL: tr1/6_containers/unordered/types/set_iterator.cc (test for excess errors)
=== libstdc++ Summary for unix ===
# of expected passes 3920
# of unexpected failures 62
# of unexpected successes 1
# of expected failures 15
# of unsupported tests 4
=== libstdc++ Summary ===
# of expected passes 11760
# of unexpected failures 186
# of unexpected successes 1
# of expected failures 47
# of unsupported tests 12
Compiler version: 4.1.0 20051014 (experimental)
Platform: i686-pc-linux-gnu
configure flags: --verbose --enable-checking=yes,rtl --enable-languages=c,c++,fortran,java,objc
More information about the Gcc-testresults
mailing list