Results for 4.0.3 20051014 (prerelease) testsuite on hppa64-hp-hpux11.11
CodeSourcery Automatic Testing System
gcc@codesourcery.com
Fri Oct 14 22:23:00 GMT 2005
LAST_UPDATED: Fri Oct 14 07:44:39 UTC 2005
Native configuration is hppa64-hp-hpux11.11
=== g++ tests ===
Running target unix
FAIL: g++.dg/template/dependent-expr1.C (test for excess errors)
FAIL: g++.dg/template/dependent-expr2.C (test for errors, line 21)
FAIL: g++.dg/template/dependent-expr2.C (test for excess errors)
=== g++ Summary ===
# of expected passes 10636
# of unexpected failures 3
# of expected failures 69
# of unsupported tests 107
/scratch/gcc/nightly-2005-10-14-4.0/hppa64-hp-hpux11.11/build_gcc/install/bin/c++ version 4.0.3 20051014 (prerelease)
=== gcc tests ===
Running target unix
FAIL: gcc.dg/20020425-1.c (test for excess errors)
FAIL: gcc.dg/20050922-1.c (test for excess errors)
WARNING: gcc.dg/20050922-1.c compilation failed to produce executable
XPASS: gcc.dg/funcorder.c scan-assembler-not link_error,%r
FAIL: gcc.dg/torture/asm-subreg-1.c -O1 (test for excess errors)
FAIL: gcc.dg/torture/asm-subreg-1.c -O2 (test for excess errors)
FAIL: gcc.dg/torture/asm-subreg-1.c -O3 -fomit-frame-pointer (test for excess errors)
FAIL: gcc.dg/torture/asm-subreg-1.c -O3 -g (test for excess errors)
FAIL: gcc.dg/torture/asm-subreg-1.c -Os (test for excess errors)
=== gcc Summary ===
# of expected passes 33833
# of unexpected failures 7
# of unexpected successes 1
# of expected failures 71
# of untested testcases 28
# of unsupported tests 528
/scratch/gcc/nightly-2005-10-14-4.0/hppa64-hp-hpux11.11/build_gcc/install/bin/gcc version 4.0.3 20051014 (prerelease)
=== libstdc++ tests ===
Running target unix
FAIL: ext/array_allocator/2.cc execution test
=== libstdc++ Summary ===
# of expected passes 3652
# of unexpected failures 1
# of expected failures 12
# of unsupported tests 19
Compiler version: 4.0.3 20051014 (prerelease)
Platform: hppa64-hp-hpux11.11
configure flags: --disable-nls --build=hppa64-hp-hpux11.11 --host=hppa64-hp-hpux11.11 --target=hppa64-hp-hpux11.11 --enable-threads=posix --disable-libmudflap --disable-libssp --with-gnu-as --with-as=/scratch/gcc/nightly-2005-10-14-4.0/hppa64-hp-hpux11.11/build_gcc/install/bin/as --without-gnu-ld --with-ld=/usr/ccs/bin/ld --prefix=/scratch/gcc/nightly-2005-10-14-4.0/hppa64-hp-hpux11.11/build_gcc/install --enable-languages=c,c++
More information about the Gcc-testresults
mailing list