Results for 3.4.5 20051011 (prerelease) testsuite on i686-pc-linux-gnu
David Kredba
kredba@math.cas.cz
Wed Oct 12 21:03:00 GMT 2005
LAST_UPDATED: Obtained from CVS: -rgcc-ss-3_4-20051011
=== acats tests ===
FAIL: c954025
FAIL: c954026
=== acats Summary ===
# of expected passes 2320
# of unexpected failures 2
Native configuration is i686-pc-linux-gnu
=== gcc tests ===
Running target unix
FAIL: gcc.c-torture/execute/va-arg-25.c execution, -Os
FAIL: gcc.dg/cleanup-8.c execution test
FAIL: gcc.dg/cleanup-9.c execution test
=== gcc Summary ===
# of expected passes 25338
# of unexpected failures 3
# of expected failures 70
# of untested testcases 7
# of unsupported tests 213
/home/dave2/gcc/gcc-3.4-20051011-obj/gcc/xgcc version 3.4.5 20051011
(prerelease)
=== g++ tests ===
Running target unix
XPASS: g++.dg/rtti/tinfo1.C scan-assembler _ZTIP9CTemplateIhE:
XPASS: g++.dg/rtti/tinfo1.C scan-assembler-not .globl[
\\t]+_ZTIP9CTemplateIhE
WARNING: g++.old-deja/g++.mike/p10769a.C compilation failed to produce
executable
WARNING: g++.old-deja/g++.other/enum5.C compilation failed to produce
executable
XPASS: g++.old-deja/g++.other/init5.C execution test
WARNING: g++.old-deja/g++.pt/friend44.C compilation failed to produce
executable
=== g++ Summary ===
# of expected passes 9932
# of unexpected successes 3
# of expected failures 69
# of unsupported tests 43
/home/dave2/gcc/gcc-3.4-20051011-obj/gcc/testsuite/../g++ version 3.4.5
20051011 (prerelease)
=== g77 tests ===
Running target unix
=== g77 Summary ===
# of expected passes 1824
/home/dave2/gcc/gcc-3.4-20051011-obj/gcc/testsuite/../g77 version 3.4.5
20051011 (prerelease)
=== objc tests ===
Running target unix
=== objc Summary ===
# of expected passes 1352
# of unsupported tests 8
/home/dave2/gcc/gcc-3.4-20051011-obj/gcc/xgcc version 3.4.5 20051011
(prerelease)
=== treelang tests ===
Running target unix
FAIL: gcc 01 01 rc!=0
=== treelang Summary ===
# of unexpected failures 1
=== libffi tests ===
Running target unix
=== libffi Summary ===
# of expected passes 212
# of unsupported tests 2
=== libjava tests ===
Running target unix
=== libjava Summary ===
# of expected passes 3271
# of expected failures 10
# of untested testcases 8
=== libstdc++ tests ===
Running target unix
FAIL: abi_check
XPASS: 22_locale/locale/cons/12658_thread.cc execution test
XPASS: 26_numerics/c99_classification_macros_c.cc (test for excess errors)
=== libstdc++ Summary ===
# of expected passes 2736
# of unexpected failures 1
# of unexpected successes 2
# of expected failures 5
Compiler version: 3.4.5 20051011 (prerelease)
Platform: i686-pc-linux-gnu
configure flags: --prefix=/home/dave2/local/gcc-3.4-20051011
--enable-shared --enable-threads=posix --enable-__cxa_atexit
--enable-nls --with-system-zlib
--enable-languages=c,ada,c++,f77,java,objc,treelang
More information about the Gcc-testresults
mailing list