Results for 4.1.0 20051011 (experimental) testsuite on sh4-unknown-linux-gnu
Kaz Kojima
kkojima@rr.iij4u.or.jp
Wed Oct 12 13:56:00 GMT 2005
Remote host: linux 2.6.12 sh4
GNU C Library version 2.3.5
LAST_UPDATED: Wed Oct 12 02:08:14 UTC 2005
Target is sh4-unknown-linux-gnu
Host is i686-pc-linux-gnu
=== g++ tests ===
Running target unix
WARNING: Assuming target board is the local machine (which is probably wrong).
FAIL: g++.dg/init/member1.C (test for excess errors)
=== g++ Summary ===
# of expected passes 11333
# of unexpected failures 1
# of expected failures 67
# of unsupported tests 109
/exp/ldroot/dodes/xsh-gcc-orig/gcc/testsuite/../g++ version 4.1.0 20051011 (experimental)
Host is i686-pc-linux-gnu
=== gcc tests ===
Running target unix
WARNING: Assuming target board is the local machine (which is probably wrong).
FAIL: gcc.c-torture/execute/builtin-prefetch-6.c execution, -O0
FAIL: gcc.c-torture/execute/builtin-prefetch-6.c execution, -O1
FAIL: gcc.c-torture/execute/builtin-prefetch-6.c execution, -O2
FAIL: gcc.c-torture/execute/builtin-prefetch-6.c execution, -O3 -fomit-frame-pointer
FAIL: gcc.c-torture/execute/builtin-prefetch-6.c execution, -O3 -fomit-frame-pointer -funroll-loops
FAIL: gcc.c-torture/execute/builtin-prefetch-6.c execution, -O3 -fomit-frame-pointer -funroll-all-loops -finline-functions
FAIL: gcc.c-torture/execute/builtin-prefetch-6.c execution, -O3 -g
FAIL: gcc.c-torture/execute/builtin-prefetch-6.c execution, -Os
WARNING: Could not execute gcc.dg/compat/struct-layout-1 generator
=== gcc Summary ===
# of expected passes 36254
# of unexpected failures 8
# of expected failures 76
# of untested testcases 28
# of unsupported tests 537
/exp/ldroot/dodes/xsh-gcc-orig/gcc/xgcc version 4.1.0 20051011 (experimental)
Host is i686-pc-linux-gnu
=== gfortran tests ===
Running target unix
WARNING: Assuming target board is the local machine (which is probably wrong).
FAIL: gfortran.dg/common_5.f -O (test for warnings, line 6)
FAIL: gfortran.fortran-torture/execute/intrinsic_rrspacing.f90 execution, -O3 -fomit-frame-pointer
FAIL: gfortran.fortran-torture/execute/intrinsic_rrspacing.f90 execution, -O3 -fomit-frame-pointer -funroll-loops
FAIL: gfortran.fortran-torture/execute/intrinsic_rrspacing.f90 execution, -O3 -fomit-frame-pointer -funroll-all-loops -finline-functions
=== gfortran Summary ===
# of expected passes 9528
# of unexpected failures 4
# of expected failures 1
# of unsupported tests 50
/exp/ldroot/dodes/xsh-gcc-orig/gcc/testsuite/../gfortran version 4.1.0 20051011 (experimental)
Host is i686-pc-linux-gnu
=== objc tests ===
Running target unix
WARNING: Assuming target board is the local machine (which is probably wrong).
=== objc Summary ===
# of expected passes 1672
# of unsupported tests 22
/exp/ldroot/dodes/xsh-gcc-orig/gcc/xgcc version 4.1.0 20051011 (experimental)
Host is sh4-unknown-linux-gnu
=== libffi tests ===
Running target unix
WARNING: Assuming target board is the local machine (which is probably wrong).
=== libffi Summary ===
# of expected passes 228
# of unsupported tests 2
Host is sh4-unknown-linux-gnu
=== libjava tests ===
Running target unix
WARNING: Assuming target board is the local machine (which is probably wrong).
FAIL: ExtraClassLoader -O3 execution - source compiled test
=== libjava Summary ===
# of expected passes 3113
# of unexpected failures 1
# of expected failures 10
# of untested testcases 11
Host is sh4-unknown-linux-gnu
=== libmudflap tests ===
Running target unix
WARNING: Assuming target board is the local machine (which is probably wrong).
=== libmudflap Summary ===
# of expected passes 1789
Host is sh4-unknown-linux-gnu
=== libstdc++ tests ===
Running target unix
WARNING: Assuming target board is the local machine (which is probably wrong).
FAIL: 22_locale/locale/cons/12658_thread-1.cc execution test
FAIL: 22_locale/locale/cons/12658_thread-2.cc execution test
FAIL: 22_locale/time_get/get_year/char/1.cc (test for excess errors)
WARNING: 22_locale/time_get/get_year/char/1.cc compilation failed to produce executable
FAIL: 22_locale/time_get/get_year/char/wrapped_env.cc (test for excess errors)
WARNING: 22_locale/time_get/get_year/char/wrapped_env.cc compilation failed to produce executable
FAIL: 22_locale/time_get/get_year/char/wrapped_locale.cc (test for excess errors)
WARNING: 22_locale/time_get/get_year/char/wrapped_locale.cc compilation failed to produce executable
FAIL: 22_locale/time_get/get_year/wchar_t/1.cc (test for excess errors)
WARNING: 22_locale/time_get/get_year/wchar_t/1.cc compilation failed to produce executable
FAIL: 22_locale/time_get/get_year/wchar_t/wrapped_env.cc (test for excess errors)
WARNING: 22_locale/time_get/get_year/wchar_t/wrapped_env.cc compilation failed to produce executable
FAIL: 22_locale/time_get/get_year/wchar_t/wrapped_locale.cc (test for excess errors)
WARNING: 22_locale/time_get/get_year/wchar_t/wrapped_locale.cc compilation failed to produce executable
XPASS: 26_numerics/cmath/c99_classification_macros_c.cc (test for excess errors)
=== libstdc++ Summary ===
# of expected passes 3967
# of unexpected failures 8
# of unexpected successes 1
# of expected failures 15
# of unsupported tests 4
Compiler version: 4.1.0 20051011 (experimental)
Platform: sh4-unknown-linux-gnu
configure flags: --host=i686-pc-linux-gnu --target=sh4-unknown-linux-gnu --enable-shared --enable-threads=posix --enable-clocale=gnu --enable-libgcj --with-ld=/usr/local/bin/sh4-unknown-linux-gnu-ld --with-sysroot=/exp/ldroot --enable-languages=c,c++,for
tran,java,objc
More information about the Gcc-testresults
mailing list