Results for 4.1.0 20051010 (experimental) testsuite on hppa2.0w-hp-hpux11.11

CodeSourcery Automatic Testing System gcc@codesourcery.com
Tue Oct 11 15:15:00 GMT 2005


LAST_UPDATED: Mon Oct 10 08:05:05 UTC 2005

Native configuration is hppa2.0w-hp-hpux11.11

		=== g++ tests ===


Running target unix

		=== g++ Summary ===

# of expected passes		11010
# of expected failures		67
# of unsupported tests		139
/scratch/gcc/nightly-2005-10-11-mainline/hppa2.0w-hp-hpux11.11/build_gcc/install/bin/c++  version 4.1.0 20051010 (experimental)

		=== gcc tests ===


Running target unix
FAIL: gcc.dg/20050922-1.c (test for excess errors)
WARNING: gcc.dg/20050922-1.c compilation failed to produce executable
FAIL: gcc.dg/torture/builtin-convert-1.c  -O1  (test for excess errors)
FAIL: gcc.dg/torture/builtin-convert-1.c  -O2  (test for excess errors)
FAIL: gcc.dg/torture/builtin-convert-1.c  -O3 -fomit-frame-pointer  (test for excess errors)
FAIL: gcc.dg/torture/builtin-convert-1.c  -O3 -g  (test for excess errors)
FAIL: gcc.dg/torture/builtin-convert-1.c  -Os  (test for excess errors)

		=== gcc Summary ===

# of expected passes		35794
# of unexpected failures	6
# of expected failures		76
# of untested testcases		28
# of unsupported tests		618
/scratch/gcc/nightly-2005-10-11-mainline/hppa2.0w-hp-hpux11.11/build_gcc/install/bin/gcc  version 4.1.0 20051010 (experimental)

		=== libstdc++ tests ===


Running target unix

		=== libstdc++ Summary ===

# of expected passes		2583
# of expected failures		13
# of unsupported tests		158

Compiler version: 4.1.0 20051010 (experimental) 
Platform: hppa2.0w-hp-hpux11.11
configure flags: --disable-nls --build=hppa2.0w-hp-hpux11.11 --host=hppa2.0w-hp-hpux11.11 --target=hppa2.0w-hp-hpux11.11 --enable-threads=posix --disable-libmudflap --disable-libssp --with-gnu-as --with-as=/scratch/gcc/nightly-2005-10-11-mainline/hppa2.0w-hp-hpux11.11/build_gcc/install/bin/as --without-gnu-ld --with-ld=/usr/ccs/bin/ld --prefix=/scratch/gcc/nightly-2005-10-11-mainline/hppa2.0w-hp-hpux11.11/build_gcc/install --enable-languages=c,c++



More information about the Gcc-testresults mailing list