Results for 4.0.3 20051010 (prerelease) testsuite on hppa64-hp-hpux11.11
John David Anglin
dave@hiauly3.hia.nrc.ca
Tue Oct 11 01:05:00 GMT 2005
LAST_UPDATED: Mon Oct 10 16:19:20 UTC 2005
Native configuration is hppa64-hp-hpux11.11
=== g++ tests ===
Running target unix
=== g++ Summary ===
# of expected passes 10595
# of expected failures 69
# of unsupported tests 106
/mnt/gnu/gcc-3.3/objdir/gcc/testsuite/../g++ version 4.0.3 20051010 (prerelease)
=== gcc tests ===
Running target unix
XPASS: gcc.dg/funcorder.c scan-assembler-not link_error,%r
FAIL: gcc.dg/torture/asm-subreg-1.c -O1 (test for excess errors)
FAIL: gcc.dg/torture/asm-subreg-1.c -O2 (test for excess errors)
FAIL: gcc.dg/torture/asm-subreg-1.c -O3 -fomit-frame-pointer (test for excess errors)
FAIL: gcc.dg/torture/asm-subreg-1.c -O3 -g (test for excess errors)
FAIL: gcc.dg/torture/asm-subreg-1.c -Os (test for excess errors)
=== gcc Summary ===
# of expected passes 33821
# of unexpected failures 5
# of unexpected successes 1
# of expected failures 71
# of untested testcases 28
# of unsupported tests 528
/mnt/gnu/gcc-3.3/objdir/gcc/xgcc version 4.0.3 20051010 (prerelease)
=== gfortran tests ===
Running target unix
FAIL: gfortran.dg/module_equivalence_1.f90 -O0 (test for excess errors)
WARNING: gfortran.dg/module_equivalence_1.f90 -O0 compilation failed to produce executable
FAIL: gfortran.dg/module_equivalence_1.f90 -O1 (test for excess errors)
WARNING: gfortran.dg/module_equivalence_1.f90 -O1 compilation failed to produce executable
FAIL: gfortran.dg/module_equivalence_1.f90 -O2 (test for excess errors)
WARNING: gfortran.dg/module_equivalence_1.f90 -O2 compilation failed to produce executable
FAIL: gfortran.dg/module_equivalence_1.f90 -O3 -fomit-frame-pointer (test for excess errors)
WARNING: gfortran.dg/module_equivalence_1.f90 -O3 -fomit-frame-pointer compilation failed to produce executable
FAIL: gfortran.dg/module_equivalence_1.f90 -O3 -fomit-frame-pointer -funroll-loops (test for excess errors)
WARNING: gfortran.dg/module_equivalence_1.f90 -O3 -fomit-frame-pointer -funroll-loops compilation failed to produce executable
FAIL: gfortran.dg/module_equivalence_1.f90 -O3 -fomit-frame-pointer -funroll-all-loops -finline-functions (test for excess errors)
WARNING: gfortran.dg/module_equivalence_1.f90 -O3 -fomit-frame-pointer -funroll-all-loops -finline-functions compilation failed to produce executable
FAIL: gfortran.dg/module_equivalence_1.f90 -O3 -g (test for excess errors)
WARNING: gfortran.dg/module_equivalence_1.f90 -O3 -g compilation failed to produce executable
FAIL: gfortran.dg/module_equivalence_1.f90 -Os (test for excess errors)
WARNING: gfortran.dg/module_equivalence_1.f90 -Os compilation failed to produce executable
=== gfortran Summary ===
# of expected passes 8225
# of unexpected failures 8
# of expected failures 1
# of unsupported tests 17
/mnt/gnu/gcc-3.3/objdir/gcc/testsuite/../gfortran version 4.0.3 20051010 (prerelease)
=== objc tests ===
Running target unix
=== objc Summary ===
# of expected passes 1534
# of unsupported tests 11
/mnt/gnu/gcc-3.3/objdir/gcc/xgcc version 4.0.3 20051010 (prerelease)
=== libstdc++ tests ===
Running target unix
FAIL: ext/array_allocator/2.cc execution test
=== libstdc++ Summary ===
# of expected passes 3652
# of unexpected failures 1
# of expected failures 12
# of unsupported tests 19
Compiler version: 4.0.3 20051010 (prerelease)
Platform: hppa64-hp-hpux11.11
configure flags: --with-gnu-as --with-as=/opt/gnu64/bin/as --with-ld=/usr/ccs/bin/ld --enable-shared --disable-nls --with-local-prefix=/opt/gnu64 --prefix=/opt/gnu64/gcc/gcc-4.0.3 --host=hppa64-hp-hpux11.11 --enable-threads=posix --disable-libmudflap --with-gmp=/opt/gnu64/gcc/gcc-4.0.3 --enable-languages=c,c++,f95,java,objc
More information about the Gcc-testresults
mailing list