Results for 4.0.2 testsuite on hppa2.0w-hp-hpux11.11
John David Anglin
dave@hiauly3.hia.nrc.ca
Sun Oct 9 02:35:00 GMT 2005
LAST_UPDATED: Mon Oct 3 01:02:03 UTC 2005
=== acats tests ===
FAIL: c393a06
FAIL: c52104k
FAIL: cc3120a
FAIL: ce3806d
FAIL: ce3806e
FAIL: ce3810a
FAIL: cxa4034
FAIL: cxaa008
FAIL: cxaa009
FAIL: cxaca01
Native configuration is hppa2.0w-hp-hpux11.11
=== g++ tests ===
Running target unix
FAIL: g++.dg/template/array14.C (test for excess errors)
=== g++ Summary ===
# of expected passes 10766
# of unexpected failures 1
# of expected failures 69
# of unsupported tests 128
/mnt/gnu/gcc-3.3/objdir/gcc/testsuite/../g++ version 4.0.2
=== gcc tests ===
Running target unix
XPASS: gcc.dg/const-elim-1.c scan-assembler-not L\\\\\$?C[^A-Z]
FAIL: gcc.dg/special/weak-1.c execution test
=== gcc Summary ===
# of expected passes 33862
# of unexpected failures 1
# of unexpected successes 1
# of expected failures 69
# of untested testcases 28
# of unsupported tests 581
/mnt/gnu/gcc-3.3/objdir/gcc/xgcc version 4.0.2
=== gfortran tests ===
Running target unix
FAIL: gfortran.dg/module_equivalence_1.f90 -O0 (test for excess errors)
WARNING: gfortran.dg/module_equivalence_1.f90 -O0 compilation failed to produce executable
FAIL: gfortran.dg/module_equivalence_1.f90 -O1 (test for excess errors)
WARNING: gfortran.dg/module_equivalence_1.f90 -O1 compilation failed to produce executable
FAIL: gfortran.dg/module_equivalence_1.f90 -O2 (test for excess errors)
WARNING: gfortran.dg/module_equivalence_1.f90 -O2 compilation failed to produce executable
FAIL: gfortran.dg/module_equivalence_1.f90 -O3 -fomit-frame-pointer (test for excess errors)
WARNING: gfortran.dg/module_equivalence_1.f90 -O3 -fomit-frame-pointer compilation failed to produce executable
FAIL: gfortran.dg/module_equivalence_1.f90 -O3 -fomit-frame-pointer -funroll-loops (test for excess errors)
WARNING: gfortran.dg/module_equivalence_1.f90 -O3 -fomit-frame-pointer -funroll-loops compilation failed to produce executable
FAIL: gfortran.dg/module_equivalence_1.f90 -O3 -fomit-frame-pointer -funroll-all-loops -finline-functions (test for excess errors)
WARNING: gfortran.dg/module_equivalence_1.f90 -O3 -fomit-frame-pointer -funroll-all-loops -finline-functions compilation failed to produce executable
FAIL: gfortran.dg/module_equivalence_1.f90 -O3 -g (test for excess errors)
WARNING: gfortran.dg/module_equivalence_1.f90 -O3 -g compilation failed to produce executable
FAIL: gfortran.dg/module_equivalence_1.f90 -Os (test for excess errors)
WARNING: gfortran.dg/module_equivalence_1.f90 -Os compilation failed to produce executable
=== gfortran Summary ===
# of expected passes 8172
# of unexpected failures 8
# of expected failures 1
# of unsupported tests 17
/mnt/gnu/gcc-3.3/objdir/gcc/testsuite/../gfortran version 4.0.2
=== objc tests ===
Running target unix
=== objc Summary ===
# of expected passes 1534
# of unsupported tests 11
/mnt/gnu/gcc-3.3/objdir/gcc/xgcc version 4.0.2
=== libstdc++ tests ===
Running target unix
=== libstdc++ Summary ===
# of expected passes 3631
# of expected failures 12
# of unsupported tests 19
Compiler version: 4.0.2
Platform: hppa2.0w-hp-hpux11.11
configure flags: --with-gnu-as --with-as=/opt/gnu/bin/as --enable-shared --disable-nls --with-local-prefix=/opt/gnu --prefix=/opt/gnu/gcc/gcc-4.0.2 --enable-debug=no --enable-threads=posix --with-gmp=/opt/gnu/gcc/gcc-4.0.2 --disable-libmudflap --disable-checking --enable-languages=c,ada,c++,f95,java,objc
More information about the Gcc-testresults
mailing list